85.208.96.208 - - [30/Apr/2026:04:27:26 -0400] "GET /29020309521.htm HTTP/1.0" 301 3700 "-" "Mozilla/5.0 (compatible; SemrushBot/7~bl; +http://www.semrush.com/bot.html)"
185.191.171.16 - - [30/Apr/2026:04:27:27 -0400] "GET /29020309521.htm HTTP/1.0" 404 34055 "-" "Mozilla/5.0 (compatible; SemrushBot/7~bl; +http://www.semrush.com/bot.html)"
85.208.96.200 - - [30/Apr/2026:04:27:28 -0400] "GET /90555329243.htm HTTP/1.0" 301 3700 "-" "Mozilla/5.0 (compatible; SemrushBot/7~bl; +http://www.semrush.com/bot.html)"
85.208.96.194 - - [30/Apr/2026:04:27:29 -0400] "GET /90555329243.htm HTTP/1.0" 404 34055 "-" "Mozilla/5.0 (compatible; SemrushBot/7~bl; +http://www.semrush.com/bot.html)"
85.208.96.200 - - [30/Apr/2026:04:27:33 -0400] "GET /4022277110.htm HTTP/1.0" 404 34055 "-" "Mozilla/5.0 (compatible; SemrushBot/7~bl; +http://www.semrush.com/bot.html)"
142.44.220.113 - - [30/Apr/2026:04:27:33 -0400] "GET /29020226850.htm HTTP/1.0" 301 3700 "-" "Mozilla/5.0 (compatible; AhrefsBot/7.0; +http://ahrefs.com/robot/)"
54.39.0.189 - - [30/Apr/2026:04:27:49 -0400] "GET /2902022619.htm HTTP/1.0" 301 3699 "-" "Mozilla/5.0 (compatible; AhrefsBot/7.0; +http://ahrefs.com/robot/)"
85.208.96.202 - - [30/Apr/2026:04:28:01 -0400] "GET /11317152452.htm HTTP/1.0" 301 3700 "-" "Mozilla/5.0 (compatible; SemrushBot/7~bl; +http://www.semrush.com/bot.html)"
85.208.96.203 - - [30/Apr/2026:04:28:01 -0400] "GET /11317152452.htm HTTP/1.0" 404 34055 "-" "Mozilla/5.0 (compatible; SemrushBot/7~bl; +http://www.semrush.com/bot.html)"
85.208.96.204 - - [30/Apr/2026:04:28:03 -0400] "GET /39056142914.htm HTTP/1.0" 301 3700 "-" "Mozilla/5.0 (compatible; SemrushBot/7~bl; +http://www.semrush.com/bot.html)"
185.191.171.16 - - [30/Apr/2026:04:28:05 -0400] "GET /39056142914.htm HTTP/1.0" 404 34055 "-" "Mozilla/5.0 (compatible; SemrushBot/7~bl; +http://www.semrush.com/bot.html)"
51.222.95.137 - - [30/Apr/2026:04:28:05 -0400] "GET /29020225955.htm HTTP/1.0" 301 3700 "-" "Mozilla/5.0 (compatible; AhrefsBot/7.0; +http://ahrefs.com/robot/)"
185.191.171.17 - - [30/Apr/2026:04:28:06 -0400] "GET /11317159705.htm HTTP/1.0" 301 3700 "-" "Mozilla/5.0 (compatible; SemrushBot/7~bl; +http://www.semrush.com/bot.html)"
85.208.96.211 - - [30/Apr/2026:04:28:07 -0400] "GET /11317159705.htm HTTP/1.0" 404 34055 "-" "Mozilla/5.0 (compatible; SemrushBot/7~bl; +http://www.semrush.com/bot.html)"
54.39.89.237 - - [30/Apr/2026:04:28:21 -0400] "GET /29020224364.htm HTTP/1.0" 301 3700 "-" "Mozilla/5.0 (compatible; AhrefsBot/7.0; +http://ahrefs.com/robot/)"
85.208.96.193 - - [30/Apr/2026:04:28:24 -0400] "GET /4022235730.htm HTTP/1.0" 404 34055 "-" "Mozilla/5.0 (compatible; SemrushBot/7~bl; +http://www.semrush.com/bot.html)"
85.208.96.197 - - [30/Apr/2026:04:28:31 -0400] "GET /39056218487.htm HTTP/1.0" 404 34055 "-" "Mozilla/5.0 (compatible; SemrushBot/7~bl; +http://www.semrush.com/bot.html)"
85.208.96.209 - - [30/Apr/2026:04:28:33 -0400] "GET /81738213139.htm HTTP/1.0" 404 34055 "-" "Mozilla/5.0 (compatible; SemrushBot/7~bl; +http://www.semrush.com/bot.html)"
185.191.171.17 - - [30/Apr/2026:04:28:34 -0400] "GET /11317209371.htm HTTP/1.0" 301 3700 "-" "Mozilla/5.0 (compatible; SemrushBot/7~bl; +http://www.semrush.com/bot.html)"
85.208.96.198 - - [30/Apr/2026:04:28:35 -0400] "GET /11317209371.htm HTTP/1.0" 404 34055 "-" "Mozilla/5.0 (compatible; SemrushBot/7~bl; +http://www.semrush.com/bot.html)"
185.191.171.4 - - [30/Apr/2026:04:28:37 -0400] "GET /40222230429.htm HTTP/1.0" 404 34055 "-" "Mozilla/5.0 (compatible; SemrushBot/7~bl; +http://www.semrush.com/bot.html)"
15.235.96.124 - - [30/Apr/2026:04:28:38 -0400] "GET /29020224187.htm HTTP/1.0" 301 3700 "-" "Mozilla/5.0 (compatible; AhrefsBot/7.0; +http://ahrefs.com/robot/)"
148.113.128.88 - - [30/Apr/2026:04:28:54 -0400] "GET /29020223352.htm HTTP/1.0" 301 3700 "-" "Mozilla/5.0 (compatible; AhrefsBot/7.0; +http://ahrefs.com/robot/)"
51.222.95.36 - - [30/Apr/2026:04:29:10 -0400] "GET /29020222940.htm HTTP/1.0" 301 3700 "-" "Mozilla/5.0 (compatible; AhrefsBot/7.0; +http://ahrefs.com/robot/)"
185.191.171.17 - - [30/Apr/2026:04:29:12 -0400] "GET /4022250104.htm HTTP/1.0" 404 34055 "-" "Mozilla/5.0 (compatible; SemrushBot/7~bl; +http://www.semrush.com/bot.html)"
85.208.96.207 - - [30/Apr/2026:04:29:14 -0400] "GET /8173819169.htm HTTP/1.0" 404 34055 "-" "Mozilla/5.0 (compatible; SemrushBot/7~bl; +http://www.semrush.com/bot.html)"
85.208.96.193 - - [30/Apr/2026:04:29:16 -0400] "GET /40222277799.htm HTTP/1.0" 404 34055 "-" "Mozilla/5.0 (compatible; SemrushBot/7~bl; +http://www.semrush.com/bot.html)"
85.208.96.193 - - [30/Apr/2026:04:29:18 -0400] "GET /90555300039.htm HTTP/1.0" 301 3700 "-" "Mozilla/5.0 (compatible; SemrushBot/7~bl; +http://www.semrush.com/bot.html)"
85.208.96.193 - - [30/Apr/2026:04:29:18 -0400] "GET /90555300039.htm HTTP/1.0" 404 34055 "-" "Mozilla/5.0 (compatible; SemrushBot/7~bl; +http://www.semrush.com/bot.html)"
185.191.171.1 - - [30/Apr/2026:04:29:19 -0400] "GET /39056122531.htm HTTP/1.0" 301 3700 "-" "Mozilla/5.0 (compatible; SemrushBot/7~bl; +http://www.semrush.com/bot.html)"
85.208.96.193 - - [30/Apr/2026:04:29:19 -0400] "GET /39056122531.htm HTTP/1.0" 404 34055 "-" "Mozilla/5.0 (compatible; SemrushBot/7~bl; +http://www.semrush.com/bot.html)"
77.75.78.164 - - [30/Apr/2026:04:29:24 -0400] "GET /sitemap760.xml HTTP/1.0" 301 3699 "-" "Mozilla/5.0 (compatible; SeznamBot/4.0; +https://o-seznam.cz/napoveda/vyhledavani/en/seznambot-crawler/)"
85.208.96.193 - - [30/Apr/2026:04:29:25 -0400] "GET /39056255088.htm HTTP/1.0" 301 3700 "-" "Mozilla/5.0 (compatible; SemrushBot/7~bl; +http://www.semrush.com/bot.html)"
85.208.96.203 - - [30/Apr/2026:04:29:25 -0400] "GET /39056255088.htm HTTP/1.0" 404 34055 "-" "Mozilla/5.0 (compatible; SemrushBot/7~bl; +http://www.semrush.com/bot.html)"
15.235.96.185 - - [30/Apr/2026:04:29:27 -0400] "GET /2902021997.htm HTTP/1.0" 301 3699 "-" "Mozilla/5.0 (compatible; AhrefsBot/7.0; +http://ahrefs.com/robot/)"
185.191.171.16 - - [30/Apr/2026:04:29:32 -0400] "GET /39056178932.htm HTTP/1.0" 301 3700 "-" "Mozilla/5.0 (compatible; SemrushBot/7~bl; +http://www.semrush.com/bot.html)"
85.208.96.207 - - [30/Apr/2026:04:29:33 -0400] "GET /39056178932.htm HTTP/1.0" 404 34055 "-" "Mozilla/5.0 (compatible; SemrushBot/7~bl; +http://www.semrush.com/bot.html)"
85.208.96.208 - - [30/Apr/2026:04:29:40 -0400] "GET /4022257384.htm HTTP/1.0" 404 34055 "-" "Mozilla/5.0 (compatible; SemrushBot/7~bl; +http://www.semrush.com/bot.html)"
85.208.96.193 - - [30/Apr/2026:04:29:41 -0400] "GET /81738195640.htm HTTP/1.0" 404 34055 "-" "Mozilla/5.0 (compatible; SemrushBot/7~bl; +http://www.semrush.com/bot.html)"
142.44.228.199 - - [30/Apr/2026:04:29:43 -0400] "GET /29020216921.htm HTTP/1.0" 301 3700 "-" "Mozilla/5.0 (compatible; AhrefsBot/7.0; +http://ahrefs.com/robot/)"
85.208.96.207 - - [30/Apr/2026:04:29:48 -0400] "GET /4022273773.htm HTTP/1.0" 404 34055 "-" "Mozilla/5.0 (compatible; SemrushBot/7~bl; +http://www.semrush.com/bot.html)"
85.208.96.203 - - [30/Apr/2026:04:29:50 -0400] "GET /4022293364.htm HTTP/1.0" 404 34055 "-" "Mozilla/5.0 (compatible; SemrushBot/7~bl; +http://www.semrush.com/bot.html)"
185.191.171.17 - - [30/Apr/2026:04:29:54 -0400] "GET /40222275633.htm HTTP/1.0" 404 34055 "-" "Mozilla/5.0 (compatible; SemrushBot/7~bl; +http://www.semrush.com/bot.html)"
148.113.128.170 - - [30/Apr/2026:04:29:58 -0400] "GET /29020216857.htm HTTP/1.0" 301 3700 "-" "Mozilla/5.0 (compatible; AhrefsBot/7.0; +http://ahrefs.com/robot/)"
177.83.18.155 - - [30/Apr/2026:04:29:51 -0400] "GET /pages.php?goods%2F109030299.html HTTP/1.0" 200 164516 "-" "Mozilla/5.0 (Windows NT 6.1; WOW64) AppleWebKit/537.36 (KHTML, like Gecko) Chrome/29.0.1547.62 Safari/537.36"
54.39.210.72 - - [30/Apr/2026:04:30:15 -0400] "GET /2902021626.htm HTTP/1.0" 301 3699 "-" "Mozilla/5.0 (compatible; AhrefsBot/7.0; +http://ahrefs.com/robot/)"
185.191.171.14 - - [30/Apr/2026:04:30:17 -0400] "GET /3905627945.htm HTTP/1.0" 301 3699 "-" "Mozilla/5.0 (compatible; SemrushBot/7~bl; +http://www.semrush.com/bot.html)"
85.208.96.209 - - [30/Apr/2026:04:30:18 -0400] "GET /3905627945.htm HTTP/1.0" 404 34055 "-" "Mozilla/5.0 (compatible; SemrushBot/7~bl; +http://www.semrush.com/bot.html)"
185.191.171.7 - - [30/Apr/2026:04:30:19 -0400] "GET /39056262034.htm HTTP/1.0" 301 3700 "-" "Mozilla/5.0 (compatible; SemrushBot/7~bl; +http://www.semrush.com/bot.html)"
185.191.171.12 - - [30/Apr/2026:04:30:19 -0400] "GET /39056262034.htm HTTP/1.0" 404 34055 "-" "Mozilla/5.0 (compatible; SemrushBot/7~bl; +http://www.semrush.com/bot.html)"
85.208.96.197 - - [30/Apr/2026:04:30:23 -0400] "GET /40222201951.htm HTTP/1.0" 404 34055 "-" "Mozilla/5.0 (compatible; SemrushBot/7~bl; +http://www.semrush.com/bot.html)"
85.208.96.212 - - [30/Apr/2026:04:30:26 -0400] "GET /9055534284.htm HTTP/1.0" 301 3699 "-" "Mozilla/5.0 (compatible; SemrushBot/7~bl; +http://www.semrush.com/bot.html)"
85.208.96.198 - - [30/Apr/2026:04:30:26 -0400] "GET /4022280902.htm HTTP/1.0" 404 34055 "-" "Mozilla/5.0 (compatible; SemrushBot/7~bl; +http://www.semrush.com/bot.html)"
185.191.171.14 - - [30/Apr/2026:04:30:30 -0400] "GET /9055534284.htm HTTP/1.0" 404 34055 "-" "Mozilla/5.0 (compatible; SemrushBot/7~bl; +http://www.semrush.com/bot.html)"
51.222.95.237 - - [30/Apr/2026:04:30:30 -0400] "GET /29020213275.htm HTTP/1.0" 301 3700 "-" "Mozilla/5.0 (compatible; AhrefsBot/7.0; +http://ahrefs.com/robot/)"
185.191.171.12 - - [30/Apr/2026:04:30:30 -0400] "GET /96848161020.htm HTTP/1.0" 301 3700 "-" "Mozilla/5.0 (compatible; SemrushBot/7~bl; +http://www.semrush.com/bot.html)"
185.191.171.7 - - [30/Apr/2026:04:30:32 -0400] "GET /4022262764.htm HTTP/1.0" 404 34055 "-" "Mozilla/5.0 (compatible; SemrushBot/7~bl; +http://www.semrush.com/bot.html)"
185.191.171.8 - - [30/Apr/2026:04:30:33 -0400] "GET /96848161020.htm HTTP/1.0" 404 34055 "-" "Mozilla/5.0 (compatible; SemrushBot/7~bl; +http://www.semrush.com/bot.html)"
85.208.96.211 - - [30/Apr/2026:04:30:37 -0400] "GET /40222243007.htm HTTP/1.0" 404 34055 "-" "Mozilla/5.0 (compatible; SemrushBot/7~bl; +http://www.semrush.com/bot.html)"
54.39.0.211 - - [30/Apr/2026:04:30:45 -0400] "GET /29020210934.htm HTTP/1.0" 301 3700 "-" "Mozilla/5.0 (compatible; AhrefsBot/7.0; +http://ahrefs.com/robot/)"
185.191.171.6 - - [30/Apr/2026:04:30:46 -0400] "GET /9055545305.htm HTTP/1.0" 301 3699 "-" "Mozilla/5.0 (compatible; SemrushBot/7~bl; +http://www.semrush.com/bot.html)"
85.208.96.204 - - [30/Apr/2026:04:30:47 -0400] "GET /9055545305.htm HTTP/1.0" 404 34055 "-" "Mozilla/5.0 (compatible; SemrushBot/7~bl; +http://www.semrush.com/bot.html)"
185.191.171.7 - - [30/Apr/2026:04:30:48 -0400] "GET /4022270502.htm HTTP/1.0" 404 34055 "-" "Mozilla/5.0 (compatible; SemrushBot/7~bl; +http://www.semrush.com/bot.html)"
185.191.171.8 - - [30/Apr/2026:04:30:49 -0400] "GET /4022297048.htm HTTP/1.0" 404 34055 "-" "Mozilla/5.0 (compatible; SemrushBot/7~bl; +http://www.semrush.com/bot.html)"
85.208.96.206 - - [30/Apr/2026:04:31:00 -0400] "GET /40222110617.htm HTTP/1.0" 301 3700 "-" "Mozilla/5.0 (compatible; SemrushBot/7~bl; +http://www.semrush.com/bot.html)"
85.208.96.199 - - [30/Apr/2026:04:31:00 -0400] "GET /40222110617.htm HTTP/1.0" 404 34055 "-" "Mozilla/5.0 (compatible; SemrushBot/7~bl; +http://www.semrush.com/bot.html)"
15.235.27.132 - - [30/Apr/2026:04:31:00 -0400] "GET /2902020973.htm HTTP/1.0" 301 3699 "-" "Mozilla/5.0 (compatible; AhrefsBot/7.0; +http://ahrefs.com/robot/)"
85.208.96.196 - - [30/Apr/2026:04:31:04 -0400] "GET /11317162563.htm HTTP/1.0" 301 3700 "-" "Mozilla/5.0 (compatible; SemrushBot/7~bl; +http://www.semrush.com/bot.html)"
185.191.171.10 - - [30/Apr/2026:04:31:04 -0400] "GET /11317162563.htm HTTP/1.0" 404 34055 "-" "Mozilla/5.0 (compatible; SemrushBot/7~bl; +http://www.semrush.com/bot.html)"
85.208.96.199 - - [30/Apr/2026:04:31:12 -0400] "GET /39056149106.htm HTTP/1.0" 301 3700 "-" "Mozilla/5.0 (compatible; SemrushBot/7~bl; +http://www.semrush.com/bot.html)"
85.208.96.196 - - [30/Apr/2026:04:31:12 -0400] "GET /39056149106.htm HTTP/1.0" 404 34055 "-" "Mozilla/5.0 (compatible; SemrushBot/7~bl; +http://www.semrush.com/bot.html)"
185.191.171.19 - - [30/Apr/2026:04:31:14 -0400] "GET /4022270959.htm HTTP/1.0" 404 34055 "-" "Mozilla/5.0 (compatible; SemrushBot/7~bl; +http://www.semrush.com/bot.html)"
85.208.96.200 - - [30/Apr/2026:04:31:14 -0400] "GET /11317101217.htm HTTP/1.0" 301 3700 "-" "Mozilla/5.0 (compatible; SemrushBot/7~bl; +http://www.semrush.com/bot.html)"
185.191.171.6 - - [30/Apr/2026:04:31:16 -0400] "GET /11317101217.htm HTTP/1.0" 404 34055 "-" "Mozilla/5.0 (compatible; SemrushBot/7~bl; +http://www.semrush.com/bot.html)"
167.114.139.149 - - [30/Apr/2026:04:31:17 -0400] "GET /29020208886.htm HTTP/1.0" 301 3700 "-" "Mozilla/5.0 (compatible; AhrefsBot/7.0; +http://ahrefs.com/robot/)"
85.208.96.196 - - [30/Apr/2026:04:31:27 -0400] "GET /96848111447.htm HTTP/1.0" 301 3700 "-" "Mozilla/5.0 (compatible; SemrushBot/7~bl; +http://www.semrush.com/bot.html)"
185.191.171.18 - - [30/Apr/2026:04:31:27 -0400] "GET /96848111447.htm HTTP/1.0" 404 34055 "-" "Mozilla/5.0 (compatible; SemrushBot/7~bl; +http://www.semrush.com/bot.html)"
142.44.233.1 - - [30/Apr/2026:04:31:32 -0400] "GET /29020205750.htm HTTP/1.0" 301 3700 "-" "Mozilla/5.0 (compatible; AhrefsBot/7.0; +http://ahrefs.com/robot/)"
85.208.96.196 - - [30/Apr/2026:04:31:33 -0400] "GET /90555311859.htm HTTP/1.0" 301 3700 "-" "Mozilla/5.0 (compatible; SemrushBot/7~bl; +http://www.semrush.com/bot.html)"
85.208.96.205 - - [30/Apr/2026:04:31:34 -0400] "GET /90555311859.htm HTTP/1.0" 404 34055 "-" "Mozilla/5.0 (compatible; SemrushBot/7~bl; +http://www.semrush.com/bot.html)"
85.208.96.201 - - [30/Apr/2026:04:31:35 -0400] "GET /39056177690.htm HTTP/1.0" 301 3700 "-" "Mozilla/5.0 (compatible; SemrushBot/7~bl; +http://www.semrush.com/bot.html)"
85.208.96.206 - - [30/Apr/2026:04:31:35 -0400] "GET /39056177690.htm HTTP/1.0" 404 34055 "-" "Mozilla/5.0 (compatible; SemrushBot/7~bl; +http://www.semrush.com/bot.html)"
85.208.96.194 - - [30/Apr/2026:04:31:37 -0400] "GET /40222286533.htm HTTP/1.0" 404 34055 "-" "Mozilla/5.0 (compatible; SemrushBot/7~bl; +http://www.semrush.com/bot.html)"
51.222.95.11 - - [30/Apr/2026:04:31:47 -0400] "GET /29020205449.htm HTTP/1.0" 301 3700 "-" "Mozilla/5.0 (compatible; AhrefsBot/7.0; +http://ahrefs.com/robot/)"
51.161.37.151 - - [30/Apr/2026:04:32:01 -0400] "GET /29020204160.htm HTTP/1.0" 301 3700 "-" "Mozilla/5.0 (compatible; AhrefsBot/7.0; +http://ahrefs.com/robot/)"
185.191.171.7 - - [30/Apr/2026:04:32:05 -0400] "GET /39056167828.htm HTTP/1.0" 301 3700 "-" "Mozilla/5.0 (compatible; SemrushBot/7~bl; +http://www.semrush.com/bot.html)"
185.191.171.16 - - [30/Apr/2026:04:32:05 -0400] "GET /39056167828.htm HTTP/1.0" 404 34055 "-" "Mozilla/5.0 (compatible; SemrushBot/7~bl; +http://www.semrush.com/bot.html)"
185.191.171.16 - - [30/Apr/2026:04:32:06 -0400] "GET /390563681.htm HTTP/1.0" 301 3698 "-" "Mozilla/5.0 (compatible; SemrushBot/7~bl; +http://www.semrush.com/bot.html)"
85.208.96.206 - - [30/Apr/2026:04:32:07 -0400] "GET /390563681.htm HTTP/1.0" 404 34055 "-" "Mozilla/5.0 (compatible; SemrushBot/7~bl; +http://www.semrush.com/bot.html)"
167.114.139.67 - - [30/Apr/2026:04:32:17 -0400] "GET /29020203996.htm HTTP/1.0" 301 3700 "-" "Mozilla/5.0 (compatible; AhrefsBot/7.0; +http://ahrefs.com/robot/)"
185.191.171.3 - - [30/Apr/2026:04:32:22 -0400] "GET /390568236.htm HTTP/1.0" 301 3698 "-" "Mozilla/5.0 (compatible; SemrushBot/7~bl; +http://www.semrush.com/bot.html)"
185.191.171.18 - - [30/Apr/2026:04:32:23 -0400] "GET /390568236.htm HTTP/1.0" 404 34055 "-" "Mozilla/5.0 (compatible; SemrushBot/7~bl; +http://www.semrush.com/bot.html)"
54.39.210.184 - - [30/Apr/2026:04:32:32 -0400] "GET /29020203675.htm HTTP/1.0" 301 3700 "-" "Mozilla/5.0 (compatible; AhrefsBot/7.0; +http://ahrefs.com/robot/)"
185.191.171.3 - - [30/Apr/2026:04:32:37 -0400] "GET /40222314130.htm HTTP/1.0" 404 34055 "-" "Mozilla/5.0 (compatible; SemrushBot/7~bl; +http://www.semrush.com/bot.html)"
185.191.171.4 - - [30/Apr/2026:04:32:40 -0400] "GET /4022255958.htm HTTP/1.0" 404 34055 "-" "Mozilla/5.0 (compatible; SemrushBot/7~bl; +http://www.semrush.com/bot.html)"
142.44.225.110 - - [30/Apr/2026:04:32:48 -0400] "GET /29020198346.htm HTTP/1.0" 301 3700 "-" "Mozilla/5.0 (compatible; AhrefsBot/7.0; +http://ahrefs.com/robot/)"
185.191.171.6 - - [30/Apr/2026:04:32:49 -0400] "GET /8173816852.htm HTTP/1.0" 404 34055 "-" "Mozilla/5.0 (compatible; SemrushBot/7~bl; +http://www.semrush.com/bot.html)"
185.191.171.4 - - [30/Apr/2026:04:32:53 -0400] "GET /4022294543.htm HTTP/1.0" 404 34055 "-" "Mozilla/5.0 (compatible; SemrushBot/7~bl; +http://www.semrush.com/bot.html)"
85.208.96.206 - - [30/Apr/2026:04:32:56 -0400] "GET /9684820130.htm HTTP/1.0" 301 3699 "-" "Mozilla/5.0 (compatible; SemrushBot/7~bl; +http://www.semrush.com/bot.html)"
185.191.171.8 - - [30/Apr/2026:04:32:56 -0400] "GET /9684820130.htm HTTP/1.0" 404 34055 "-" "Mozilla/5.0 (compatible; SemrushBot/7~bl; +http://www.semrush.com/bot.html)"
51.222.95.241 - - [30/Apr/2026:04:33:02 -0400] "GET /29020195599.htm HTTP/1.0" 301 3700 "-" "Mozilla/5.0 (compatible; AhrefsBot/7.0; +http://ahrefs.com/robot/)"
185.191.171.5 - - [30/Apr/2026:04:33:15 -0400] "GET /40222215274.htm HTTP/1.0" 404 34055 "-" "Mozilla/5.0 (compatible; SemrushBot/7~bl; +http://www.semrush.com/bot.html)"
54.39.89.111 - - [30/Apr/2026:04:33:18 -0400] "GET /29020194489.htm HTTP/1.0" 301 3700 "-" "Mozilla/5.0 (compatible; AhrefsBot/7.0; +http://ahrefs.com/robot/)"
185.191.171.10 - - [30/Apr/2026:04:33:18 -0400] "GET /390568237.htm HTTP/1.0" 301 3698 "-" "Mozilla/5.0 (compatible; SemrushBot/7~bl; +http://www.semrush.com/bot.html)"
85.208.96.195 - - [30/Apr/2026:04:33:19 -0400] "GET /390568237.htm HTTP/1.0" 404 34055 "-" "Mozilla/5.0 (compatible; SemrushBot/7~bl; +http://www.semrush.com/bot.html)"
185.191.171.5 - - [30/Apr/2026:04:33:21 -0400] "GET /4022242883.htm HTTP/1.0" 404 34055 "-" "Mozilla/5.0 (compatible; SemrushBot/7~bl; +http://www.semrush.com/bot.html)"
85.208.96.206 - - [30/Apr/2026:04:33:23 -0400] "GET /3905617256.htm HTTP/1.0" 301 3699 "-" "Mozilla/5.0 (compatible; SemrushBot/7~bl; +http://www.semrush.com/bot.html)"
185.191.171.4 - - [30/Apr/2026:04:33:23 -0400] "GET /3905617256.htm HTTP/1.0" 404 34055 "-" "Mozilla/5.0 (compatible; SemrushBot/7~bl; +http://www.semrush.com/bot.html)"
85.208.96.193 - - [30/Apr/2026:04:33:25 -0400] "GET /29020257070.htm HTTP/1.0" 301 3700 "-" "Mozilla/5.0 (compatible; SemrushBot/7~bl; +http://www.semrush.com/bot.html)"
185.191.171.11 - - [30/Apr/2026:04:33:25 -0400] "GET /29020257070.htm HTTP/1.0" 404 34055 "-" "Mozilla/5.0 (compatible; SemrushBot/7~bl; +http://www.semrush.com/bot.html)"
185.191.171.18 - - [30/Apr/2026:04:33:28 -0400] "GET /40222285100.htm HTTP/1.0" 404 34055 "-" "Mozilla/5.0 (compatible; SemrushBot/7~bl; +http://www.semrush.com/bot.html)"
54.39.0.102 - - [30/Apr/2026:04:33:35 -0400] "GET /29020193027.htm HTTP/1.0" 301 3700 "-" "Mozilla/5.0 (compatible; AhrefsBot/7.0; +http://ahrefs.com/robot/)"
85.208.96.200 - - [30/Apr/2026:04:33:38 -0400] "GET /39056287851.htm HTTP/1.0" 301 3700 "-" "Mozilla/5.0 (compatible; SemrushBot/7~bl; +http://www.semrush.com/bot.html)"
185.191.171.8 - - [30/Apr/2026:04:33:38 -0400] "GET /39056287851.htm HTTP/1.0" 404 34055 "-" "Mozilla/5.0 (compatible; SemrushBot/7~bl; +http://www.semrush.com/bot.html)"
85.208.96.204 - - [30/Apr/2026:04:33:41 -0400] "GET /40222262252.htm HTTP/1.0" 404 34055 "-" "Mozilla/5.0 (compatible; SemrushBot/7~bl; +http://www.semrush.com/bot.html)"
85.208.96.211 - - [30/Apr/2026:04:33:46 -0400] "GET /4022288674.htm HTTP/1.0" 404 34055 "-" "Mozilla/5.0 (compatible; SemrushBot/7~bl; +http://www.semrush.com/bot.html)"
185.191.171.5 - - [30/Apr/2026:04:33:48 -0400] "GET /3905680648.htm HTTP/1.0" 404 34055 "-" "Mozilla/5.0 (compatible; SemrushBot/7~bl; +http://www.semrush.com/bot.html)"
85.208.96.194 - - [30/Apr/2026:04:33:50 -0400] "GET /4022251800.htm HTTP/1.0" 404 34055 "-" "Mozilla/5.0 (compatible; SemrushBot/7~bl; +http://www.semrush.com/bot.html)"
15.235.96.184 - - [30/Apr/2026:04:33:51 -0400] "GET /2902018730.htm HTTP/1.0" 301 3699 "-" "Mozilla/5.0 (compatible; AhrefsBot/7.0; +http://ahrefs.com/robot/)"
15.235.98.100 - - [30/Apr/2026:04:34:08 -0400] "GET /2902018522.htm HTTP/1.0" 301 3699 "-" "Mozilla/5.0 (compatible; AhrefsBot/7.0; +http://ahrefs.com/robot/)"
185.191.171.2 - - [30/Apr/2026:04:34:12 -0400] "GET /4022276213.htm HTTP/1.0" 404 34055 "-" "Mozilla/5.0 (compatible; SemrushBot/7~bl; +http://www.semrush.com/bot.html)"
142.44.233.101 - - [30/Apr/2026:04:34:24 -0400] "GET /29020184151.htm HTTP/1.0" 301 3700 "-" "Mozilla/5.0 (compatible; AhrefsBot/7.0; +http://ahrefs.com/robot/)"
85.208.96.203 - - [30/Apr/2026:04:34:26 -0400] "GET /4022238790.htm HTTP/1.0" 404 34055 "-" "Mozilla/5.0 (compatible; SemrushBot/7~bl; +http://www.semrush.com/bot.html)"
185.191.171.2 - - [30/Apr/2026:04:34:28 -0400] "GET /4022286996.htm HTTP/1.0" 404 34055 "-" "Mozilla/5.0 (compatible; SemrushBot/7~bl; +http://www.semrush.com/bot.html)"
85.208.96.207 - - [30/Apr/2026:04:34:29 -0400] "GET /39056155846.htm HTTP/1.0" 301 3700 "-" "Mozilla/5.0 (compatible; SemrushBot/7~bl; +http://www.semrush.com/bot.html)"
185.191.171.18 - - [30/Apr/2026:04:34:30 -0400] "GET /39056155846.htm HTTP/1.0" 404 34055 "-" "Mozilla/5.0 (compatible; SemrushBot/7~bl; +http://www.semrush.com/bot.html)"
185.191.171.18 - - [30/Apr/2026:04:34:30 -0400] "GET /39056151574.htm HTTP/1.0" 301 3700 "-" "Mozilla/5.0 (compatible; SemrushBot/7~bl; +http://www.semrush.com/bot.html)"
85.208.96.201 - - [30/Apr/2026:04:34:31 -0400] "GET /39056151574.htm HTTP/1.0" 404 34055 "-" "Mozilla/5.0 (compatible; SemrushBot/7~bl; +http://www.semrush.com/bot.html)"
185.191.171.5 - - [30/Apr/2026:04:34:35 -0400] "GET /4022265405.htm HTTP/1.0" 404 34055 "-" "Mozilla/5.0 (compatible; SemrushBot/7~bl; +http://www.semrush.com/bot.html)"
167.114.139.140 - - [30/Apr/2026:04:34:42 -0400] "GET /29020182976.htm HTTP/1.0" 301 3700 "-" "Mozilla/5.0 (compatible; AhrefsBot/7.0; +http://ahrefs.com/robot/)"
85.208.96.202 - - [30/Apr/2026:04:34:43 -0400] "GET /40222297494.htm HTTP/1.0" 404 34055 "-" "Mozilla/5.0 (compatible; SemrushBot/7~bl; +http://www.semrush.com/bot.html)"
18.213.102.186 - - [30/Apr/2026:04:34:46 -0400] "GET /uncategorized/superstitions-and-winning-strategies-how-coolbet-casino-turns-luck-into-profit/feed/ HTTP/1.0" 200 4965 "-" "Mozilla/5.0 AppleWebKit/537.36 (KHTML, like Gecko; compatible; Amazonbot/0.1; +https://developer.amazon.com/support/amazonbot) Chrome/119.0.6045.214 Safari/537.36"
185.191.171.7 - - [30/Apr/2026:04:34:47 -0400] "GET /905559556.htm HTTP/1.0" 301 3698 "-" "Mozilla/5.0 (compatible; SemrushBot/7~bl; +http://www.semrush.com/bot.html)"
85.208.96.210 - - [30/Apr/2026:04:34:48 -0400] "GET /905559556.htm HTTP/1.0" 404 34055 "-" "Mozilla/5.0 (compatible; SemrushBot/7~bl; +http://www.semrush.com/bot.html)"
3.225.9.97 - - [30/Apr/2026:04:34:50 -0400] "GET /wp-json/oembed/1.0/embed?format=xml&url=https://www.jcorrmechanical.com/uncategorized/prelievi-istan-tanei-nei-casino-online-guida-pratica-per-ottenere-vincite-lo-stesso-giorno-in-tutta-sicurezza/ HTTP/1.0" 200 6822 "-" "Mozilla/5.0 AppleWebKit/537.36 (KHTML, like Gecko; compatible; Amazonbot/0.1; +https://developer.amazon.com/support/amazonbot) Chrome/119.0.6045.214 Safari/537.36"
185.191.171.13 - - [30/Apr/2026:04:34:50 -0400] "GET /11317158509.htm HTTP/1.0" 301 3700 "-" "Mozilla/5.0 (compatible; SemrushBot/7~bl; +http://www.semrush.com/bot.html)"
185.191.171.4 - - [30/Apr/2026:04:34:50 -0400] "GET /40222324468.htm HTTP/1.0" 404 34055 "-" "Mozilla/5.0 (compatible; SemrushBot/7~bl; +http://www.semrush.com/bot.html)"
185.191.171.16 - - [30/Apr/2026:04:34:52 -0400] "GET /11317158509.htm HTTP/1.0" 404 34055 "-" "Mozilla/5.0 (compatible; SemrushBot/7~bl; +http://www.semrush.com/bot.html)"
35.173.18.61 - - [30/Apr/2026:04:34:54 -0400] "GET /uncategorized/guia-definitiva-para-estudiantes-que-buscan-jugar-con-presupuesto-limitado-en-casino-online-3/feed/ HTTP/1.0" 200 5010 "-" "Mozilla/5.0 AppleWebKit/537.36 (KHTML, like Gecko; compatible; Amazonbot/0.1; +https://developer.amazon.com/support/amazonbot) Chrome/119.0.6045.214 Safari/537.36"
85.208.96.205 - - [30/Apr/2026:04:34:55 -0400] "GET /robots.txt HTTP/1.0" 200 3903 "-" "Mozilla/5.0 (compatible; SemrushBot/7~bl; +http://www.semrush.com/bot.html)"
185.191.171.1 - - [30/Apr/2026:04:34:55 -0400] "GET /113177110.htm HTTP/1.0" 301 3698 "-" "Mozilla/5.0 (compatible; SemrushBot/7~bl; +http://www.semrush.com/bot.html)"
185.191.171.16 - - [30/Apr/2026:04:34:56 -0400] "GET /113177110.htm HTTP/1.0" 404 34055 "-" "Mozilla/5.0 (compatible; SemrushBot/7~bl; +http://www.semrush.com/bot.html)"
51.161.37.92 - - [30/Apr/2026:04:34:58 -0400] "GET /29020182761.htm HTTP/1.0" 301 3700 "-" "Mozilla/5.0 (compatible; AhrefsBot/7.0; +http://ahrefs.com/robot/)"
52.73.6.26 - - [30/Apr/2026:04:34:59 -0400] "GET /wp-json/oembed/1.0/embed?url=https://www.jcorrmechanical.com/uncategorized/6-estrategias-probadas-para-maximizar-tus-bonos-en-casino-online-4/ HTTP/1.0" 200 6423 "-" "Mozilla/5.0 AppleWebKit/537.36 (KHTML, like Gecko; compatible; Amazonbot/0.1; +https://developer.amazon.com/support/amazonbot) Chrome/119.0.6045.214 Safari/537.36"
185.191.171.16 - - [30/Apr/2026:04:35:01 -0400] "GET /4022255862.htm HTTP/1.0" 404 34055 "-" "Mozilla/5.0 (compatible; SemrushBot/7~bl; +http://www.semrush.com/bot.html)"
167.114.139.115 - - [30/Apr/2026:04:35:12 -0400] "GET /29020182513.htm HTTP/1.0" 301 3700 "-" "Mozilla/5.0 (compatible; AhrefsBot/7.0; +http://ahrefs.com/robot/)"
185.191.171.2 - - [30/Apr/2026:04:35:16 -0400] "GET /2902062050.htm HTTP/1.0" 301 3699 "-" "Mozilla/5.0 (compatible; SemrushBot/7~bl; +http://www.semrush.com/bot.html)"
185.191.171.13 - - [30/Apr/2026:04:35:17 -0400] "GET /2902062050.htm HTTP/1.0" 404 34055 "-" "Mozilla/5.0 (compatible; SemrushBot/7~bl; +http://www.semrush.com/bot.html)"
185.191.171.11 - - [30/Apr/2026:04:35:18 -0400] "GET /40222167616.htm HTTP/1.0" 301 3700 "-" "Mozilla/5.0 (compatible; SemrushBot/7~bl; +http://www.semrush.com/bot.html)"
185.191.171.4 - - [30/Apr/2026:04:35:19 -0400] "GET /40222167616.htm HTTP/1.0" 404 34055 "-" "Mozilla/5.0 (compatible; SemrushBot/7~bl; +http://www.semrush.com/bot.html)"
185.191.171.16 - - [30/Apr/2026:04:35:24 -0400] "GET /40222134584.htm HTTP/1.0" 301 3700 "-" "Mozilla/5.0 (compatible; SemrushBot/7~bl; +http://www.semrush.com/bot.html)"
185.191.171.14 - - [30/Apr/2026:04:35:25 -0400] "GET /40222134584.htm HTTP/1.0" 404 34055 "-" "Mozilla/5.0 (compatible; SemrushBot/7~bl; +http://www.semrush.com/bot.html)"
148.113.128.110 - - [30/Apr/2026:04:35:25 -0400] "GET /29020180835.htm HTTP/1.0" 301 3700 "-" "Mozilla/5.0 (compatible; AhrefsBot/7.0; +http://ahrefs.com/robot/)"
185.191.171.16 - - [30/Apr/2026:04:35:26 -0400] "GET /9055577115.htm HTTP/1.0" 301 3699 "-" "Mozilla/5.0 (compatible; SemrushBot/7~bl; +http://www.semrush.com/bot.html)"
185.191.171.14 - - [30/Apr/2026:04:35:27 -0400] "GET /9055577115.htm HTTP/1.0" 404 34055 "-" "Mozilla/5.0 (compatible; SemrushBot/7~bl; +http://www.semrush.com/bot.html)"
185.191.171.3 - - [30/Apr/2026:04:35:29 -0400] "GET /11317117849.htm HTTP/1.0" 301 3700 "-" "Mozilla/5.0 (compatible; SemrushBot/7~bl; +http://www.semrush.com/bot.html)"
185.191.171.10 - - [30/Apr/2026:04:35:30 -0400] "GET /4022279854.htm HTTP/1.0" 404 34055 "-" "Mozilla/5.0 (compatible; SemrushBot/7~bl; +http://www.semrush.com/bot.html)"
185.191.171.10 - - [30/Apr/2026:04:35:32 -0400] "GET /11317117849.htm HTTP/1.0" 404 34055 "-" "Mozilla/5.0 (compatible; SemrushBot/7~bl; +http://www.semrush.com/bot.html)"
185.191.171.7 - - [30/Apr/2026:04:35:39 -0400] "GET /40222125050.htm HTTP/1.0" 404 34055 "-" "Mozilla/5.0 (compatible; SemrushBot/7~bl; +http://www.semrush.com/bot.html)"
54.39.89.242 - - [30/Apr/2026:04:35:39 -0400] "GET /29020180462.htm HTTP/1.0" 301 3700 "-" "Mozilla/5.0 (compatible; AhrefsBot/7.0; +http://ahrefs.com/robot/)"
185.191.171.1 - - [30/Apr/2026:04:35:45 -0400] "GET /96848293996.htm HTTP/1.0" 301 3700 "-" "Mozilla/5.0 (compatible; SemrushBot/7~bl; +http://www.semrush.com/bot.html)"
185.191.171.3 - - [30/Apr/2026:04:35:45 -0400] "GET /96848293996.htm HTTP/1.0" 404 34055 "-" "Mozilla/5.0 (compatible; SemrushBot/7~bl; +http://www.semrush.com/bot.html)"
15.235.96.169 - - [30/Apr/2026:04:35:52 -0400] "GET /29020176047.htm HTTP/1.0" 301 3700 "-" "Mozilla/5.0 (compatible; AhrefsBot/7.0; +http://ahrefs.com/robot/)"
185.191.171.10 - - [30/Apr/2026:04:35:53 -0400] "GET /39056149907.htm HTTP/1.0" 301 3700 "-" "Mozilla/5.0 (compatible; SemrushBot/7~bl; +http://www.semrush.com/bot.html)"
85.208.96.207 - - [30/Apr/2026:04:35:54 -0400] "GET /39056149907.htm HTTP/1.0" 404 34055 "-" "Mozilla/5.0 (compatible; SemrushBot/7~bl; +http://www.semrush.com/bot.html)"
142.44.220.12 - - [30/Apr/2026:04:36:06 -0400] "GET /29020174812.htm HTTP/1.0" 301 3700 "-" "Mozilla/5.0 (compatible; AhrefsBot/7.0; +http://ahrefs.com/robot/)"
185.191.171.13 - - [30/Apr/2026:04:36:06 -0400] "GET /11317205247.htm HTTP/1.0" 301 3700 "-" "Mozilla/5.0 (compatible; SemrushBot/7~bl; +http://www.semrush.com/bot.html)"
85.208.96.204 - - [30/Apr/2026:04:36:06 -0400] "GET /11317205247.htm HTTP/1.0" 404 34055 "-" "Mozilla/5.0 (compatible; SemrushBot/7~bl; +http://www.semrush.com/bot.html)"
85.208.96.194 - - [30/Apr/2026:04:36:18 -0400] "GET /39056138002.htm HTTP/1.0" 301 3700 "-" "Mozilla/5.0 (compatible; SemrushBot/7~bl; +http://www.semrush.com/bot.html)"
185.191.171.8 - - [30/Apr/2026:04:36:18 -0400] "GET /39056138002.htm HTTP/1.0" 404 34055 "-" "Mozilla/5.0 (compatible; SemrushBot/7~bl; +http://www.semrush.com/bot.html)"
51.161.65.25 - - [30/Apr/2026:04:36:19 -0400] "GET /29020173060.htm HTTP/1.0" 301 3700 "-" "Mozilla/5.0 (compatible; AhrefsBot/7.0; +http://ahrefs.com/robot/)"
51.161.37.204 - - [30/Apr/2026:04:36:32 -0400] "GET /29020171876.htm HTTP/1.0" 301 3700 "-" "Mozilla/5.0 (compatible; AhrefsBot/7.0; +http://ahrefs.com/robot/)"
89.189.64.20 - - [30/Apr/2026:04:36:32 -0400] "POST /xmlrpc.php HTTP/1.0" 200 3921 "-" "WordPress.com; https://wordpress.com"
185.191.171.13 - - [30/Apr/2026:04:36:38 -0400] "GET /4022225242.htm HTTP/1.0" 404 34055 "-" "Mozilla/5.0 (compatible; SemrushBot/7~bl; +http://www.semrush.com/bot.html)"
85.208.96.207 - - [30/Apr/2026:04:36:40 -0400] "GET /44862985.htm HTTP/1.0" 301 3697 "-" "Mozilla/5.0 (compatible; SemrushBot/7~bl; +http://www.semrush.com/bot.html)"
185.191.171.13 - - [30/Apr/2026:04:36:41 -0400] "GET /40222238315.htm HTTP/1.0" 404 34055 "-" "Mozilla/5.0 (compatible; SemrushBot/7~bl; +http://www.semrush.com/bot.html)"
89.189.64.20 - - [30/Apr/2026:04:36:42 -0400] "POST /xmlrpc.php HTTP/1.0" 200 3921 "-" "WordPress.com; https://wordpress.com"
85.208.96.202 - - [30/Apr/2026:04:36:42 -0400] "GET /44862985.htm HTTP/1.0" 404 34055 "-" "Mozilla/5.0 (compatible; SemrushBot/7~bl; +http://www.semrush.com/bot.html)"
15.235.96.140 - - [30/Apr/2026:04:36:45 -0400] "GET /29020171575.htm HTTP/1.0" 301 3700 "-" "Mozilla/5.0 (compatible; AhrefsBot/7.0; +http://ahrefs.com/robot/)"
89.189.64.20 - - [30/Apr/2026:04:36:52 -0400] "POST /xmlrpc.php HTTP/1.0" 200 3921 "-" "Jetpack/13.0; WordPress/6.3; http://site66068771.com"
15.235.96.74 - - [30/Apr/2026:04:36:59 -0400] "GET /29020171357.htm HTTP/1.0" 301 3700 "-" "Mozilla/5.0 (compatible; AhrefsBot/7.0; +http://ahrefs.com/robot/)"
89.189.64.20 - - [30/Apr/2026:04:37:03 -0400] "POST /xmlrpc.php HTTP/1.0" 200 3921 "-" "Jetpack/13.0; WordPress/6.1; http://site45592989.com"
85.208.96.211 - - [30/Apr/2026:04:37:05 -0400] "GET /4022298603.htm HTTP/1.0" 404 34055 "-" "Mozilla/5.0 (compatible; SemrushBot/7~bl; +http://www.semrush.com/bot.html)"
85.208.96.210 - - [30/Apr/2026:04:37:11 -0400] "GET /4022253634.htm HTTP/1.0" 404 34055 "-" "Mozilla/5.0 (compatible; SemrushBot/7~bl; +http://www.semrush.com/bot.html)"
54.39.203.24 - - [30/Apr/2026:04:37:12 -0400] "GET /29020170577.htm HTTP/1.0" 301 3700 "-" "Mozilla/5.0 (compatible; AhrefsBot/7.0; +http://ahrefs.com/robot/)"
89.189.64.20 - - [30/Apr/2026:04:37:14 -0400] "POST /xmlrpc.php HTTP/1.0" 200 3921 "-" "WordPress.com; https://wordpress.com"
185.191.171.13 - - [30/Apr/2026:04:37:16 -0400] "GET /robots.txt HTTP/1.0" 200 3903 "-" "Mozilla/5.0 (compatible; SemrushBot/7~bl; +http://www.semrush.com/bot.html)"
185.191.171.7 - - [30/Apr/2026:04:37:17 -0400] "GET /4022261222.htm HTTP/1.0" 404 34055 "-" "Mozilla/5.0 (compatible; SemrushBot/7~bl; +http://www.semrush.com/bot.html)"
185.191.171.19 - - [30/Apr/2026:04:37:17 -0400] "GET /11317143836.htm HTTP/1.0" 301 3700 "-" "Mozilla/5.0 (compatible; SemrushBot/7~bl; +http://www.semrush.com/bot.html)"
185.191.171.19 - - [30/Apr/2026:04:37:18 -0400] "GET /11317143836.htm HTTP/1.0" 404 34055 "-" "Mozilla/5.0 (compatible; SemrushBot/7~bl; +http://www.semrush.com/bot.html)"
185.191.171.14 - - [30/Apr/2026:04:37:21 -0400] "GET /90555304819.htm HTTP/1.0" 301 3700 "-" "Mozilla/5.0 (compatible; SemrushBot/7~bl; +http://www.semrush.com/bot.html)"
185.191.171.13 - - [30/Apr/2026:04:37:22 -0400] "GET /90555304819.htm HTTP/1.0" 404 34055 "-" "Mozilla/5.0 (compatible; SemrushBot/7~bl; +http://www.semrush.com/bot.html)"
89.189.64.20 - - [30/Apr/2026:04:37:24 -0400] "POST /xmlrpc.php HTTP/1.0" 200 3921 "-" "Jetpack/12.1; WordPress/6.1; http://site38973907.com"
54.39.6.194 - - [30/Apr/2026:04:37:25 -0400] "GET /29020170033.htm HTTP/1.0" 301 3700 "-" "Mozilla/5.0 (compatible; AhrefsBot/7.0; +http://ahrefs.com/robot/)"
85.208.96.203 - - [30/Apr/2026:04:37:29 -0400] "GET /39056149045.htm HTTP/1.0" 301 3700 "-" "Mozilla/5.0 (compatible; SemrushBot/7~bl; +http://www.semrush.com/bot.html)"
185.191.171.17 - - [30/Apr/2026:04:37:29 -0400] "GET /39056149045.htm HTTP/1.0" 404 34055 "-" "Mozilla/5.0 (compatible; SemrushBot/7~bl; +http://www.semrush.com/bot.html)"
85.208.96.210 - - [30/Apr/2026:04:37:33 -0400] "GET /4022286438.htm HTTP/1.0" 404 34055 "-" "Mozilla/5.0 (compatible; SemrushBot/7~bl; +http://www.semrush.com/bot.html)"
89.189.64.20 - - [30/Apr/2026:04:37:35 -0400] "POST /xmlrpc.php HTTP/1.0" 200 3921 "-" "Jetpack/12.1; WordPress/6.1; http://site94798949.com"
51.222.168.44 - - [30/Apr/2026:04:37:38 -0400] "GET /29020169521.htm HTTP/1.0" 301 3700 "-" "Mozilla/5.0 (compatible; AhrefsBot/7.0; +http://ahrefs.com/robot/)"
185.191.171.10 - - [30/Apr/2026:04:37:41 -0400] "GET /39056194372.htm HTTP/1.0" 301 3700 "-" "Mozilla/5.0 (compatible; SemrushBot/7~bl; +http://www.semrush.com/bot.html)"
85.208.96.210 - - [30/Apr/2026:04:37:42 -0400] "GET /39056194372.htm HTTP/1.0" 404 34055 "-" "Mozilla/5.0 (compatible; SemrushBot/7~bl; +http://www.semrush.com/bot.html)"
85.208.96.211 - - [30/Apr/2026:04:37:43 -0400] "GET /40222313393.htm HTTP/1.0" 404 34055 "-" "Mozilla/5.0 (compatible; SemrushBot/7~bl; +http://www.semrush.com/bot.html)"
85.208.96.211 - - [30/Apr/2026:04:37:45 -0400] "GET /40222318581.htm HTTP/1.0" 404 34055 "-" "Mozilla/5.0 (compatible; SemrushBot/7~bl; +http://www.semrush.com/bot.html)"
89.189.64.20 - - [30/Apr/2026:04:37:46 -0400] "POST /xmlrpc.php HTTP/1.0" 200 3921 "-" "Jetpack/12.5; WordPress/6.3; http://site76019721.com"
185.191.171.19 - - [30/Apr/2026:04:37:49 -0400] "GET /4022286910.htm HTTP/1.0" 404 34055 "-" "Mozilla/5.0 (compatible; SemrushBot/7~bl; +http://www.semrush.com/bot.html)"
185.191.171.3 - - [30/Apr/2026:04:37:52 -0400] "GET /4022233789.htm HTTP/1.0" 404 34055 "-" "Mozilla/5.0 (compatible; SemrushBot/7~bl; +http://www.semrush.com/bot.html)"
185.191.171.11 - - [30/Apr/2026:04:37:54 -0400] "GET /4022251760.htm HTTP/1.0" 404 34055 "-" "Mozilla/5.0 (compatible; SemrushBot/7~bl; +http://www.semrush.com/bot.html)"
89.189.64.20 - - [30/Apr/2026:04:37:56 -0400] "POST /xmlrpc.php HTTP/1.0" 200 3921 "-" "Jetpack by WordPress.com (Jetpack 12.5; WordPress 6.4)"
185.191.171.14 - - [30/Apr/2026:04:37:58 -0400] "GET /3905615258.htm HTTP/1.0" 301 3699 "-" "Mozilla/5.0 (compatible; SemrushBot/7~bl; +http://www.semrush.com/bot.html)"
85.208.96.208 - - [30/Apr/2026:04:37:58 -0400] "GET /3905615258.htm HTTP/1.0" 404 34055 "-" "Mozilla/5.0 (compatible; SemrushBot/7~bl; +http://www.semrush.com/bot.html)"
89.189.64.20 - - [30/Apr/2026:04:38:07 -0400] "POST /xmlrpc.php HTTP/1.0" 200 3921 "-" "Jetpack by WordPress.com (Jetpack 12.1; WordPress 6.4)"
89.189.64.20 - - [30/Apr/2026:04:38:17 -0400] "POST /xmlrpc.php HTTP/1.0" 200 3921 "-" "Jetpack/12.0; WordPress/6.3; http://site63122541.com"
185.191.171.11 - - [30/Apr/2026:04:38:26 -0400] "GET /40222242963.htm HTTP/1.0" 404 34055 "-" "Mozilla/5.0 (compatible; SemrushBot/7~bl; +http://www.semrush.com/bot.html)"
89.189.64.20 - - [30/Apr/2026:04:38:28 -0400] "POST /xmlrpc.php HTTP/1.0" 200 3921 "-" "WordPress.com; https://wordpress.com"
185.191.171.3 - - [30/Apr/2026:04:38:31 -0400] "GET /40222300739.htm HTTP/1.0" 404 34055 "-" "Mozilla/5.0 (compatible; SemrushBot/7~bl; +http://www.semrush.com/bot.html)"
185.191.171.6 - - [30/Apr/2026:04:38:33 -0400] "GET /4022236979.htm HTTP/1.0" 404 34055 "-" "Mozilla/5.0 (compatible; SemrushBot/7~bl; +http://www.semrush.com/bot.html)"
185.191.171.10 - - [30/Apr/2026:04:38:33 -0400] "GET /39056180478.htm HTTP/1.0" 301 3700 "-" "Mozilla/5.0 (compatible; SemrushBot/7~bl; +http://www.semrush.com/bot.html)"
85.208.96.198 - - [30/Apr/2026:04:38:34 -0400] "GET /39056180478.htm HTTP/1.0" 404 34055 "-" "Mozilla/5.0 (compatible; SemrushBot/7~bl; +http://www.semrush.com/bot.html)"
185.191.171.14 - - [30/Apr/2026:04:38:38 -0400] "GET /40222304099.htm HTTP/1.0" 404 34055 "-" "Mozilla/5.0 (compatible; SemrushBot/7~bl; +http://www.semrush.com/bot.html)"
185.191.171.8 - - [30/Apr/2026:04:38:38 -0400] "GET /39056260788.htm HTTP/1.0" 301 3700 "-" "Mozilla/5.0 (compatible; SemrushBot/7~bl; +http://www.semrush.com/bot.html)"
89.189.64.20 - - [30/Apr/2026:04:38:39 -0400] "POST /xmlrpc.php HTTP/1.0" 200 3921 "-" "Jetpack/13.0; WordPress/6.4; http://site55924245.com"
85.208.96.212 - - [30/Apr/2026:04:38:40 -0400] "GET /39056260788.htm HTTP/1.0" 404 34055 "-" "Mozilla/5.0 (compatible; SemrushBot/7~bl; +http://www.semrush.com/bot.html)"
185.191.171.13 - - [30/Apr/2026:04:38:47 -0400] "GET /9684812536.htm HTTP/1.0" 301 3699 "-" "Mozilla/5.0 (compatible; SemrushBot/7~bl; +http://www.semrush.com/bot.html)"
85.208.96.212 - - [30/Apr/2026:04:38:47 -0400] "GET /9684812536.htm HTTP/1.0" 404 34055 "-" "Mozilla/5.0 (compatible; SemrushBot/7~bl; +http://www.semrush.com/bot.html)"
89.189.64.20 - - [30/Apr/2026:04:38:49 -0400] "POST /xmlrpc.php HTTP/1.0" 200 3921 "-" "Jetpack by WordPress.com (Jetpack 12.5; WordPress 6.2)"
85.208.96.211 - - [30/Apr/2026:04:38:59 -0400] "GET /4022256652.htm HTTP/1.0" 404 34055 "-" "Mozilla/5.0 (compatible; SemrushBot/7~bl; +http://www.semrush.com/bot.html)"
89.189.64.20 - - [30/Apr/2026:04:39:00 -0400] "POST /xmlrpc.php HTTP/1.0" 200 3921 "-" "Jetpack/12.5; WordPress/6.2; http://site57721334.com"
185.191.171.5 - - [30/Apr/2026:04:39:01 -0400] "GET /4022296913.htm HTTP/1.0" 404 34055 "-" "Mozilla/5.0 (compatible; SemrushBot/7~bl; +http://www.semrush.com/bot.html)"
185.191.171.9 - - [30/Apr/2026:04:39:06 -0400] "GET /40222279517.htm HTTP/1.0" 404 34055 "-" "Mozilla/5.0 (compatible; SemrushBot/7~bl; +http://www.semrush.com/bot.html)"
185.191.171.14 - - [30/Apr/2026:04:39:06 -0400] "GET /11317196951.htm HTTP/1.0" 301 3700 "-" "Mozilla/5.0 (compatible; SemrushBot/7~bl; +http://www.semrush.com/bot.html)"
185.191.171.9 - - [30/Apr/2026:04:39:07 -0400] "GET /11317196951.htm HTTP/1.0" 404 34055 "-" "Mozilla/5.0 (compatible; SemrushBot/7~bl; +http://www.semrush.com/bot.html)"
89.189.64.20 - - [30/Apr/2026:04:39:10 -0400] "POST /xmlrpc.php HTTP/1.0" 200 3921 "-" "Jetpack/12.5; WordPress/6.2; http://site42650541.com"
85.208.96.212 - - [30/Apr/2026:04:39:12 -0400] "GET /9684879649.htm HTTP/1.0" 301 3699 "-" "Mozilla/5.0 (compatible; SemrushBot/7~bl; +http://www.semrush.com/bot.html)"
85.208.96.206 - - [30/Apr/2026:04:39:12 -0400] "GET /9684879649.htm HTTP/1.0" 404 34055 "-" "Mozilla/5.0 (compatible; SemrushBot/7~bl; +http://www.semrush.com/bot.html)"
185.191.171.10 - - [30/Apr/2026:04:39:18 -0400] "GET /39056125361.htm HTTP/1.0" 301 3700 "-" "Mozilla/5.0 (compatible; SemrushBot/7~bl; +http://www.semrush.com/bot.html)"
185.191.171.11 - - [30/Apr/2026:04:39:19 -0400] "GET /39056125361.htm HTTP/1.0" 404 34055 "-" "Mozilla/5.0 (compatible; SemrushBot/7~bl; +http://www.semrush.com/bot.html)"
185.191.171.16 - - [30/Apr/2026:04:39:20 -0400] "GET /40222115101.htm HTTP/1.0" 301 3700 "-" "Mozilla/5.0 (compatible; SemrushBot/7~bl; +http://www.semrush.com/bot.html)"
185.191.171.17 - - [30/Apr/2026:04:39:20 -0400] "GET /40222115101.htm HTTP/1.0" 404 34055 "-" "Mozilla/5.0 (compatible; SemrushBot/7~bl; +http://www.semrush.com/bot.html)"
89.189.64.20 - - [30/Apr/2026:04:39:21 -0400] "POST /xmlrpc.php HTTP/1.0" 200 3921 "-" "Jetpack by WordPress.com (Jetpack 12.1; WordPress 6.4)"
185.191.171.16 - - [30/Apr/2026:04:39:24 -0400] "GET /90555316141.htm HTTP/1.0" 301 3700 "-" "Mozilla/5.0 (compatible; SemrushBot/7~bl; +http://www.semrush.com/bot.html)"
185.191.171.8 - - [30/Apr/2026:04:39:25 -0400] "GET /90555316141.htm HTTP/1.0" 404 34055 "-" "Mozilla/5.0 (compatible; SemrushBot/7~bl; +http://www.semrush.com/bot.html)"
89.189.64.20 - - [30/Apr/2026:04:39:32 -0400] "POST /xmlrpc.php HTTP/1.0" 200 3921 "-" "Jetpack/12.5; WordPress/6.3; http://site99427942.com"
47.163.39.246 - - [30/Apr/2026:04:39:34 -0400] "GET /wp-login.php HTTP/1.0" 200 9158 "-" "Mozilla/5.0 (Windows NT 10.0) AppleWebKit/537.36 (KHTML, like Gecko) Chrome/52.0.2743.116 Safari/537.36 Edge/15.15063"
47.163.39.246 - - [30/Apr/2026:04:39:34 -0400] "POST /wp-login.php HTTP/1.0" 200 9643 "https://jcorrmechanical.com/wp-login.php" "Mozilla/5.0 (Windows NT 10.0) AppleWebKit/537.36 (KHTML, like Gecko) Chrome/52.0.2743.116 Safari/537.36 Edge/15.15063"
89.189.64.20 - - [30/Apr/2026:04:39:42 -0400] "POST /xmlrpc.php HTTP/1.0" 200 3921 "-" "Jetpack by WordPress.com (Jetpack 12.1; WordPress 6.4)"
85.208.96.212 - - [30/Apr/2026:04:39:42 -0400] "GET /448626606.htm HTTP/1.0" 301 3698 "-" "Mozilla/5.0 (compatible; SemrushBot/7~bl; +http://www.semrush.com/bot.html)"
185.191.171.19 - - [30/Apr/2026:04:39:43 -0400] "GET /448626606.htm HTTP/1.0" 404 34055 "-" "Mozilla/5.0 (compatible; SemrushBot/7~bl; +http://www.semrush.com/bot.html)"
185.191.171.9 - - [30/Apr/2026:04:39:45 -0400] "GET /40222194169.htm HTTP/1.0" 404 34055 "-" "Mozilla/5.0 (compatible; SemrushBot/7~bl; +http://www.semrush.com/bot.html)"
85.208.96.210 - - [30/Apr/2026:04:39:46 -0400] "GET /39056127717.htm HTTP/1.0" 301 3700 "-" "Mozilla/5.0 (compatible; SemrushBot/7~bl; +http://www.semrush.com/bot.html)"
185.191.171.5 - - [30/Apr/2026:04:39:46 -0400] "GET /40222298575.htm HTTP/1.0" 404 34055 "-" "Mozilla/5.0 (compatible; SemrushBot/7~bl; +http://www.semrush.com/bot.html)"
185.191.171.11 - - [30/Apr/2026:04:39:47 -0400] "GET /9055557968.htm HTTP/1.0" 301 3699 "-" "Mozilla/5.0 (compatible; SemrushBot/7~bl; +http://www.semrush.com/bot.html)"
85.208.96.196 - - [30/Apr/2026:04:39:48 -0400] "GET /39056127717.htm HTTP/1.0" 404 34055 "-" "Mozilla/5.0 (compatible; SemrushBot/7~bl; +http://www.semrush.com/bot.html)"
52.167.144.238 - - [30/Apr/2026:04:39:48 -0400] "GET /2025/08/ HTTP/1.0" 200 53539 "-" "Mozilla/5.0 AppleWebKit/537.36 (KHTML, like Gecko; compatible; bingbot/2.0; +http://www.bing.com/bingbot.htm) Chrome/116.0.1938.76 Safari/537.36"
85.208.96.197 - - [30/Apr/2026:04:39:49 -0400] "GET /9055557968.htm HTTP/1.0" 404 34055 "-" "Mozilla/5.0 (compatible; SemrushBot/7~bl; +http://www.semrush.com/bot.html)"
89.189.64.20 - - [30/Apr/2026:04:39:53 -0400] "POST /xmlrpc.php HTTP/1.0" 200 3921 "-" "Jetpack by WordPress.com (Jetpack 12.1; WordPress 6.4)"
89.189.64.20 - - [30/Apr/2026:04:40:03 -0400] "POST /xmlrpc.php HTTP/1.0" 200 3921 "-" "Jetpack/12.0; WordPress/6.1; http://site10722706.com"
185.191.171.13 - - [30/Apr/2026:04:40:06 -0400] "GET /11317152214.htm HTTP/1.0" 301 3700 "-" "Mozilla/5.0 (compatible; SemrushBot/7~bl; +http://www.semrush.com/bot.html)"
85.208.96.205 - - [30/Apr/2026:04:40:07 -0400] "GET /11317152214.htm HTTP/1.0" 404 34055 "-" "Mozilla/5.0 (compatible; SemrushBot/7~bl; +http://www.semrush.com/bot.html)"
185.191.171.9 - - [30/Apr/2026:04:40:10 -0400] "GET /39056135258.htm HTTP/1.0" 301 3700 "-" "Mozilla/5.0 (compatible; SemrushBot/7~bl; +http://www.semrush.com/bot.html)"
185.191.171.15 - - [30/Apr/2026:04:40:11 -0400] "GET /39056135258.htm HTTP/1.0" 404 34055 "-" "Mozilla/5.0 (compatible; SemrushBot/7~bl; +http://www.semrush.com/bot.html)"
89.189.64.20 - - [30/Apr/2026:04:40:14 -0400] "POST /xmlrpc.php HTTP/1.0" 200 3921 "-" "Jetpack by WordPress.com"
85.208.96.200 - - [30/Apr/2026:04:40:20 -0400] "GET /3905628424.htm HTTP/1.0" 301 3699 "-" "Mozilla/5.0 (compatible; SemrushBot/7~bl; +http://www.semrush.com/bot.html)"
185.191.171.17 - - [30/Apr/2026:04:40:20 -0400] "GET /3905628424.htm HTTP/1.0" 404 34055 "-" "Mozilla/5.0 (compatible; SemrushBot/7~bl; +http://www.semrush.com/bot.html)"
89.189.64.20 - - [30/Apr/2026:04:40:25 -0400] "POST /xmlrpc.php HTTP/1.0" 200 3921 "-" "Jetpack/12.0; WordPress/6.2; http://site11767953.com"
89.189.64.20 - - [30/Apr/2026:04:40:35 -0400] "POST /xmlrpc.php HTTP/1.0" 200 3921 "-" "Jetpack by WordPress.com (Jetpack 12.1; WordPress 6.4)"
185.191.171.7 - - [30/Apr/2026:04:40:38 -0400] "GET /40222183812.htm HTTP/1.0" 404 34055 "-" "Mozilla/5.0 (compatible; SemrushBot/7~bl; +http://www.semrush.com/bot.html)"
185.191.171.7 - - [30/Apr/2026:04:40:41 -0400] "GET /40222249291.htm HTTP/1.0" 404 34055 "-" "Mozilla/5.0 (compatible; SemrushBot/7~bl; +http://www.semrush.com/bot.html)"
89.189.64.20 - - [30/Apr/2026:04:40:46 -0400] "POST /xmlrpc.php HTTP/1.0" 200 3921 "-" "Jetpack by WordPress.com"
85.208.96.205 - - [30/Apr/2026:04:40:52 -0400] "GET /96848129569.htm HTTP/1.0" 301 3700 "-" "Mozilla/5.0 (compatible; SemrushBot/7~bl; +http://www.semrush.com/bot.html)"
185.191.171.1 - - [30/Apr/2026:04:40:52 -0400] "GET /96848129569.htm HTTP/1.0" 404 34055 "-" "Mozilla/5.0 (compatible; SemrushBot/7~bl; +http://www.semrush.com/bot.html)"
89.189.64.20 - - [30/Apr/2026:04:40:56 -0400] "POST /xmlrpc.php HTTP/1.0" 200 3921 "-" "Jetpack by WordPress.com"
89.189.64.20 - - [30/Apr/2026:04:41:07 -0400] "POST /xmlrpc.php HTTP/1.0" 200 3921 "-" "Jetpack by WordPress.com"
85.208.96.198 - - [30/Apr/2026:04:41:15 -0400] "GET /40222270468.htm HTTP/1.0" 404 34055 "-" "Mozilla/5.0 (compatible; SemrushBot/7~bl; +http://www.semrush.com/bot.html)"
89.189.64.20 - - [30/Apr/2026:04:41:18 -0400] "POST /xmlrpc.php HTTP/1.0" 200 3921 "-" "Jetpack by WordPress.com (Jetpack 12.5; WordPress 6.4)"
85.208.96.199 - - [30/Apr/2026:04:41:19 -0400] "GET /4022269277.htm HTTP/1.0" 404 34055 "-" "Mozilla/5.0 (compatible; SemrushBot/7~bl; +http://www.semrush.com/bot.html)"
85.208.96.199 - - [30/Apr/2026:04:41:21 -0400] "GET /39056162096.htm HTTP/1.0" 301 3700 "-" "Mozilla/5.0 (compatible; SemrushBot/7~bl; +http://www.semrush.com/bot.html)"
85.208.96.202 - - [30/Apr/2026:04:41:21 -0400] "GET /39056162096.htm HTTP/1.0" 404 34055 "-" "Mozilla/5.0 (compatible; SemrushBot/7~bl; +http://www.semrush.com/bot.html)"
89.189.64.20 - - [30/Apr/2026:04:41:28 -0400] "POST /xmlrpc.php HTTP/1.0" 200 3921 "-" "Jetpack/13.0; WordPress/6.1; http://site95658275.com"
185.191.171.14 - - [30/Apr/2026:04:41:28 -0400] "GET /81738161685.htm HTTP/1.0" 404 34055 "-" "Mozilla/5.0 (compatible; SemrushBot/7~bl; +http://www.semrush.com/bot.html)"
185.191.171.10 - - [30/Apr/2026:04:41:29 -0400] "GET /39056101954.htm HTTP/1.0" 301 3700 "-" "Mozilla/5.0 (compatible; SemrushBot/7~bl; +http://www.semrush.com/bot.html)"
85.208.96.201 - - [30/Apr/2026:04:41:30 -0400] "GET /39056101954.htm HTTP/1.0" 404 34055 "-" "Mozilla/5.0 (compatible; SemrushBot/7~bl; +http://www.semrush.com/bot.html)"
85.208.96.205 - - [30/Apr/2026:04:41:33 -0400] "GET /402221909.htm HTTP/1.0" 301 3698 "-" "Mozilla/5.0 (compatible; SemrushBot/7~bl; +http://www.semrush.com/bot.html)"
185.191.171.10 - - [30/Apr/2026:04:41:34 -0400] "GET /402221909.htm HTTP/1.0" 404 34055 "-" "Mozilla/5.0 (compatible; SemrushBot/7~bl; +http://www.semrush.com/bot.html)"
89.189.64.20 - - [30/Apr/2026:04:41:39 -0400] "POST /xmlrpc.php HTTP/1.0" 200 3921 "-" "Jetpack/12.0; WordPress/6.1; http://site82354359.com"
185.191.171.18 - - [30/Apr/2026:04:41:41 -0400] "GET /40222322567.htm HTTP/1.0" 404 34055 "-" "Mozilla/5.0 (compatible; SemrushBot/7~bl; +http://www.semrush.com/bot.html)"
185.191.171.15 - - [30/Apr/2026:04:41:49 -0400] "GET /40222231173.htm HTTP/1.0" 404 34055 "-" "Mozilla/5.0 (compatible; SemrushBot/7~bl; +http://www.semrush.com/bot.html)"
89.189.64.20 - - [30/Apr/2026:04:41:50 -0400] "POST /xmlrpc.php HTTP/1.0" 200 3921 "-" "Jetpack by WordPress.com (Jetpack 12.0; WordPress 6.2)"
185.191.171.14 - - [30/Apr/2026:04:41:52 -0400] "GET /40222236033.htm HTTP/1.0" 404 34055 "-" "Mozilla/5.0 (compatible; SemrushBot/7~bl; +http://www.semrush.com/bot.html)"
185.191.171.5 - - [30/Apr/2026:04:41:52 -0400] "GET /39056149564.htm HTTP/1.0" 301 3700 "-" "Mozilla/5.0 (compatible; SemrushBot/7~bl; +http://www.semrush.com/bot.html)"
85.208.96.206 - - [30/Apr/2026:04:41:54 -0400] "GET /4022278962.htm HTTP/1.0" 404 34055 "-" "Mozilla/5.0 (compatible; SemrushBot/7~bl; +http://www.semrush.com/bot.html)"
85.208.96.207 - - [30/Apr/2026:04:41:55 -0400] "GET /39056149564.htm HTTP/1.0" 404 34055 "-" "Mozilla/5.0 (compatible; SemrushBot/7~bl; +http://www.semrush.com/bot.html)"
89.189.64.20 - - [30/Apr/2026:04:42:00 -0400] "POST /xmlrpc.php HTTP/1.0" 200 3921 "-" "Jetpack by WordPress.com"
185.191.171.5 - - [30/Apr/2026:04:42:06 -0400] "GET /4022274237.htm HTTP/1.0" 404 34055 "-" "Mozilla/5.0 (compatible; SemrushBot/7~bl; +http://www.semrush.com/bot.html)"
51.222.168.135 - - [30/Apr/2026:04:42:10 -0400] "GET /3905612992.htm HTTP/1.0" 301 3699 "-" "Mozilla/5.0 (compatible; AhrefsBot/7.0; +http://ahrefs.com/robot/)"
85.208.96.205 - - [30/Apr/2026:04:42:10 -0400] "GET /3905666937.htm HTTP/1.0" 404 34055 "-" "Mozilla/5.0 (compatible; SemrushBot/7~bl; +http://www.semrush.com/bot.html)"
89.189.64.20 - - [30/Apr/2026:04:42:11 -0400] "POST /xmlrpc.php HTTP/1.0" 200 3921 "-" "Jetpack by WordPress.com"
