167.71.81.114 - - [30/Apr/2026:06:12:46 -0400] "GET /swagger.json HTTP/1.0" 404 34055 "-" "Mozilla/5.0 (l9scan/2.0.832323e2035313e2830323e24373; +https://leakix.net)"
167.71.81.114 - - [30/Apr/2026:06:12:46 -0400] "GET /swagger/v1/swagger.json HTTP/1.0" 404 34055 "-" "Mozilla/5.0 (l9scan/2.0.832323e2035313e2830323e24373; +https://leakix.net)"
167.71.81.114 - - [30/Apr/2026:06:12:48 -0400] "GET /v2/api-docs HTTP/1.0" 404 34055 "-" "Mozilla/5.0 (l9scan/2.0.832323e2035313e2830323e24373; +https://leakix.net)"
167.71.81.114 - - [30/Apr/2026:06:12:48 -0400] "GET /v3/api-docs HTTP/1.0" 404 34055 "-" "Mozilla/5.0 (l9scan/2.0.832323e2035313e2830323e24373; +https://leakix.net)"
167.71.81.114 - - [30/Apr/2026:06:12:49 -0400] "GET /api-docs/swagger.json HTTP/1.0" 404 34055 "-" "Mozilla/5.0 (l9scan/2.0.832323e2035313e2830323e24373; +https://leakix.net)"
85.208.96.198 - - [30/Apr/2026:06:12:50 -0400] "GET /4022266763.htm HTTP/1.0" 404 34055 "-" "Mozilla/5.0 (compatible; SemrushBot/7~bl; +http://www.semrush.com/bot.html)"
167.71.81.114 - - [30/Apr/2026:06:12:50 -0400] "GET /api/swagger.json HTTP/1.0" 404 34055 "-" "Mozilla/5.0 (l9scan/2.0.832323e2035313e2830323e24373; +https://leakix.net)"
185.191.171.1 - - [30/Apr/2026:06:12:51 -0400] "GET /4022255335.htm HTTP/1.0" 404 34055 "-" "Mozilla/5.0 (compatible; SemrushBot/7~bl; +http://www.semrush.com/bot.html)"
167.71.81.114 - - [30/Apr/2026:06:12:51 -0400] "GET /trace.axd HTTP/1.0" 404 34055 "-" "Mozilla/5.0 (l9scan/2.0.832323e2035313e2830323e24373; +https://leakix.net)"
167.71.81.114 - - [30/Apr/2026:06:12:52 -0400] "GET /@vite/env HTTP/1.0" 404 34055 "-" "Mozilla/5.0 (l9scan/2.0.832323e2035313e2830323e24373; +https://leakix.net)"
85.208.96.194 - - [30/Apr/2026:06:12:53 -0400] "GET /39056147523.htm HTTP/1.0" 301 3700 "-" "Mozilla/5.0 (compatible; SemrushBot/7~bl; +http://www.semrush.com/bot.html)"
85.208.96.208 - - [30/Apr/2026:06:12:53 -0400] "GET /39056147523.htm HTTP/1.0" 404 34055 "-" "Mozilla/5.0 (compatible; SemrushBot/7~bl; +http://www.semrush.com/bot.html)"
167.71.81.114 - - [30/Apr/2026:06:12:54 -0400] "GET /.vscode/sftp.json HTTP/1.0" 404 34055 "-" "Mozilla/5.0 (l9scan/2.0.832323e2035313e2830323e24373; +https://leakix.net)"
185.191.171.3 - - [30/Apr/2026:06:12:54 -0400] "GET /90555311455.htm HTTP/1.0" 301 3700 "-" "Mozilla/5.0 (compatible; SemrushBot/7~bl; +http://www.semrush.com/bot.html)"
85.208.96.205 - - [30/Apr/2026:06:12:54 -0400] "GET /90555311455.htm HTTP/1.0" 404 34055 "-" "Mozilla/5.0 (compatible; SemrushBot/7~bl; +http://www.semrush.com/bot.html)"
167.71.81.114 - - [30/Apr/2026:06:12:54 -0400] "OPTIONS / HTTP/1.0" 200 44521 "-" "Mozilla/5.0 (l9scan/2.0.832323e2035313e2830323e24373; +https://leakix.net)"
167.71.81.114 - - [30/Apr/2026:06:12:56 -0400] "GET /?rest_route=/wp/v2/users/ HTTP/1.0" 200 5444 "-" "Mozilla/5.0 (l9scan/2.0.832323e2035313e2830323e24373; +https://leakix.net)"
167.71.81.114 - - [30/Apr/2026:06:12:56 -0400] "GET /debug/default/view?panel=config HTTP/1.0" 404 34055 "-" "Mozilla/5.0 (l9scan/2.0.832323e2035313e2830323e24373; +https://leakix.net)"
85.208.96.203 - - [30/Apr/2026:06:12:58 -0400] "GET /39056276653.htm HTTP/1.0" 301 3700 "-" "Mozilla/5.0 (compatible; SemrushBot/7~bl; +http://www.semrush.com/bot.html)"
85.208.96.199 - - [30/Apr/2026:06:12:58 -0400] "GET /39056276653.htm HTTP/1.0" 404 34055 "-" "Mozilla/5.0 (compatible; SemrushBot/7~bl; +http://www.semrush.com/bot.html)"
85.208.96.204 - - [30/Apr/2026:06:12:59 -0400] "GET /39056158599.htm HTTP/1.0" 301 3700 "-" "Mozilla/5.0 (compatible; SemrushBot/7~bl; +http://www.semrush.com/bot.html)"
85.208.98.19 - - [30/Apr/2026:06:13:00 -0400] "GET /90555187825.htm HTTP/1.0" 301 3700 "-" "Mozilla/5.0 (compatible; SemrushBot-BA; +http://www.semrush.com/bot.html)"
85.208.96.199 - - [30/Apr/2026:06:13:00 -0400] "GET /39056158599.htm HTTP/1.0" 404 34055 "-" "Mozilla/5.0 (compatible; SemrushBot/7~bl; +http://www.semrush.com/bot.html)"
85.208.98.19 - - [30/Apr/2026:06:13:00 -0400] "GET /90555187825.htm HTTP/1.0" 404 34055 "https://jcorrmechanical.com/90555187825.htm" "Mozilla/5.0 (compatible; SemrushBot-BA; +http://www.semrush.com/bot.html)"
85.208.96.208 - - [30/Apr/2026:06:13:01 -0400] "GET /11317133916.htm HTTP/1.0" 301 3700 "-" "Mozilla/5.0 (compatible; SemrushBot/7~bl; +http://www.semrush.com/bot.html)"
185.191.171.19 - - [30/Apr/2026:06:13:01 -0400] "GET /robots.txt HTTP/1.0" 200 3903 "-" "Mozilla/5.0 (compatible; SemrushBot/7~bl; +http://www.semrush.com/bot.html)"
15.235.27.95 - - [30/Apr/2026:06:13:02 -0400] "GET /40222173459.htm HTTP/1.0" 301 3700 "-" "Mozilla/5.0 (compatible; AhrefsBot/7.0; +http://ahrefs.com/robot/)"
85.208.96.207 - - [30/Apr/2026:06:13:02 -0400] "GET /11317133916.htm HTTP/1.0" 404 34055 "-" "Mozilla/5.0 (compatible; SemrushBot/7~bl; +http://www.semrush.com/bot.html)"
185.191.171.13 - - [30/Apr/2026:06:13:07 -0400] "GET /4022261771.htm HTTP/1.0" 404 34055 "-" "Mozilla/5.0 (compatible; SemrushBot/7~bl; +http://www.semrush.com/bot.html)"
85.208.96.209 - - [30/Apr/2026:06:13:09 -0400] "GET /3905657855.htm HTTP/1.0" 404 34055 "-" "Mozilla/5.0 (compatible; SemrushBot/7~bl; +http://www.semrush.com/bot.html)"
85.208.98.16 - - [30/Apr/2026:06:13:10 -0400] "GET /90555218170.htm HTTP/1.0" 301 3700 "-" "Mozilla/5.0 (compatible; SemrushBot-BA; +http://www.semrush.com/bot.html)"
85.208.98.16 - - [30/Apr/2026:06:13:10 -0400] "GET /90555218170.htm HTTP/1.0" 404 34055 "https://jcorrmechanical.com/90555218170.htm" "Mozilla/5.0 (compatible; SemrushBot-BA; +http://www.semrush.com/bot.html)"
185.191.171.5 - - [30/Apr/2026:06:13:12 -0400] "GET /39056114839.htm HTTP/1.0" 301 3700 "-" "Mozilla/5.0 (compatible; SemrushBot/7~bl; +http://www.semrush.com/bot.html)"
85.208.96.210 - - [30/Apr/2026:06:13:12 -0400] "GET /39056114839.htm HTTP/1.0" 404 34055 "-" "Mozilla/5.0 (compatible; SemrushBot/7~bl; +http://www.semrush.com/bot.html)"
185.191.171.16 - - [30/Apr/2026:06:13:14 -0400] "GET /4022271189.htm HTTP/1.0" 404 34055 "-" "Mozilla/5.0 (compatible; SemrushBot/7~bl; +http://www.semrush.com/bot.html)"
185.191.171.1 - - [30/Apr/2026:06:13:33 -0400] "GET /40222326817.htm HTTP/1.0" 404 34055 "-" "Mozilla/5.0 (compatible; SemrushBot/7~bl; +http://www.semrush.com/bot.html)"
73.141.9.173 - - [30/Apr/2026:06:13:34 -0400] "GET /3905675315.htm HTTP/1.0" 301 3699 "-" "Mozilla/5.0 (Macintosh; Intel Mac OS X 10_15_7) AppleWebKit/537.36 (KHTML, like Gecko) Chrome/119.0.0.0 Safari/537.36"
76.136.114.247 - - [30/Apr/2026:06:13:35 -0400] "GET /3905675315.htm HTTP/1.0" 404 34055 "-" "Mozilla/5.0 (Macintosh; Intel Mac OS X 10_15_7) AppleWebKit/537.36 (KHTML, like Gecko) Chrome/119.0.0.0 Safari/537.36"
185.191.171.6 - - [30/Apr/2026:06:13:40 -0400] "GET /40222118632.htm HTTP/1.0" 404 34055 "-" "Mozilla/5.0 (compatible; SemrushBot/7~bl; +http://www.semrush.com/bot.html)"
70.170.195.22 - - [30/Apr/2026:06:13:44 -0400] "GET /1131745724.htm HTTP/1.0" 301 3699 "-" "Mozilla/5.0 (Macintosh; Intel Mac OS X 10_15_7) AppleWebKit/537.36 (KHTML, like Gecko) Chrome/136.0.0.0 Safari/537.36"
85.208.96.207 - - [30/Apr/2026:06:13:45 -0400] "GET /40222151547.htm HTTP/1.0" 301 3700 "-" "Mozilla/5.0 (compatible; SemrushBot/7~bl; +http://www.semrush.com/bot.html)"
75.155.84.101 - - [30/Apr/2026:06:13:46 -0400] "GET /1131745724.htm HTTP/1.0" 404 34055 "-" "Mozilla/5.0 (Macintosh; Intel Mac OS X 10_15_7) AppleWebKit/537.36 (KHTML, like Gecko) Chrome/136.0.0.0 Safari/537.36"
85.208.96.210 - - [30/Apr/2026:06:13:47 -0400] "GET /40222151547.htm HTTP/1.0" 404 34055 "-" "Mozilla/5.0 (compatible; SemrushBot/7~bl; +http://www.semrush.com/bot.html)"
85.208.96.207 - - [30/Apr/2026:06:13:47 -0400] "GET /9055571571.htm HTTP/1.0" 301 3699 "-" "Mozilla/5.0 (compatible; SemrushBot/7~bl; +http://www.semrush.com/bot.html)"
85.208.98.22 - - [30/Apr/2026:06:13:49 -0400] "GET /90555196461.htm HTTP/1.0" 301 3700 "-" "Mozilla/5.0 (compatible; SemrushBot-BA; +http://www.semrush.com/bot.html)"
85.208.98.22 - - [30/Apr/2026:06:13:50 -0400] "GET /90555196461.htm HTTP/1.0" 404 34055 "https://jcorrmechanical.com/90555196461.htm" "Mozilla/5.0 (compatible; SemrushBot-BA; +http://www.semrush.com/bot.html)"
85.208.96.206 - - [30/Apr/2026:06:13:50 -0400] "GET /4022271836.htm HTTP/1.0" 404 34055 "-" "Mozilla/5.0 (compatible; SemrushBot/7~bl; +http://www.semrush.com/bot.html)"
185.191.171.16 - - [30/Apr/2026:06:13:52 -0400] "GET /9055571571.htm HTTP/1.0" 404 34055 "-" "Mozilla/5.0 (compatible; SemrushBot/7~bl; +http://www.semrush.com/bot.html)"
167.114.139.229 - - [30/Apr/2026:06:13:59 -0400] "GET /40222113082.htm HTTP/1.0" 301 3700 "-" "Mozilla/5.0 (compatible; AhrefsBot/7.0; +http://ahrefs.com/robot/)"
85.208.98.24 - - [30/Apr/2026:06:14:02 -0400] "GET /90555239005.htm HTTP/1.0" 301 3700 "-" "Mozilla/5.0 (compatible; SemrushBot-BA; +http://www.semrush.com/bot.html)"
85.208.98.24 - - [30/Apr/2026:06:14:02 -0400] "GET /90555239005.htm HTTP/1.0" 404 34055 "https://jcorrmechanical.com/90555239005.htm" "Mozilla/5.0 (compatible; SemrushBot-BA; +http://www.semrush.com/bot.html)"
85.208.98.16 - - [30/Apr/2026:06:14:10 -0400] "GET /90555238124.htm HTTP/1.0" 301 3700 "-" "Mozilla/5.0 (compatible; SemrushBot-BA; +http://www.semrush.com/bot.html)"
85.208.98.16 - - [30/Apr/2026:06:14:10 -0400] "GET /90555238124.htm HTTP/1.0" 404 34055 "https://jcorrmechanical.com/90555238124.htm" "Mozilla/5.0 (compatible; SemrushBot-BA; +http://www.semrush.com/bot.html)"
185.191.171.7 - - [30/Apr/2026:06:14:14 -0400] "GET /11317205753.htm HTTP/1.0" 301 3700 "-" "Mozilla/5.0 (compatible; SemrushBot/7~bl; +http://www.semrush.com/bot.html)"
85.208.96.203 - - [30/Apr/2026:06:14:14 -0400] "GET /40222278607.htm HTTP/1.0" 404 34055 "-" "Mozilla/5.0 (compatible; SemrushBot/7~bl; +http://www.semrush.com/bot.html)"
85.208.96.205 - - [30/Apr/2026:06:14:15 -0400] "GET /11317205753.htm HTTP/1.0" 404 34055 "-" "Mozilla/5.0 (compatible; SemrushBot/7~bl; +http://www.semrush.com/bot.html)"
185.191.171.18 - - [30/Apr/2026:06:14:27 -0400] "GET /9055529842.htm HTTP/1.0" 301 3699 "-" "Mozilla/5.0 (compatible; SemrushBot/7~bl; +http://www.semrush.com/bot.html)"
85.208.96.199 - - [30/Apr/2026:06:14:27 -0400] "GET /9055529842.htm HTTP/1.0" 404 34055 "-" "Mozilla/5.0 (compatible; SemrushBot/7~bl; +http://www.semrush.com/bot.html)"
85.208.96.206 - - [30/Apr/2026:06:14:40 -0400] "GET /39056136037.htm HTTP/1.0" 301 3700 "-" "Mozilla/5.0 (compatible; SemrushBot/7~bl; +http://www.semrush.com/bot.html)"
185.191.171.11 - - [30/Apr/2026:06:14:40 -0400] "GET /39056136037.htm HTTP/1.0" 404 34055 "-" "Mozilla/5.0 (compatible; SemrushBot/7~bl; +http://www.semrush.com/bot.html)"
85.208.98.31 - - [30/Apr/2026:06:14:41 -0400] "GET /90555192423.htm HTTP/1.0" 301 3700 "-" "Mozilla/5.0 (compatible; SemrushBot-BA; +http://www.semrush.com/bot.html)"
85.208.98.31 - - [30/Apr/2026:06:14:41 -0400] "GET /90555192423.htm HTTP/1.0" 404 34055 "https://jcorrmechanical.com/90555192423.htm" "Mozilla/5.0 (compatible; SemrushBot-BA; +http://www.semrush.com/bot.html)"
50.66.136.135 - - [30/Apr/2026:06:14:41 -0400] "GET /96848198847.htm HTTP/1.0" 301 3700 "-" "Mozilla/5.0 (Windows NT 10.0; Win64; x64) AppleWebKit/537.36 (KHTML, like Gecko) Chrome/107.0.0.0 Safari/537.36"
85.208.96.210 - - [30/Apr/2026:06:14:41 -0400] "GET /39056100910.htm HTTP/1.0" 301 3700 "-" "Mozilla/5.0 (compatible; SemrushBot/7~bl; +http://www.semrush.com/bot.html)"
185.191.171.9 - - [30/Apr/2026:06:14:42 -0400] "GET /39056100910.htm HTTP/1.0" 404 34055 "-" "Mozilla/5.0 (compatible; SemrushBot/7~bl; +http://www.semrush.com/bot.html)"
172.58.210.216 - - [30/Apr/2026:06:14:43 -0400] "GET /96848198847.htm HTTP/1.0" 404 34055 "-" "Mozilla/5.0 (Windows NT 10.0; Win64; x64) AppleWebKit/537.36 (KHTML, like Gecko) Chrome/107.0.0.0 Safari/537.36"
185.191.171.9 - - [30/Apr/2026:06:14:48 -0400] "GET /4022241284.htm HTTP/1.0" 404 34055 "-" "Mozilla/5.0 (compatible; SemrushBot/7~bl; +http://www.semrush.com/bot.html)"
85.208.98.19 - - [30/Apr/2026:06:14:50 -0400] "GET /90555237275.htm HTTP/1.0" 301 3700 "-" "Mozilla/5.0 (compatible; SemrushBot-BA; +http://www.semrush.com/bot.html)"
85.208.98.19 - - [30/Apr/2026:06:14:50 -0400] "GET /90555237275.htm HTTP/1.0" 404 34055 "https://jcorrmechanical.com/90555237275.htm" "Mozilla/5.0 (compatible; SemrushBot-BA; +http://www.semrush.com/bot.html)"
85.208.98.31 - - [30/Apr/2026:06:14:55 -0400] "GET /90555236973.htm HTTP/1.0" 301 3700 "-" "Mozilla/5.0 (compatible; SemrushBot-BA; +http://www.semrush.com/bot.html)"
85.208.98.31 - - [30/Apr/2026:06:14:55 -0400] "GET /90555236973.htm HTTP/1.0" 404 34055 "https://jcorrmechanical.com/90555236973.htm" "Mozilla/5.0 (compatible; SemrushBot-BA; +http://www.semrush.com/bot.html)"
66.78.170.118 - - [30/Apr/2026:06:14:57 -0400] "GET /11317176920.htm HTTP/1.0" 301 3700 "-" "Mozilla/5.0 (Macintosh; Intel Mac OS X 10_15_7) AppleWebKit/537.36 (KHTML, like Gecko) Chrome/131.0.0.0 Safari/537.36"
37.120.233.238 - - [30/Apr/2026:06:14:58 -0400] "GET /11317176920.htm HTTP/1.0" 404 34055 "-" "Mozilla/5.0 (Macintosh; Intel Mac OS X 10_15_7) AppleWebKit/537.36 (KHTML, like Gecko) Chrome/131.0.0.0 Safari/537.36"
15.235.98.248 - - [30/Apr/2026:06:15:07 -0400] "GET /40222112853.htm HTTP/1.0" 301 3700 "-" "Mozilla/5.0 (compatible; AhrefsBot/7.0; +http://ahrefs.com/robot/)"
85.208.96.207 - - [30/Apr/2026:06:15:10 -0400] "GET /4022297739.htm HTTP/1.0" 404 34055 "-" "Mozilla/5.0 (compatible; SemrushBot/7~bl; +http://www.semrush.com/bot.html)"
85.208.98.31 - - [30/Apr/2026:06:15:16 -0400] "GET /90555238280.htm HTTP/1.0" 301 3700 "-" "Mozilla/5.0 (compatible; SemrushBot-BA; +http://www.semrush.com/bot.html)"
85.208.98.31 - - [30/Apr/2026:06:15:17 -0400] "GET /90555238280.htm HTTP/1.0" 404 34055 "https://jcorrmechanical.com/90555238280.htm" "Mozilla/5.0 (compatible; SemrushBot-BA; +http://www.semrush.com/bot.html)"
85.208.96.210 - - [30/Apr/2026:06:15:20 -0400] "GET /4022297494.htm HTTP/1.0" 404 34055 "-" "Mozilla/5.0 (compatible; SemrushBot/7~bl; +http://www.semrush.com/bot.html)"
85.208.98.31 - - [30/Apr/2026:06:15:23 -0400] "GET /1131721955.htm HTTP/1.0" 301 3699 "-" "Mozilla/5.0 (compatible; SemrushBot-BA; +http://www.semrush.com/bot.html)"
85.208.98.31 - - [30/Apr/2026:06:15:23 -0400] "GET /1131721955.htm HTTP/1.0" 404 34055 "https://jcorrmechanical.com/1131721955.htm" "Mozilla/5.0 (compatible; SemrushBot-BA; +http://www.semrush.com/bot.html)"
185.191.171.9 - - [30/Apr/2026:06:15:25 -0400] "GET /39056156807.htm HTTP/1.0" 301 3700 "-" "Mozilla/5.0 (compatible; SemrushBot/7~bl; +http://www.semrush.com/bot.html)"
185.191.171.2 - - [30/Apr/2026:06:15:26 -0400] "GET /39056156807.htm HTTP/1.0" 404 34055 "-" "Mozilla/5.0 (compatible; SemrushBot/7~bl; +http://www.semrush.com/bot.html)"
85.208.98.19 - - [30/Apr/2026:06:15:26 -0400] "GET /1131721578.htm HTTP/1.0" 301 3699 "-" "Mozilla/5.0 (compatible; SemrushBot-BA; +http://www.semrush.com/bot.html)"
85.208.98.19 - - [30/Apr/2026:06:15:26 -0400] "GET /1131721578.htm HTTP/1.0" 404 34055 "https://jcorrmechanical.com/1131721578.htm" "Mozilla/5.0 (compatible; SemrushBot-BA; +http://www.semrush.com/bot.html)"
85.208.96.206 - - [30/Apr/2026:06:15:32 -0400] "GET /4022217362.htm HTTP/1.0" 301 3699 "-" "Mozilla/5.0 (compatible; SemrushBot/7~bl; +http://www.semrush.com/bot.html)"
85.208.96.208 - - [30/Apr/2026:06:15:33 -0400] "GET /4022217362.htm HTTP/1.0" 404 34055 "-" "Mozilla/5.0 (compatible; SemrushBot/7~bl; +http://www.semrush.com/bot.html)"
85.208.96.208 - - [30/Apr/2026:06:15:39 -0400] "GET /40222177010.htm HTTP/1.0" 301 3700 "-" "Mozilla/5.0 (compatible; SemrushBot/7~bl; +http://www.semrush.com/bot.html)"
185.191.171.11 - - [30/Apr/2026:06:15:39 -0400] "GET /40222177010.htm HTTP/1.0" 404 34055 "-" "Mozilla/5.0 (compatible; SemrushBot/7~bl; +http://www.semrush.com/bot.html)"
85.208.98.22 - - [30/Apr/2026:06:15:43 -0400] "GET /1131714140.htm HTTP/1.0" 301 3699 "-" "Mozilla/5.0 (compatible; SemrushBot-BA; +http://www.semrush.com/bot.html)"
85.208.98.22 - - [30/Apr/2026:06:15:43 -0400] "GET /1131714140.htm HTTP/1.0" 404 34055 "https://jcorrmechanical.com/1131714140.htm" "Mozilla/5.0 (compatible; SemrushBot-BA; +http://www.semrush.com/bot.html)"
85.208.98.31 - - [30/Apr/2026:06:15:48 -0400] "GET /1131769949.htm HTTP/1.0" 301 3699 "-" "Mozilla/5.0 (compatible; SemrushBot-BA; +http://www.semrush.com/bot.html)"
85.208.98.31 - - [30/Apr/2026:06:15:48 -0400] "GET /1131769949.htm HTTP/1.0" 404 34055 "https://jcorrmechanical.com/1131769949.htm" "Mozilla/5.0 (compatible; SemrushBot-BA; +http://www.semrush.com/bot.html)"
85.208.98.29 - - [30/Apr/2026:06:15:51 -0400] "GET /1131718721.htm HTTP/1.0" 301 3699 "-" "Mozilla/5.0 (compatible; SemrushBot-BA; +http://www.semrush.com/bot.html)"
85.208.98.29 - - [30/Apr/2026:06:15:51 -0400] "GET /1131718721.htm HTTP/1.0" 404 34055 "https://jcorrmechanical.com/1131718721.htm" "Mozilla/5.0 (compatible; SemrushBot-BA; +http://www.semrush.com/bot.html)"
185.191.171.13 - - [30/Apr/2026:06:15:58 -0400] "GET /40222254684.htm HTTP/1.0" 404 34055 "-" "Mozilla/5.0 (compatible; SemrushBot/7~bl; +http://www.semrush.com/bot.html)"
85.208.96.195 - - [30/Apr/2026:06:16:00 -0400] "GET /4022278523.htm HTTP/1.0" 404 34055 "-" "Mozilla/5.0 (compatible; SemrushBot/7~bl; +http://www.semrush.com/bot.html)"
185.191.171.11 - - [30/Apr/2026:06:16:02 -0400] "GET /4022276747.htm HTTP/1.0" 404 34055 "-" "Mozilla/5.0 (compatible; SemrushBot/7~bl; +http://www.semrush.com/bot.html)"
85.208.96.211 - - [30/Apr/2026:06:16:02 -0400] "GET /39056129594.htm HTTP/1.0" 301 3700 "-" "Mozilla/5.0 (compatible; SemrushBot/7~bl; +http://www.semrush.com/bot.html)"
85.208.98.20 - - [30/Apr/2026:06:16:03 -0400] "GET /90555315612.htm HTTP/1.0" 301 3700 "-" "Mozilla/5.0 (compatible; SemrushBot-BA; +http://www.semrush.com/bot.html)"
85.208.98.20 - - [30/Apr/2026:06:16:03 -0400] "GET /90555315612.htm HTTP/1.0" 404 34055 "https://jcorrmechanical.com/90555315612.htm" "Mozilla/5.0 (compatible; SemrushBot-BA; +http://www.semrush.com/bot.html)"
185.191.171.19 - - [30/Apr/2026:06:16:03 -0400] "GET /39056129594.htm HTTP/1.0" 404 34055 "-" "Mozilla/5.0 (compatible; SemrushBot/7~bl; +http://www.semrush.com/bot.html)"
85.208.98.16 - - [30/Apr/2026:06:16:07 -0400] "GET /1131717341.htm HTTP/1.0" 301 3699 "-" "Mozilla/5.0 (compatible; SemrushBot-BA; +http://www.semrush.com/bot.html)"
85.208.98.16 - - [30/Apr/2026:06:16:07 -0400] "GET /1131717341.htm HTTP/1.0" 404 34055 "https://jcorrmechanical.com/1131717341.htm" "Mozilla/5.0 (compatible; SemrushBot-BA; +http://www.semrush.com/bot.html)"
85.208.98.19 - - [30/Apr/2026:06:16:10 -0400] "GET /1131720943.htm HTTP/1.0" 301 3699 "-" "Mozilla/5.0 (compatible; SemrushBot-BA; +http://www.semrush.com/bot.html)"
85.208.98.19 - - [30/Apr/2026:06:16:10 -0400] "GET /1131720943.htm HTTP/1.0" 404 34055 "https://jcorrmechanical.com/1131720943.htm" "Mozilla/5.0 (compatible; SemrushBot-BA; +http://www.semrush.com/bot.html)"
142.44.233.143 - - [30/Apr/2026:06:16:11 -0400] "GET /40222112004.htm HTTP/1.0" 301 3700 "-" "Mozilla/5.0 (compatible; AhrefsBot/7.0; +http://ahrefs.com/robot/)"
85.208.96.210 - - [30/Apr/2026:06:16:14 -0400] "GET /3905664788.htm HTTP/1.0" 404 34055 "-" "Mozilla/5.0 (compatible; SemrushBot/7~bl; +http://www.semrush.com/bot.html)"
34.230.124.21 - - [30/Apr/2026:06:16:15 -0400] "GET /2016/10/ HTTP/1.0" 200 42206 "-" "Mozilla/5.0 AppleWebKit/537.36 (KHTML, like Gecko; compatible; Amazonbot/0.1; +https://developer.amazon.com/support/amazonbot) Chrome/119.0.6045.214 Safari/537.36"
185.191.171.19 - - [30/Apr/2026:06:16:16 -0400] "GET /39056168467.htm HTTP/1.0" 301 3700 "-" "Mozilla/5.0 (compatible; SemrushBot/7~bl; +http://www.semrush.com/bot.html)"
85.208.96.208 - - [30/Apr/2026:06:16:16 -0400] "GET /39056168467.htm HTTP/1.0" 404 34055 "-" "Mozilla/5.0 (compatible; SemrushBot/7~bl; +http://www.semrush.com/bot.html)"
85.208.96.212 - - [30/Apr/2026:06:16:18 -0400] "GET /40222326828.htm HTTP/1.0" 404 34055 "-" "Mozilla/5.0 (compatible; SemrushBot/7~bl; +http://www.semrush.com/bot.html)"
185.191.171.19 - - [30/Apr/2026:06:16:19 -0400] "GET /90555321213.htm HTTP/1.0" 301 3700 "-" "Mozilla/5.0 (compatible; SemrushBot/7~bl; +http://www.semrush.com/bot.html)"
185.191.171.8 - - [30/Apr/2026:06:16:19 -0400] "GET /90555321213.htm HTTP/1.0" 404 34055 "-" "Mozilla/5.0 (compatible; SemrushBot/7~bl; +http://www.semrush.com/bot.html)"
85.208.98.19 - - [30/Apr/2026:06:16:21 -0400] "GET /9684859109.htm HTTP/1.0" 301 3699 "-" "Mozilla/5.0 (compatible; SemrushBot-BA; +http://www.semrush.com/bot.html)"
85.208.98.19 - - [30/Apr/2026:06:16:21 -0400] "GET /9684859109.htm HTTP/1.0" 404 34055 "https://jcorrmechanical.com/9684859109.htm" "Mozilla/5.0 (compatible; SemrushBot-BA; +http://www.semrush.com/bot.html)"
85.208.96.210 - - [30/Apr/2026:06:16:27 -0400] "GET /3905694012.htm HTTP/1.0" 301 3699 "-" "Mozilla/5.0 (compatible; SemrushBot/7~bl; +http://www.semrush.com/bot.html)"
185.191.171.9 - - [30/Apr/2026:06:16:27 -0400] "GET /4022259972.htm HTTP/1.0" 404 34055 "-" "Mozilla/5.0 (compatible; SemrushBot/7~bl; +http://www.semrush.com/bot.html)"
185.191.171.5 - - [30/Apr/2026:06:16:29 -0400] "GET /3905694012.htm HTTP/1.0" 404 34055 "-" "Mozilla/5.0 (compatible; SemrushBot/7~bl; +http://www.semrush.com/bot.html)"
216.73.217.12 - - [30/Apr/2026:06:16:35 -0400] "GET /robots.txt HTTP/1.0" 200 3903 "-" "Mozilla/5.0 AppleWebKit/537.36 (KHTML, like Gecko; compatible; ClaudeBot/1.0; +claudebot@anthropic.com)"
216.73.217.12 - - [30/Apr/2026:06:16:35 -0400] "GET /sitemap214.xml HTTP/1.0" 301 3699 "-" "Mozilla/5.0 AppleWebKit/537.36 (KHTML, like Gecko; compatible; ClaudeBot/1.0; +claudebot@anthropic.com)"
216.73.217.12 - - [30/Apr/2026:06:16:37 -0400] "GET /sitemap214.xml HTTP/1.0" 404 34055 "https://jcorrmechanical.com/sitemap214.xml" "Mozilla/5.0 AppleWebKit/537.36 (KHTML, like Gecko; compatible; ClaudeBot/1.0; +claudebot@anthropic.com)"
185.191.171.19 - - [30/Apr/2026:06:16:39 -0400] "GET /40222254277.htm HTTP/1.0" 404 34055 "-" "Mozilla/5.0 (compatible; SemrushBot/7~bl; +http://www.semrush.com/bot.html)"
185.191.171.17 - - [30/Apr/2026:06:16:47 -0400] "GET /2902082259.htm HTTP/1.0" 301 3699 "-" "Mozilla/5.0 (compatible; SemrushBot/7~bl; +http://www.semrush.com/bot.html)"
185.191.171.2 - - [30/Apr/2026:06:16:47 -0400] "GET /2902082259.htm HTTP/1.0" 404 34055 "-" "Mozilla/5.0 (compatible; SemrushBot/7~bl; +http://www.semrush.com/bot.html)"
185.191.171.11 - - [30/Apr/2026:06:16:53 -0400] "GET /40222297496.htm HTTP/1.0" 404 34055 "-" "Mozilla/5.0 (compatible; SemrushBot/7~bl; +http://www.semrush.com/bot.html)"
185.191.171.1 - - [30/Apr/2026:06:16:57 -0400] "GET /4022234067.htm HTTP/1.0" 404 34055 "-" "Mozilla/5.0 (compatible; SemrushBot/7~bl; +http://www.semrush.com/bot.html)"
185.191.171.19 - - [30/Apr/2026:06:16:57 -0400] "GET /39056299389.htm HTTP/1.0" 301 3700 "-" "Mozilla/5.0 (compatible; SemrushBot/7~bl; +http://www.semrush.com/bot.html)"
185.191.171.7 - - [30/Apr/2026:06:16:59 -0400] "GET /90555297213.htm HTTP/1.0" 301 3700 "-" "Mozilla/5.0 (compatible; SemrushBot/7~bl; +http://www.semrush.com/bot.html)"
185.191.171.13 - - [30/Apr/2026:06:16:59 -0400] "GET /39056299389.htm HTTP/1.0" 404 34055 "-" "Mozilla/5.0 (compatible; SemrushBot/7~bl; +http://www.semrush.com/bot.html)"
85.208.96.203 - - [30/Apr/2026:06:17:01 -0400] "GET /90555297213.htm HTTP/1.0" 404 34055 "-" "Mozilla/5.0 (compatible; SemrushBot/7~bl; +http://www.semrush.com/bot.html)"
185.191.171.16 - - [30/Apr/2026:06:17:07 -0400] "GET /39056145637.htm HTTP/1.0" 301 3700 "-" "Mozilla/5.0 (compatible; SemrushBot/7~bl; +http://www.semrush.com/bot.html)"
85.208.96.207 - - [30/Apr/2026:06:17:07 -0400] "GET /39056145637.htm HTTP/1.0" 404 34055 "-" "Mozilla/5.0 (compatible; SemrushBot/7~bl; +http://www.semrush.com/bot.html)"
85.208.96.209 - - [30/Apr/2026:06:17:08 -0400] "GET /4022291354.htm HTTP/1.0" 404 34055 "-" "Mozilla/5.0 (compatible; SemrushBot/7~bl; +http://www.semrush.com/bot.html)"
15.235.96.94 - - [30/Apr/2026:06:17:09 -0400] "GET /40222110489.htm HTTP/1.0" 301 3700 "-" "Mozilla/5.0 (compatible; AhrefsBot/7.0; +http://ahrefs.com/robot/)"
185.191.171.3 - - [30/Apr/2026:06:17:14 -0400] "GET /39056146405.htm HTTP/1.0" 301 3700 "-" "Mozilla/5.0 (compatible; SemrushBot/7~bl; +http://www.semrush.com/bot.html)"
185.191.171.1 - - [30/Apr/2026:06:17:15 -0400] "GET /39056146405.htm HTTP/1.0" 404 34055 "-" "Mozilla/5.0 (compatible; SemrushBot/7~bl; +http://www.semrush.com/bot.html)"
85.208.96.209 - - [30/Apr/2026:06:17:16 -0400] "GET /39056139952.htm HTTP/1.0" 301 3700 "-" "Mozilla/5.0 (compatible; SemrushBot/7~bl; +http://www.semrush.com/bot.html)"
85.208.96.209 - - [30/Apr/2026:06:17:17 -0400] "GET /39056139952.htm HTTP/1.0" 404 34055 "-" "Mozilla/5.0 (compatible; SemrushBot/7~bl; +http://www.semrush.com/bot.html)"
85.208.96.209 - - [30/Apr/2026:06:17:18 -0400] "GET /39056197573.htm HTTP/1.0" 301 3700 "-" "Mozilla/5.0 (compatible; SemrushBot/7~bl; +http://www.semrush.com/bot.html)"
185.191.171.1 - - [30/Apr/2026:06:17:19 -0400] "GET /4022283025.htm HTTP/1.0" 404 34055 "-" "Mozilla/5.0 (compatible; SemrushBot/7~bl; +http://www.semrush.com/bot.html)"
185.191.171.13 - - [30/Apr/2026:06:17:20 -0400] "GET /4022281638.htm HTTP/1.0" 404 34055 "-" "Mozilla/5.0 (compatible; SemrushBot/7~bl; +http://www.semrush.com/bot.html)"
85.208.96.212 - - [30/Apr/2026:06:17:22 -0400] "GET /40222312689.htm HTTP/1.0" 404 34055 "-" "Mozilla/5.0 (compatible; SemrushBot/7~bl; +http://www.semrush.com/bot.html)"
172.59.33.250 - - [30/Apr/2026:06:17:22 -0400] "GET /1131726771.htm HTTP/1.0" 301 3699 "-" "Mozilla/5.0 (Macintosh; Intel Mac OS X 10_15_7) AppleWebKit/537.36 (KHTML, like Gecko) Chrome/120.0.0.0 Safari/537.36"
85.208.96.210 - - [30/Apr/2026:06:17:23 -0400] "GET /39056197573.htm HTTP/1.0" 404 34055 "-" "Mozilla/5.0 (compatible; SemrushBot/7~bl; +http://www.semrush.com/bot.html)"
208.161.235.202 - - [30/Apr/2026:06:17:24 -0400] "GET /1131726771.htm HTTP/1.0" 404 34055 "-" "Mozilla/5.0 (Macintosh; Intel Mac OS X 10_15_7) AppleWebKit/537.36 (KHTML, like Gecko) Chrome/120.0.0.0 Safari/537.36"
185.191.171.8 - - [30/Apr/2026:06:17:34 -0400] "GET /3905638581.htm HTTP/1.0" 404 34055 "-" "Mozilla/5.0 (compatible; SemrushBot/7~bl; +http://www.semrush.com/bot.html)"
15.235.96.59 - - [30/Apr/2026:06:17:36 -0400] "GET /40222110051.htm HTTP/1.0" 301 3700 "-" "Mozilla/5.0 (compatible; AhrefsBot/7.0; +http://ahrefs.com/robot/)"
185.191.171.16 - - [30/Apr/2026:06:17:47 -0400] "GET /39056137761.htm HTTP/1.0" 301 3700 "-" "Mozilla/5.0 (compatible; SemrushBot/7~bl; +http://www.semrush.com/bot.html)"
85.208.96.195 - - [30/Apr/2026:06:17:47 -0400] "GET /39056137761.htm HTTP/1.0" 404 34055 "-" "Mozilla/5.0 (compatible; SemrushBot/7~bl; +http://www.semrush.com/bot.html)"
185.191.171.19 - - [30/Apr/2026:06:17:49 -0400] "GET /40222217276.htm HTTP/1.0" 404 34055 "-" "Mozilla/5.0 (compatible; SemrushBot/7~bl; +http://www.semrush.com/bot.html)"
185.191.171.13 - - [30/Apr/2026:06:17:51 -0400] "GET /40222320191.htm HTTP/1.0" 404 34055 "-" "Mozilla/5.0 (compatible; SemrushBot/7~bl; +http://www.semrush.com/bot.html)"
167.114.139.183 - - [30/Apr/2026:06:17:52 -0400] "GET /40222108967.htm HTTP/1.0" 301 3700 "-" "Mozilla/5.0 (compatible; AhrefsBot/7.0; +http://ahrefs.com/robot/)"
85.208.96.209 - - [30/Apr/2026:06:17:54 -0400] "GET /9055574605.htm HTTP/1.0" 301 3699 "-" "Mozilla/5.0 (compatible; SemrushBot/7~bl; +http://www.semrush.com/bot.html)"
185.191.171.19 - - [30/Apr/2026:06:17:57 -0400] "GET /9055574605.htm HTTP/1.0" 404 34055 "-" "Mozilla/5.0 (compatible; SemrushBot/7~bl; +http://www.semrush.com/bot.html)"
148.113.130.153 - - [30/Apr/2026:06:18:06 -0400] "GET /40222108771.htm HTTP/1.0" 301 3700 "-" "Mozilla/5.0 (compatible; AhrefsBot/7.0; +http://ahrefs.com/robot/)"
185.191.171.17 - - [30/Apr/2026:06:18:14 -0400] "GET /4022228189.htm HTTP/1.0" 404 34055 "-" "Mozilla/5.0 (compatible; SemrushBot/7~bl; +http://www.semrush.com/bot.html)"
15.235.98.148 - - [30/Apr/2026:06:18:21 -0400] "GET /40222108599.htm HTTP/1.0" 301 3700 "-" "Mozilla/5.0 (compatible; AhrefsBot/7.0; +http://ahrefs.com/robot/)"
118.179.25.126 - - [30/Apr/2026:06:18:20 -0400] "GET /pages.php?goods%2F227011979.html HTTP/1.0" 200 166640 "-" "Mozilla/5.0 (Windows NT 6.2; Win64; x64) AppleWebKit/537.36 (KHTML, like Gecko) Chrome/72.0.3626.121 Safari/537.36"
85.208.96.208 - - [30/Apr/2026:06:18:31 -0400] "GET /39056181717.htm HTTP/1.0" 301 3700 "-" "Mozilla/5.0 (compatible; SemrushBot/7~bl; +http://www.semrush.com/bot.html)"
185.191.171.1 - - [30/Apr/2026:06:18:32 -0400] "GET /39056181717.htm HTTP/1.0" 404 34055 "-" "Mozilla/5.0 (compatible; SemrushBot/7~bl; +http://www.semrush.com/bot.html)"
185.191.171.3 - - [30/Apr/2026:06:18:34 -0400] "GET /11317166902.htm HTTP/1.0" 301 3700 "-" "Mozilla/5.0 (compatible; SemrushBot/7~bl; +http://www.semrush.com/bot.html)"
185.191.171.7 - - [30/Apr/2026:06:18:34 -0400] "GET /11317166902.htm HTTP/1.0" 404 34055 "-" "Mozilla/5.0 (compatible; SemrushBot/7~bl; +http://www.semrush.com/bot.html)"
51.161.65.231 - - [30/Apr/2026:06:18:35 -0400] "GET /40222108591.htm HTTP/1.0" 301 3700 "-" "Mozilla/5.0 (compatible; AhrefsBot/7.0; +http://ahrefs.com/robot/)"
91.224.92.35 - - [30/Apr/2026:06:18:37 -0400] "GET //wp-includes/ID3/license.txt HTTP/1.0" 200 3569 "-" "Mozilla/5.0 (Windows NT 10.0; Win64; x64) AppleWebKit/537.36 (KHTML, like Gecko) Chrome/95.0.4638.69 Safari/537.36"
91.224.92.35 - - [30/Apr/2026:06:18:37 -0400] "GET //feed/ HTTP/1.0" 301 3676 "-" "Mozilla/5.0 (Windows NT 10.0; Win64; x64) AppleWebKit/537.36 (KHTML, like Gecko) Chrome/95.0.4638.69 Safari/537.36"
91.224.92.35 - - [30/Apr/2026:06:18:37 -0400] "GET //xmlrpc.php?rsd HTTP/1.0" 200 4368 "-" "Mozilla/5.0 (Windows NT 10.0; Win64; x64) AppleWebKit/537.36 (KHTML, like Gecko) Chrome/95.0.4638.69 Safari/537.36"
91.224.92.35 - - [30/Apr/2026:06:18:38 -0400] "GET //?author=1 HTTP/1.0" 301 3586 "-" "Mozilla/5.0 (Windows NT 10.0; Win64; x64) AppleWebKit/537.36 (KHTML, like Gecko) Chrome/95.0.4638.69 Safari/537.36"
91.224.92.35 - - [30/Apr/2026:06:18:38 -0400] "GET //?author=2 HTTP/1.0" 301 3595 "-" "Mozilla/5.0 (Windows NT 10.0; Win64; x64) AppleWebKit/537.36 (KHTML, like Gecko) Chrome/95.0.4638.69 Safari/537.36"
91.224.92.35 - - [30/Apr/2026:06:18:38 -0400] "GET //?author=3 HTTP/1.0" 301 3582 "-" "Mozilla/5.0 (Windows NT 10.0; Win64; x64) AppleWebKit/537.36 (KHTML, like Gecko) Chrome/95.0.4638.69 Safari/537.36"
91.224.92.35 - - [30/Apr/2026:06:18:38 -0400] "GET //wp-json/wp/v2/users/ HTTP/1.0" 200 5444 "-" "Mozilla/5.0 (Windows NT 10.0; Win64; x64) AppleWebKit/537.36 (KHTML, like Gecko) Chrome/95.0.4638.69 Safari/537.36"
91.224.92.35 - - [30/Apr/2026:06:18:39 -0400] "POST //xmlrpc.php HTTP/1.0" 200 3919 "-" "Mozilla/5.0 (Windows NT 10.0; Win64; x64) AppleWebKit/537.36 (KHTML, like Gecko) Chrome/95.0.4638.69 Safari/537.36"
91.224.92.35 - - [30/Apr/2026:06:18:39 -0400] "POST //xmlrpc.php HTTP/1.0" 200 3921 "-" "Mozilla/5.0 (Windows NT 10.0; Win64; x64) AppleWebKit/537.36 (KHTML, like Gecko) Chrome/95.0.4638.69 Safari/537.36"
91.224.92.35 - - [30/Apr/2026:06:18:39 -0400] "POST //xmlrpc.php HTTP/1.0" 200 3919 "-" "Mozilla/5.0 (Windows NT 10.0; Win64; x64) AppleWebKit/537.36 (KHTML, like Gecko) Chrome/95.0.4638.69 Safari/537.36"
91.224.92.35 - - [30/Apr/2026:06:18:39 -0400] "POST //xmlrpc.php HTTP/1.0" 200 3919 "-" "Mozilla/5.0 (Windows NT 10.0; Win64; x64) AppleWebKit/537.36 (KHTML, like Gecko) Chrome/95.0.4638.69 Safari/537.36"
91.224.92.35 - - [30/Apr/2026:06:18:40 -0400] "POST //xmlrpc.php HTTP/1.0" 200 3919 "-" "Mozilla/5.0 (Windows NT 10.0; Win64; x64) AppleWebKit/537.36 (KHTML, like Gecko) Chrome/95.0.4638.69 Safari/537.36"
91.224.92.35 - - [30/Apr/2026:06:18:40 -0400] "POST //xmlrpc.php HTTP/1.0" 200 3919 "-" "Mozilla/5.0 (Windows NT 10.0; Win64; x64) AppleWebKit/537.36 (KHTML, like Gecko) Chrome/95.0.4638.69 Safari/537.36"
91.224.92.35 - - [30/Apr/2026:06:18:40 -0400] "POST //xmlrpc.php HTTP/1.0" 200 3919 "-" "Mozilla/5.0 (Windows NT 10.0; Win64; x64) AppleWebKit/537.36 (KHTML, like Gecko) Chrome/95.0.4638.69 Safari/537.36"
91.224.92.35 - - [30/Apr/2026:06:18:40 -0400] "POST //xmlrpc.php HTTP/1.0" 200 3919 "-" "Mozilla/5.0 (Windows NT 10.0; Win64; x64) AppleWebKit/537.36 (KHTML, like Gecko) Chrome/95.0.4638.69 Safari/537.36"
91.224.92.35 - - [30/Apr/2026:06:18:40 -0400] "POST //xmlrpc.php HTTP/1.0" 200 3919 "-" "Mozilla/5.0 (Windows NT 10.0; Win64; x64) AppleWebKit/537.36 (KHTML, like Gecko) Chrome/95.0.4638.69 Safari/537.36"
91.224.92.35 - - [30/Apr/2026:06:18:41 -0400] "POST //xmlrpc.php HTTP/1.0" 200 3919 "-" "Mozilla/5.0 (Windows NT 10.0; Win64; x64) AppleWebKit/537.36 (KHTML, like Gecko) Chrome/95.0.4638.69 Safari/537.36"
91.224.92.35 - - [30/Apr/2026:06:18:41 -0400] "POST //xmlrpc.php HTTP/1.0" 200 3919 "-" "Mozilla/5.0 (Windows NT 10.0; Win64; x64) AppleWebKit/537.36 (KHTML, like Gecko) Chrome/95.0.4638.69 Safari/537.36"
91.224.92.35 - - [30/Apr/2026:06:18:41 -0400] "POST //xmlrpc.php HTTP/1.0" 200 3919 "-" "Mozilla/5.0 (Windows NT 10.0; Win64; x64) AppleWebKit/537.36 (KHTML, like Gecko) Chrome/95.0.4638.69 Safari/537.36"
91.224.92.35 - - [30/Apr/2026:06:18:41 -0400] "POST //xmlrpc.php HTTP/1.0" 200 3919 "-" "Mozilla/5.0 (Windows NT 10.0; Win64; x64) AppleWebKit/537.36 (KHTML, like Gecko) Chrome/95.0.4638.69 Safari/537.36"
91.224.92.35 - - [30/Apr/2026:06:18:42 -0400] "POST //xmlrpc.php HTTP/1.0" 200 3919 "-" "Mozilla/5.0 (Windows NT 10.0; Win64; x64) AppleWebKit/537.36 (KHTML, like Gecko) Chrome/95.0.4638.69 Safari/537.36"
91.224.92.35 - - [30/Apr/2026:06:18:42 -0400] "POST //xmlrpc.php HTTP/1.0" 200 3919 "-" "Mozilla/5.0 (Windows NT 10.0; Win64; x64) AppleWebKit/537.36 (KHTML, like Gecko) Chrome/95.0.4638.69 Safari/537.36"
91.224.92.35 - - [30/Apr/2026:06:18:42 -0400] "POST //xmlrpc.php HTTP/1.0" 200 3919 "-" "Mozilla/5.0 (Windows NT 10.0; Win64; x64) AppleWebKit/537.36 (KHTML, like Gecko) Chrome/95.0.4638.69 Safari/537.36"
91.224.92.35 - - [30/Apr/2026:06:18:42 -0400] "POST //xmlrpc.php HTTP/1.0" 200 3919 "-" "Mozilla/5.0 (Windows NT 10.0; Win64; x64) AppleWebKit/537.36 (KHTML, like Gecko) Chrome/95.0.4638.69 Safari/537.36"
91.224.92.35 - - [30/Apr/2026:06:18:42 -0400] "POST //xmlrpc.php HTTP/1.0" 200 3919 "-" "Mozilla/5.0 (Windows NT 10.0; Win64; x64) AppleWebKit/537.36 (KHTML, like Gecko) Chrome/95.0.4638.69 Safari/537.36"
91.224.92.35 - - [30/Apr/2026:06:18:43 -0400] "POST //xmlrpc.php HTTP/1.0" 200 3919 "-" "Mozilla/5.0 (Windows NT 10.0; Win64; x64) AppleWebKit/537.36 (KHTML, like Gecko) Chrome/95.0.4638.69 Safari/537.36"
91.224.92.35 - - [30/Apr/2026:06:18:43 -0400] "POST //xmlrpc.php HTTP/1.0" 200 3919 "-" "Mozilla/5.0 (Windows NT 10.0; Win64; x64) AppleWebKit/537.36 (KHTML, like Gecko) Chrome/95.0.4638.69 Safari/537.36"
91.224.92.35 - - [30/Apr/2026:06:18:43 -0400] "POST //xmlrpc.php HTTP/1.0" 200 3919 "-" "Mozilla/5.0 (Windows NT 10.0; Win64; x64) AppleWebKit/537.36 (KHTML, like Gecko) Chrome/95.0.4638.69 Safari/537.36"
91.224.92.35 - - [30/Apr/2026:06:18:43 -0400] "POST //xmlrpc.php HTTP/1.0" 200 3919 "-" "Mozilla/5.0 (Windows NT 10.0; Win64; x64) AppleWebKit/537.36 (KHTML, like Gecko) Chrome/95.0.4638.69 Safari/537.36"
91.224.92.35 - - [30/Apr/2026:06:18:43 -0400] "POST //xmlrpc.php HTTP/1.0" 200 3919 "-" "Mozilla/5.0 (Windows NT 10.0; Win64; x64) AppleWebKit/537.36 (KHTML, like Gecko) Chrome/95.0.4638.69 Safari/537.36"
91.224.92.35 - - [30/Apr/2026:06:18:44 -0400] "POST //xmlrpc.php HTTP/1.0" 200 3919 "-" "Mozilla/5.0 (Windows NT 10.0; Win64; x64) AppleWebKit/537.36 (KHTML, like Gecko) Chrome/95.0.4638.69 Safari/537.36"
98.224.130.63 - - [30/Apr/2026:06:18:44 -0400] "GET /39056186713.htm HTTP/1.0" 301 3700 "-" "Mozilla/5.0 (Macintosh; Intel Mac OS X 10_15_7) AppleWebKit/537.36 (KHTML, like Gecko) Chrome/123.0.0.0 Safari/537.36"
91.224.92.35 - - [30/Apr/2026:06:18:44 -0400] "POST //xmlrpc.php HTTP/1.0" 200 3919 "-" "Mozilla/5.0 (Windows NT 10.0; Win64; x64) AppleWebKit/537.36 (KHTML, like Gecko) Chrome/95.0.4638.69 Safari/537.36"
91.224.92.35 - - [30/Apr/2026:06:18:44 -0400] "POST //xmlrpc.php HTTP/1.0" 200 3921 "-" "Mozilla/5.0 (Windows NT 10.0; Win64; x64) AppleWebKit/537.36 (KHTML, like Gecko) Chrome/95.0.4638.69 Safari/537.36"
91.224.92.35 - - [30/Apr/2026:06:18:44 -0400] "POST //xmlrpc.php HTTP/1.0" 200 3919 "-" "Mozilla/5.0 (Windows NT 10.0; Win64; x64) AppleWebKit/537.36 (KHTML, like Gecko) Chrome/95.0.4638.69 Safari/537.36"
91.224.92.35 - - [30/Apr/2026:06:18:45 -0400] "POST //xmlrpc.php HTTP/1.0" 200 3919 "-" "Mozilla/5.0 (Windows NT 10.0; Win64; x64) AppleWebKit/537.36 (KHTML, like Gecko) Chrome/95.0.4638.69 Safari/537.36"
91.224.92.35 - - [30/Apr/2026:06:18:45 -0400] "POST //xmlrpc.php HTTP/1.0" 200 3919 "-" "Mozilla/5.0 (Windows NT 10.0; Win64; x64) AppleWebKit/537.36 (KHTML, like Gecko) Chrome/95.0.4638.69 Safari/537.36"
81.156.194.1 - - [30/Apr/2026:06:18:45 -0400] "GET /39056186713.htm HTTP/1.0" 404 34055 "-" "Mozilla/5.0 (Macintosh; Intel Mac OS X 10_15_7) AppleWebKit/537.36 (KHTML, like Gecko) Chrome/123.0.0.0 Safari/537.36"
91.224.92.35 - - [30/Apr/2026:06:18:45 -0400] "POST //xmlrpc.php HTTP/1.0" 200 3919 "-" "Mozilla/5.0 (Windows NT 10.0; Win64; x64) AppleWebKit/537.36 (KHTML, like Gecko) Chrome/95.0.4638.69 Safari/537.36"
91.224.92.35 - - [30/Apr/2026:06:18:45 -0400] "POST //xmlrpc.php HTTP/1.0" 200 3919 "-" "Mozilla/5.0 (Windows NT 10.0; Win64; x64) AppleWebKit/537.36 (KHTML, like Gecko) Chrome/95.0.4638.69 Safari/537.36"
91.224.92.35 - - [30/Apr/2026:06:18:46 -0400] "POST //xmlrpc.php HTTP/1.0" 200 3919 "-" "Mozilla/5.0 (Windows NT 10.0; Win64; x64) AppleWebKit/537.36 (KHTML, like Gecko) Chrome/95.0.4638.69 Safari/537.36"
91.224.92.35 - - [30/Apr/2026:06:18:46 -0400] "POST //xmlrpc.php HTTP/1.0" 200 3919 "-" "Mozilla/5.0 (Windows NT 10.0; Win64; x64) AppleWebKit/537.36 (KHTML, like Gecko) Chrome/95.0.4638.69 Safari/537.36"
91.224.92.35 - - [30/Apr/2026:06:18:46 -0400] "POST //xmlrpc.php HTTP/1.0" 200 3919 "-" "Mozilla/5.0 (Windows NT 10.0; Win64; x64) AppleWebKit/537.36 (KHTML, like Gecko) Chrome/95.0.4638.69 Safari/537.36"
91.224.92.35 - - [30/Apr/2026:06:18:47 -0400] "POST //xmlrpc.php HTTP/1.0" 200 3919 "-" "Mozilla/5.0 (Windows NT 10.0; Win64; x64) AppleWebKit/537.36 (KHTML, like Gecko) Chrome/95.0.4638.69 Safari/537.36"
91.224.92.35 - - [30/Apr/2026:06:18:47 -0400] "POST //xmlrpc.php HTTP/1.0" 200 3919 "-" "Mozilla/5.0 (Windows NT 10.0; Win64; x64) AppleWebKit/537.36 (KHTML, like Gecko) Chrome/95.0.4638.69 Safari/537.36"
91.224.92.35 - - [30/Apr/2026:06:18:47 -0400] "POST //xmlrpc.php HTTP/1.0" 200 3919 "-" "Mozilla/5.0 (Windows NT 10.0; Win64; x64) AppleWebKit/537.36 (KHTML, like Gecko) Chrome/95.0.4638.69 Safari/537.36"
91.224.92.35 - - [30/Apr/2026:06:18:47 -0400] "POST //xmlrpc.php HTTP/1.0" 200 3919 "-" "Mozilla/5.0 (Windows NT 10.0; Win64; x64) AppleWebKit/537.36 (KHTML, like Gecko) Chrome/95.0.4638.69 Safari/537.36"
91.224.92.35 - - [30/Apr/2026:06:18:48 -0400] "POST //xmlrpc.php HTTP/1.0" 200 3919 "-" "Mozilla/5.0 (Windows NT 10.0; Win64; x64) AppleWebKit/537.36 (KHTML, like Gecko) Chrome/95.0.4638.69 Safari/537.36"
91.224.92.35 - - [30/Apr/2026:06:18:48 -0400] "POST //xmlrpc.php HTTP/1.0" 200 3919 "-" "Mozilla/5.0 (Windows NT 10.0; Win64; x64) AppleWebKit/537.36 (KHTML, like Gecko) Chrome/95.0.4638.69 Safari/537.36"
91.224.92.35 - - [30/Apr/2026:06:18:48 -0400] "POST //xmlrpc.php HTTP/1.0" 200 3919 "-" "Mozilla/5.0 (Windows NT 10.0; Win64; x64) AppleWebKit/537.36 (KHTML, like Gecko) Chrome/95.0.4638.69 Safari/537.36"
91.224.92.35 - - [30/Apr/2026:06:18:49 -0400] "POST //xmlrpc.php HTTP/1.0" 200 3919 "-" "Mozilla/5.0 (Windows NT 10.0; Win64; x64) AppleWebKit/537.36 (KHTML, like Gecko) Chrome/95.0.4638.69 Safari/537.36"
91.224.92.35 - - [30/Apr/2026:06:18:49 -0400] "POST //xmlrpc.php HTTP/1.0" 200 3919 "-" "Mozilla/5.0 (Windows NT 10.0; Win64; x64) AppleWebKit/537.36 (KHTML, like Gecko) Chrome/95.0.4638.69 Safari/537.36"
91.224.92.35 - - [30/Apr/2026:06:18:49 -0400] "POST //xmlrpc.php HTTP/1.0" 200 3919 "-" "Mozilla/5.0 (Windows NT 10.0; Win64; x64) AppleWebKit/537.36 (KHTML, like Gecko) Chrome/95.0.4638.69 Safari/537.36"
85.208.96.210 - - [30/Apr/2026:06:18:49 -0400] "GET /39056213940.htm HTTP/1.0" 301 3700 "-" "Mozilla/5.0 (compatible; SemrushBot/7~bl; +http://www.semrush.com/bot.html)"
91.224.92.35 - - [30/Apr/2026:06:18:49 -0400] "POST //xmlrpc.php HTTP/1.0" 200 3919 "-" "Mozilla/5.0 (Windows NT 10.0; Win64; x64) AppleWebKit/537.36 (KHTML, like Gecko) Chrome/95.0.4638.69 Safari/537.36"
91.224.92.35 - - [30/Apr/2026:06:18:50 -0400] "POST //xmlrpc.php HTTP/1.0" 200 3919 "-" "Mozilla/5.0 (Windows NT 10.0; Win64; x64) AppleWebKit/537.36 (KHTML, like Gecko) Chrome/95.0.4638.69 Safari/537.36"
91.224.92.35 - - [30/Apr/2026:06:18:50 -0400] "POST //xmlrpc.php HTTP/1.0" 200 3919 "-" "Mozilla/5.0 (Windows NT 10.0; Win64; x64) AppleWebKit/537.36 (KHTML, like Gecko) Chrome/95.0.4638.69 Safari/537.36"
85.208.96.209 - - [30/Apr/2026:06:18:50 -0400] "GET /39056213940.htm HTTP/1.0" 404 34055 "-" "Mozilla/5.0 (compatible; SemrushBot/7~bl; +http://www.semrush.com/bot.html)"
91.224.92.35 - - [30/Apr/2026:06:18:50 -0400] "POST //xmlrpc.php HTTP/1.0" 200 3919 "-" "Mozilla/5.0 (Windows NT 10.0; Win64; x64) AppleWebKit/537.36 (KHTML, like Gecko) Chrome/95.0.4638.69 Safari/537.36"
54.39.0.130 - - [30/Apr/2026:06:18:50 -0400] "GET /40222107772.htm HTTP/1.0" 301 3700 "-" "Mozilla/5.0 (compatible; AhrefsBot/7.0; +http://ahrefs.com/robot/)"
185.191.171.16 - - [30/Apr/2026:06:18:56 -0400] "GET /39056152419.htm HTTP/1.0" 301 3700 "-" "Mozilla/5.0 (compatible; SemrushBot/7~bl; +http://www.semrush.com/bot.html)"
185.191.171.7 - - [30/Apr/2026:06:18:57 -0400] "GET /39056152419.htm HTTP/1.0" 404 34055 "-" "Mozilla/5.0 (compatible; SemrushBot/7~bl; +http://www.semrush.com/bot.html)"
148.113.130.174 - - [30/Apr/2026:06:19:04 -0400] "GET /40222107271.htm HTTP/1.0" 301 3700 "-" "Mozilla/5.0 (compatible; AhrefsBot/7.0; +http://ahrefs.com/robot/)"
185.191.171.6 - - [30/Apr/2026:06:19:06 -0400] "GET /4022283089.htm HTTP/1.0" 404 34055 "-" "Mozilla/5.0 (compatible; SemrushBot/7~bl; +http://www.semrush.com/bot.html)"
142.44.233.36 - - [30/Apr/2026:06:19:19 -0400] "GET /40222106652.htm HTTP/1.0" 301 3700 "-" "Mozilla/5.0 (compatible; AhrefsBot/7.0; +http://ahrefs.com/robot/)"
185.191.171.3 - - [30/Apr/2026:06:19:19 -0400] "GET /4022264116.htm HTTP/1.0" 404 34055 "-" "Mozilla/5.0 (compatible; SemrushBot/7~bl; +http://www.semrush.com/bot.html)"
185.191.171.9 - - [30/Apr/2026:06:19:22 -0400] "GET /81738153115.htm HTTP/1.0" 404 34055 "-" "Mozilla/5.0 (compatible; SemrushBot/7~bl; +http://www.semrush.com/bot.html)"
185.191.171.13 - - [30/Apr/2026:06:19:30 -0400] "GET /39056282270.htm HTTP/1.0" 301 3700 "-" "Mozilla/5.0 (compatible; SemrushBot/7~bl; +http://www.semrush.com/bot.html)"
85.208.96.209 - - [30/Apr/2026:06:19:30 -0400] "GET /39056282270.htm HTTP/1.0" 404 34055 "-" "Mozilla/5.0 (compatible; SemrushBot/7~bl; +http://www.semrush.com/bot.html)"
15.235.98.163 - - [30/Apr/2026:06:19:33 -0400] "GET /40222104747.htm HTTP/1.0" 301 3700 "-" "Mozilla/5.0 (compatible; AhrefsBot/7.0; +http://ahrefs.com/robot/)"
85.208.96.202 - - [30/Apr/2026:06:19:45 -0400] "GET /39056128861.htm HTTP/1.0" 301 3700 "-" "Mozilla/5.0 (compatible; SemrushBot/7~bl; +http://www.semrush.com/bot.html)"
85.208.96.197 - - [30/Apr/2026:06:19:45 -0400] "GET /39056128861.htm HTTP/1.0" 404 34055 "-" "Mozilla/5.0 (compatible; SemrushBot/7~bl; +http://www.semrush.com/bot.html)"
142.44.225.219 - - [30/Apr/2026:06:19:47 -0400] "GET /3905699762.htm HTTP/1.0" 301 3699 "-" "Mozilla/5.0 (compatible; AhrefsBot/7.0; +http://ahrefs.com/robot/)"
185.191.171.8 - - [30/Apr/2026:06:19:52 -0400] "GET /39056212145.htm HTTP/1.0" 301 3700 "-" "Mozilla/5.0 (compatible; SemrushBot/7~bl; +http://www.semrush.com/bot.html)"
85.208.96.203 - - [30/Apr/2026:06:19:52 -0400] "GET /39056212145.htm HTTP/1.0" 404 34055 "-" "Mozilla/5.0 (compatible; SemrushBot/7~bl; +http://www.semrush.com/bot.html)"
85.208.96.206 - - [30/Apr/2026:06:20:02 -0400] "GET /4022250713.htm HTTP/1.0" 404 34055 "-" "Mozilla/5.0 (compatible; SemrushBot/7~bl; +http://www.semrush.com/bot.html)"
142.44.228.191 - - [30/Apr/2026:06:20:02 -0400] "GET /3905697776.htm HTTP/1.0" 301 3699 "-" "Mozilla/5.0 (compatible; AhrefsBot/7.0; +http://ahrefs.com/robot/)"
85.208.96.210 - - [30/Apr/2026:06:20:06 -0400] "GET /39056263743.htm HTTP/1.0" 301 3700 "-" "Mozilla/5.0 (compatible; SemrushBot/7~bl; +http://www.semrush.com/bot.html)"
185.191.171.2 - - [30/Apr/2026:06:20:06 -0400] "GET /39056263743.htm HTTP/1.0" 404 34055 "-" "Mozilla/5.0 (compatible; SemrushBot/7~bl; +http://www.semrush.com/bot.html)"
85.208.96.210 - - [30/Apr/2026:06:20:11 -0400] "GET /41583100848.htm HTTP/1.0" 404 34055 "-" "Mozilla/5.0 (compatible; SemrushBot/7~bl; +http://www.semrush.com/bot.html)"
85.208.96.206 - - [30/Apr/2026:06:20:13 -0400] "GET /40222313034.htm HTTP/1.0" 404 34055 "-" "Mozilla/5.0 (compatible; SemrushBot/7~bl; +http://www.semrush.com/bot.html)"
185.191.171.9 - - [30/Apr/2026:06:20:14 -0400] "GET /40222306020.htm HTTP/1.0" 404 34055 "-" "Mozilla/5.0 (compatible; SemrushBot/7~bl; +http://www.semrush.com/bot.html)"
15.235.27.104 - - [30/Apr/2026:06:20:16 -0400] "GET /3905696273.htm HTTP/1.0" 301 3699 "-" "Mozilla/5.0 (compatible; AhrefsBot/7.0; +http://ahrefs.com/robot/)"
185.191.171.2 - - [30/Apr/2026:06:20:18 -0400] "GET /robots.txt HTTP/1.0" 200 3903 "-" "Mozilla/5.0 (compatible; SemrushBot/7~bl; +http://www.semrush.com/bot.html)"
185.191.171.1 - - [30/Apr/2026:06:20:18 -0400] "GET /3905617302.htm HTTP/1.0" 301 3699 "-" "Mozilla/5.0 (compatible; SemrushBot/7~bl; +http://www.semrush.com/bot.html)"
85.208.96.198 - - [30/Apr/2026:06:20:19 -0400] "GET /3905617302.htm HTTP/1.0" 404 34055 "-" "Mozilla/5.0 (compatible; SemrushBot/7~bl; +http://www.semrush.com/bot.html)"
185.191.171.16 - - [30/Apr/2026:06:20:20 -0400] "GET /11317163254.htm HTTP/1.0" 301 3700 "-" "Mozilla/5.0 (compatible; SemrushBot/7~bl; +http://www.semrush.com/bot.html)"
85.208.96.208 - - [30/Apr/2026:06:20:21 -0400] "GET /11317163254.htm HTTP/1.0" 404 34055 "-" "Mozilla/5.0 (compatible; SemrushBot/7~bl; +http://www.semrush.com/bot.html)"
185.191.171.5 - - [30/Apr/2026:06:20:27 -0400] "GET /40222298072.htm HTTP/1.0" 404 34055 "-" "Mozilla/5.0 (compatible; SemrushBot/7~bl; +http://www.semrush.com/bot.html)"
15.235.27.156 - - [30/Apr/2026:06:20:32 -0400] "GET /390569531.htm HTTP/1.0" 301 3698 "-" "Mozilla/5.0 (compatible; AhrefsBot/7.0; +http://ahrefs.com/robot/)"
85.208.96.203 - - [30/Apr/2026:06:20:36 -0400] "GET /40222325495.htm HTTP/1.0" 404 34055 "-" "Mozilla/5.0 (compatible; SemrushBot/7~bl; +http://www.semrush.com/bot.html)"
85.208.96.201 - - [30/Apr/2026:06:20:39 -0400] "GET /39056174450.htm HTTP/1.0" 301 3700 "-" "Mozilla/5.0 (compatible; SemrushBot/7~bl; +http://www.semrush.com/bot.html)"
185.191.171.18 - - [30/Apr/2026:06:20:40 -0400] "GET /39056174450.htm HTTP/1.0" 404 34055 "-" "Mozilla/5.0 (compatible; SemrushBot/7~bl; +http://www.semrush.com/bot.html)"
185.191.171.6 - - [30/Apr/2026:06:20:42 -0400] "GET /2902090820.htm HTTP/1.0" 301 3699 "-" "Mozilla/5.0 (compatible; SemrushBot/7~bl; +http://www.semrush.com/bot.html)"
85.208.96.202 - - [30/Apr/2026:06:20:42 -0400] "GET /2902090820.htm HTTP/1.0" 404 34055 "-" "Mozilla/5.0 (compatible; SemrushBot/7~bl; +http://www.semrush.com/bot.html)"
142.44.233.165 - - [30/Apr/2026:06:20:45 -0400] "GET /3905694757.htm HTTP/1.0" 301 3699 "-" "Mozilla/5.0 (compatible; AhrefsBot/7.0; +http://ahrefs.com/robot/)"
85.208.96.206 - - [30/Apr/2026:06:20:53 -0400] "GET /4022230010.htm HTTP/1.0" 404 34055 "-" "Mozilla/5.0 (compatible; SemrushBot/7~bl; +http://www.semrush.com/bot.html)"
23.251.71.110 - - [30/Apr/2026:06:20:57 -0400] "GET /90555187989.htm HTTP/1.0" 301 3700 "-" "Mozilla/5.0 (Windows NT 10.0; Win64; x64) AppleWebKit/537.36 (KHTML, like Gecko) Chrome/99.0.4844.51 Safari/537.36"
85.208.96.207 - - [30/Apr/2026:06:20:57 -0400] "GET /39056208535.htm HTTP/1.0" 301 3700 "-" "Mozilla/5.0 (compatible; SemrushBot/7~bl; +http://www.semrush.com/bot.html)"
194.156.224.144 - - [30/Apr/2026:06:20:58 -0400] "GET /90555187989.htm HTTP/1.0" 404 34055 "-" "Mozilla/5.0 (Windows NT 10.0; Win64; x64) AppleWebKit/537.36 (KHTML, like Gecko) Chrome/99.0.4844.51 Safari/537.36"
185.191.171.16 - - [30/Apr/2026:06:20:58 -0400] "GET /4022243352.htm HTTP/1.0" 404 34055 "-" "Mozilla/5.0 (compatible; SemrushBot/7~bl; +http://www.semrush.com/bot.html)"
85.208.96.201 - - [30/Apr/2026:06:21:00 -0400] "GET /11317151137.htm HTTP/1.0" 301 3700 "-" "Mozilla/5.0 (compatible; SemrushBot/7~bl; +http://www.semrush.com/bot.html)"
185.191.171.16 - - [30/Apr/2026:06:21:01 -0400] "GET /40222312317.htm HTTP/1.0" 404 34055 "-" "Mozilla/5.0 (compatible; SemrushBot/7~bl; +http://www.semrush.com/bot.html)"
51.222.168.223 - - [30/Apr/2026:06:21:01 -0400] "GET /3905693670.htm HTTP/1.0" 301 3699 "-" "Mozilla/5.0 (compatible; AhrefsBot/7.0; +http://ahrefs.com/robot/)"
185.191.171.2 - - [30/Apr/2026:06:21:03 -0400] "GET /11317151137.htm HTTP/1.0" 404 34055 "-" "Mozilla/5.0 (compatible; SemrushBot/7~bl; +http://www.semrush.com/bot.html)"
85.208.96.198 - - [30/Apr/2026:06:21:04 -0400] "GET /39056208535.htm HTTP/1.0" 404 34055 "-" "Mozilla/5.0 (compatible; SemrushBot/7~bl; +http://www.semrush.com/bot.html)"
213.55.96.152 - - [30/Apr/2026:06:21:06 -0400] "GET /wp-login.php HTTP/1.0" 200 9158 "-" "Mozilla/5.0 (Windows NT 6.3; Win64; x64) AppleWebKit/537.36 (KHTML, like Gecko) Chrome/66.0.3359.170 Safari/537.36"
213.55.96.152 - - [30/Apr/2026:06:21:07 -0400] "POST /wp-login.php HTTP/1.0" 200 9596 "https://jcorrmechanical.com/wp-login.php" "Mozilla/5.0 (Windows NT 6.3; Win64; x64) AppleWebKit/537.36 (KHTML, like Gecko) Chrome/66.0.3359.170 Safari/537.36"
185.191.171.8 - - [30/Apr/2026:06:21:07 -0400] "GET /3905699735.htm HTTP/1.0" 301 3699 "-" "Mozilla/5.0 (compatible; SemrushBot/7~bl; +http://www.semrush.com/bot.html)"
185.191.171.4 - - [30/Apr/2026:06:21:08 -0400] "GET /3905699735.htm HTTP/1.0" 404 34055 "-" "Mozilla/5.0 (compatible; SemrushBot/7~bl; +http://www.semrush.com/bot.html)"
