83.147.38.246 - - [01/May/2026:08:32:51 -0400] "GET /wp-includes/js/hoverintent-js.min.js?ver=2.2.1 HTTP/1.0" 200 3590 "https://www.jcorrmechanical.com/wp-admin/" "Mozilla/5.0 (Windows NT 10.0; Win64; x64) AppleWebKit/537.36 (KHTML, like Gecko) Chrome/147.0.0.0 Safari/537.36"
83.147.38.246 - - [01/May/2026:08:32:51 -0400] "GET /wp-includes/js/admin-bar.min.js?ver=6.9.4 HTTP/1.0" 200 3585 "https://www.jcorrmechanical.com/wp-admin/" "Mozilla/5.0 (Windows NT 10.0; Win64; x64) AppleWebKit/537.36 (KHTML, like Gecko) Chrome/147.0.0.0 Safari/537.36"
83.147.38.246 - - [01/May/2026:08:32:51 -0400] "GET /wp-includes/js/clipboard.min.js?ver=2.0.11 HTTP/1.0" 200 3585 "https://www.jcorrmechanical.com/wp-admin/" "Mozilla/5.0 (Windows NT 10.0; Win64; x64) AppleWebKit/537.36 (KHTML, like Gecko) Chrome/147.0.0.0 Safari/537.36"
83.147.38.246 - - [01/May/2026:08:32:51 -0400] "GET /wp-includes/js/api-request.min.js?ver=6.9.4 HTTP/1.0" 200 4652 "https://www.jcorrmechanical.com/wp-admin/" "Mozilla/5.0 (Windows NT 10.0; Win64; x64) AppleWebKit/537.36 (KHTML, like Gecko) Chrome/147.0.0.0 Safari/537.36"
83.147.38.246 - - [01/May/2026:08:32:51 -0400] "GET /wp-includes/js/dist/url.min.js?ver=9e178c9516d1222dc834 HTTP/1.0" 200 3584 "https://www.jcorrmechanical.com/wp-admin/" "Mozilla/5.0 (Windows NT 10.0; Win64; x64) AppleWebKit/537.36 (KHTML, like Gecko) Chrome/147.0.0.0 Safari/537.36"
83.147.38.246 - - [01/May/2026:08:32:51 -0400] "GET /wp-admin/js/site-health.min.js?ver=6.9.4 HTTP/1.0" 200 3584 "https://www.jcorrmechanical.com/wp-admin/" "Mozilla/5.0 (Windows NT 10.0; Win64; x64) AppleWebKit/537.36 (KHTML, like Gecko) Chrome/147.0.0.0 Safari/537.36"
83.147.38.246 - - [01/May/2026:08:32:51 -0400] "GET /wp-includes/js/wp-ajax-response.min.js?ver=6.9.4 HTTP/1.0" 200 3592 "https://www.jcorrmechanical.com/wp-admin/" "Mozilla/5.0 (Windows NT 10.0; Win64; x64) AppleWebKit/537.36 (KHTML, like Gecko) Chrome/147.0.0.0 Safari/537.36"
83.147.38.246 - - [01/May/2026:08:32:51 -0400] "GET /wp-includes/js/wp-lists.min.js?ver=6.9.4 HTTP/1.0" 200 3584 "https://www.jcorrmechanical.com/wp-admin/" "Mozilla/5.0 (Windows NT 10.0; Win64; x64) AppleWebKit/537.36 (KHTML, like Gecko) Chrome/147.0.0.0 Safari/537.36"
83.147.38.246 - - [01/May/2026:08:32:51 -0400] "GET /wp-includes/js/jquery/jquery.color.min.js?ver=3.0.0 HTTP/1.0" 200 3595 "https://www.jcorrmechanical.com/wp-admin/" "Mozilla/5.0 (Windows NT 10.0; Win64; x64) AppleWebKit/537.36 (KHTML, like Gecko) Chrome/147.0.0.0 Safari/537.36"
83.147.38.246 - - [01/May/2026:08:32:51 -0400] "GET /wp-includes/js/jquery/jquery.query.js?ver=2.2.3 HTTP/1.0" 200 3591 "https://www.jcorrmechanical.com/wp-admin/" "Mozilla/5.0 (Windows NT 10.0; Win64; x64) AppleWebKit/537.36 (KHTML, like Gecko) Chrome/147.0.0.0 Safari/537.36"
83.147.38.246 - - [01/May/2026:08:32:51 -0400] "GET /wp-admin/js/edit-comments.min.js?ver=6.9.4 HTTP/1.0" 200 3586 "https://www.jcorrmechanical.com/wp-admin/" "Mozilla/5.0 (Windows NT 10.0; Win64; x64) AppleWebKit/537.36 (KHTML, like Gecko) Chrome/147.0.0.0 Safari/537.36"
83.147.38.246 - - [01/May/2026:08:32:51 -0400] "GET /wp-includes/js/quicktags.min.js?ver=6.9.4 HTTP/1.0" 200 3585 "https://www.jcorrmechanical.com/wp-admin/" "Mozilla/5.0 (Windows NT 10.0; Win64; x64) AppleWebKit/537.36 (KHTML, like Gecko) Chrome/147.0.0.0 Safari/537.36"
83.147.38.246 - - [01/May/2026:08:32:51 -0400] "GET /wp-includes/js/jquery/ui/mouse.min.js?ver=1.13.3 HTTP/1.0" 200 3591 "https://www.jcorrmechanical.com/wp-admin/" "Mozilla/5.0 (Windows NT 10.0; Win64; x64) AppleWebKit/537.36 (KHTML, like Gecko) Chrome/147.0.0.0 Safari/537.36"
83.147.38.246 - - [01/May/2026:08:32:51 -0400] "GET /wp-includes/js/jquery/ui/core.min.js?ver=1.13.3 HTTP/1.0" 200 3590 "https://www.jcorrmechanical.com/wp-admin/" "Mozilla/5.0 (Windows NT 10.0; Win64; x64) AppleWebKit/537.36 (KHTML, like Gecko) Chrome/147.0.0.0 Safari/537.36"
83.147.38.246 - - [01/May/2026:08:32:51 -0400] "GET /wp-includes/js/jquery/ui/sortable.min.js?ver=1.13.3 HTTP/1.0" 200 3594 "https://www.jcorrmechanical.com/wp-admin/" "Mozilla/5.0 (Windows NT 10.0; Win64; x64) AppleWebKit/537.36 (KHTML, like Gecko) Chrome/147.0.0.0 Safari/537.36"
83.147.38.246 - - [01/May/2026:08:32:51 -0400] "GET /wp-admin/js/postbox.min.js?ver=6.9.4 HTTP/1.0" 200 3580 "https://www.jcorrmechanical.com/wp-admin/" "Mozilla/5.0 (Windows NT 10.0; Win64; x64) AppleWebKit/537.36 (KHTML, like Gecko) Chrome/147.0.0.0 Safari/537.36"
83.147.38.246 - - [01/May/2026:08:32:51 -0400] "GET /wp-includes/js/dist/vendor/moment.min.js?ver=2.30.1 HTTP/1.0" 200 3594 "https://www.jcorrmechanical.com/wp-admin/" "Mozilla/5.0 (Windows NT 10.0; Win64; x64) AppleWebKit/537.36 (KHTML, like Gecko) Chrome/147.0.0.0 Safari/537.36"
83.147.38.246 - - [01/May/2026:08:32:51 -0400] "GET /wp-includes/js/dist/deprecated.min.js?ver=e1f84915c5e8ae38964c HTTP/1.0" 200 4312 "https://www.jcorrmechanical.com/wp-admin/" "Mozilla/5.0 (Windows NT 10.0; Win64; x64) AppleWebKit/537.36 (KHTML, like Gecko) Chrome/147.0.0.0 Safari/537.36"
83.147.38.246 - - [01/May/2026:08:32:51 -0400] "GET /wp-includes/js/dist/date.min.js?ver=795a56839718d3ff7eae HTTP/1.0" 200 3585 "https://www.jcorrmechanical.com/wp-admin/" "Mozilla/5.0 (Windows NT 10.0; Win64; x64) AppleWebKit/537.36 (KHTML, like Gecko) Chrome/147.0.0.0 Safari/537.36"
83.147.38.246 - - [01/May/2026:08:32:51 -0400] "GET /wp-admin/js/dashboard.min.js?ver=6.9.4 HTTP/1.0" 200 3582 "https://www.jcorrmechanical.com/wp-admin/" "Mozilla/5.0 (Windows NT 10.0; Win64; x64) AppleWebKit/537.36 (KHTML, like Gecko) Chrome/147.0.0.0 Safari/537.36"
83.147.38.246 - - [01/May/2026:08:32:51 -0400] "GET /wp-includes/js/thickbox/thickbox.js?ver=3.1-20121105 HTTP/1.0" 200 3589 "https://www.jcorrmechanical.com/wp-admin/" "Mozilla/5.0 (Windows NT 10.0; Win64; x64) AppleWebKit/537.36 (KHTML, like Gecko) Chrome/147.0.0.0 Safari/537.36"
83.147.38.246 - - [01/May/2026:08:32:51 -0400] "GET /wp-admin/js/plugin-install.min.js?ver=6.9.4 HTTP/1.0" 200 3587 "https://www.jcorrmechanical.com/wp-admin/" "Mozilla/5.0 (Windows NT 10.0; Win64; x64) AppleWebKit/537.36 (KHTML, like Gecko) Chrome/147.0.0.0 Safari/537.36"
83.147.38.246 - - [01/May/2026:08:32:51 -0400] "GET /wp-admin/js/updates.min.js?ver=6.9.4 HTTP/1.0" 200 3580 "https://www.jcorrmechanical.com/wp-admin/" "Mozilla/5.0 (Windows NT 10.0; Win64; x64) AppleWebKit/537.36 (KHTML, like Gecko) Chrome/147.0.0.0 Safari/537.36"
83.147.38.246 - - [01/May/2026:08:32:51 -0400] "GET /wp-includes/js/wp-sanitize.min.js?ver=6.9.4 HTTP/1.0" 200 4072 "https://www.jcorrmechanical.com/wp-admin/" "Mozilla/5.0 (Windows NT 10.0; Win64; x64) AppleWebKit/537.36 (KHTML, like Gecko) Chrome/147.0.0.0 Safari/537.36"
83.147.38.246 - - [01/May/2026:08:32:51 -0400] "GET /wp-includes/js/shortcode.min.js?ver=6.9.4 HTTP/1.0" 200 3585 "https://www.jcorrmechanical.com/wp-admin/" "Mozilla/5.0 (Windows NT 10.0; Win64; x64) AppleWebKit/537.36 (KHTML, like Gecko) Chrome/147.0.0.0 Safari/537.36"
83.147.38.246 - - [01/May/2026:08:32:51 -0400] "GET /wp-admin/js/svg-painter.js?ver=6.9.4 HTTP/1.0" 200 3580 "https://www.jcorrmechanical.com/wp-admin/" "Mozilla/5.0 (Windows NT 10.0; Win64; x64) AppleWebKit/537.36 (KHTML, like Gecko) Chrome/147.0.0.0 Safari/537.36"
83.147.38.246 - - [01/May/2026:08:32:51 -0400] "GET /wp-admin/js/media-upload.min.js?ver=6.9.4 HTTP/1.0" 200 3585 "https://www.jcorrmechanical.com/wp-admin/" "Mozilla/5.0 (Windows NT 10.0; Win64; x64) AppleWebKit/537.36 (KHTML, like Gecko) Chrome/147.0.0.0 Safari/537.36"
83.147.38.246 - - [01/May/2026:08:32:51 -0400] "GET /wp-includes/js/heartbeat.min.js?ver=6.9.4 HTTP/1.0" 200 3585 "https://www.jcorrmechanical.com/wp-admin/" "Mozilla/5.0 (Windows NT 10.0; Win64; x64) AppleWebKit/537.36 (KHTML, like Gecko) Chrome/147.0.0.0 Safari/537.36"
83.147.38.246 - - [01/May/2026:08:32:51 -0400] "GET /wp-includes/js/dist/vendor/react.min.js?ver=18.3.1.1 HTTP/1.0" 200 3593 "https://www.jcorrmechanical.com/wp-admin/" "Mozilla/5.0 (Windows NT 10.0; Win64; x64) AppleWebKit/537.36 (KHTML, like Gecko) Chrome/147.0.0.0 Safari/537.36"
83.147.38.246 - - [01/May/2026:08:32:51 -0400] "GET /wp-includes/js/wp-auth-check.min.js?ver=6.9.4 HTTP/1.0" 200 3589 "https://www.jcorrmechanical.com/wp-admin/" "Mozilla/5.0 (Windows NT 10.0; Win64; x64) AppleWebKit/537.36 (KHTML, like Gecko) Chrome/147.0.0.0 Safari/537.36"
83.147.38.246 - - [01/May/2026:08:32:51 -0400] "GET /wp-includes/js/dist/vendor/react-dom.min.js?ver=18.3.1.1 HTTP/1.0" 200 3597 "https://www.jcorrmechanical.com/wp-admin/" "Mozilla/5.0 (Windows NT 10.0; Win64; x64) AppleWebKit/537.36 (KHTML, like Gecko) Chrome/147.0.0.0 Safari/537.36"
83.147.38.246 - - [01/May/2026:08:32:51 -0400] "GET /wp-includes/js/dist/vendor/react-jsx-runtime.min.js?ver=18.3.1 HTTP/1.0" 200 4528 "https://www.jcorrmechanical.com/wp-admin/" "Mozilla/5.0 (Windows NT 10.0; Win64; x64) AppleWebKit/537.36 (KHTML, like Gecko) Chrome/147.0.0.0 Safari/537.36"
83.147.38.246 - - [01/May/2026:08:32:51 -0400] "GET /wp-includes/js/dist/dom.min.js?ver=26edef3be6483da3de2e HTTP/1.0" 200 3584 "https://www.jcorrmechanical.com/wp-admin/" "Mozilla/5.0 (Windows NT 10.0; Win64; x64) AppleWebKit/537.36 (KHTML, like Gecko) Chrome/147.0.0.0 Safari/537.36"
83.147.38.246 - - [01/May/2026:08:32:51 -0400] "GET /wp-includes/js/dist/escape-html.min.js?ver=6561a406d2d232a6fbd2 HTTP/1.0" 200 4629 "https://www.jcorrmechanical.com/wp-admin/" "Mozilla/5.0 (Windows NT 10.0; Win64; x64) AppleWebKit/537.36 (KHTML, like Gecko) Chrome/147.0.0.0 Safari/537.36"
83.147.38.246 - - [01/May/2026:08:32:51 -0400] "GET /wp-includes/js/dist/element.min.js?ver=6a582b0c827fa25df3dd HTTP/1.0" 200 3588 "https://www.jcorrmechanical.com/wp-admin/" "Mozilla/5.0 (Windows NT 10.0; Win64; x64) AppleWebKit/537.36 (KHTML, like Gecko) Chrome/147.0.0.0 Safari/537.36"
83.147.38.246 - - [01/May/2026:08:32:51 -0400] "GET /wp-includes/js/dist/is-shallow-equal.min.js?ver=e0f9f1d78d83f5196979 HTTP/1.0" 200 4647 "https://www.jcorrmechanical.com/wp-admin/" "Mozilla/5.0 (Windows NT 10.0; Win64; x64) AppleWebKit/537.36 (KHTML, like Gecko) Chrome/147.0.0.0 Safari/537.36"
83.147.38.246 - - [01/May/2026:08:32:51 -0400] "GET /wp-includes/js/dist/keycodes.min.js?ver=34c8fb5e7a594a1c8037 HTTP/1.0" 200 3589 "https://www.jcorrmechanical.com/wp-admin/" "Mozilla/5.0 (Windows NT 10.0; Win64; x64) AppleWebKit/537.36 (KHTML, like Gecko) Chrome/147.0.0.0 Safari/537.36"
83.147.38.246 - - [01/May/2026:08:32:51 -0400] "GET /wp-includes/js/dist/priority-queue.min.js?ver=2d59d091223ee9a33838 HTTP/1.0" 200 3595 "https://www.jcorrmechanical.com/wp-admin/" "Mozilla/5.0 (Windows NT 10.0; Win64; x64) AppleWebKit/537.36 (KHTML, like Gecko) Chrome/147.0.0.0 Safari/537.36"
83.147.38.246 - - [01/May/2026:08:32:51 -0400] "GET /wp-includes/js/dist/compose.min.js?ver=7a9b375d8c19cf9d3d9b HTTP/1.0" 200 3588 "https://www.jcorrmechanical.com/wp-admin/" "Mozilla/5.0 (Windows NT 10.0; Win64; x64) AppleWebKit/537.36 (KHTML, like Gecko) Chrome/147.0.0.0 Safari/537.36"
83.147.38.246 - - [01/May/2026:08:32:51 -0400] "GET /wp-includes/js/dist/html-entities.min.js?ver=e8b78b18a162491d5e5f HTTP/1.0" 200 4420 "https://www.jcorrmechanical.com/wp-admin/" "Mozilla/5.0 (Windows NT 10.0; Win64; x64) AppleWebKit/537.36 (KHTML, like Gecko) Chrome/147.0.0.0 Safari/537.36"
83.147.38.246 - - [01/May/2026:08:32:51 -0400] "GET /wp-includes/js/dist/primitives.min.js?ver=0b5dcc337aa7cbf75570 HTTP/1.0" 200 3591 "https://www.jcorrmechanical.com/wp-admin/" "Mozilla/5.0 (Windows NT 10.0; Win64; x64) AppleWebKit/537.36 (KHTML, like Gecko) Chrome/147.0.0.0 Safari/537.36"
83.147.38.246 - - [01/May/2026:08:32:51 -0400] "GET /wp-includes/js/dist/private-apis.min.js?ver=4f465748bda624774139 HTTP/1.0" 200 3593 "https://www.jcorrmechanical.com/wp-admin/" "Mozilla/5.0 (Windows NT 10.0; Win64; x64) AppleWebKit/537.36 (KHTML, like Gecko) Chrome/147.0.0.0 Safari/537.36"
83.147.38.246 - - [01/May/2026:08:32:51 -0400] "GET /wp-includes/js/dist/redux-routine.min.js?ver=8bb92d45458b29590f53 HTTP/1.0" 200 3594 "https://www.jcorrmechanical.com/wp-admin/" "Mozilla/5.0 (Windows NT 10.0; Win64; x64) AppleWebKit/537.36 (KHTML, like Gecko) Chrome/147.0.0.0 Safari/537.36"
83.147.38.246 - - [01/May/2026:08:32:51 -0400] "GET /wp-includes/js/dist/data.min.js?ver=f940198280891b0b6318 HTTP/1.0" 200 3585 "https://www.jcorrmechanical.com/wp-admin/" "Mozilla/5.0 (Windows NT 10.0; Win64; x64) AppleWebKit/537.36 (KHTML, like Gecko) Chrome/147.0.0.0 Safari/537.36"
83.147.38.246 - - [01/May/2026:08:32:51 -0400] "GET /wp-includes/js/dist/rich-text.min.js?ver=5bdbb44f3039529e3645 HTTP/1.0" 200 3590 "https://www.jcorrmechanical.com/wp-admin/" "Mozilla/5.0 (Windows NT 10.0; Win64; x64) AppleWebKit/537.36 (KHTML, like Gecko) Chrome/147.0.0.0 Safari/537.36"
83.147.38.246 - - [01/May/2026:08:32:51 -0400] "GET /wp-includes/js/dist/warning.min.js?ver=d69bc18c456d01c11d5a HTTP/1.0" 200 3931 "https://www.jcorrmechanical.com/wp-admin/" "Mozilla/5.0 (Windows NT 10.0; Win64; x64) AppleWebKit/537.36 (KHTML, like Gecko) Chrome/147.0.0.0 Safari/537.36"
83.147.38.246 - - [01/May/2026:08:32:51 -0400] "GET /wp-includes/js/dist/keyboard-shortcuts.min.js?ver=fbc45a34ce65c5723afa HTTP/1.0" 200 3599 "https://www.jcorrmechanical.com/wp-admin/" "Mozilla/5.0 (Windows NT 10.0; Win64; x64) AppleWebKit/537.36 (KHTML, like Gecko) Chrome/147.0.0.0 Safari/537.36"
83.147.38.246 - - [01/May/2026:08:32:51 -0400] "GET /wp-includes/js/dist/components.min.js?ver=0d72a218dfea8f6f442f HTTP/1.0" 200 3591 "https://www.jcorrmechanical.com/wp-admin/" "Mozilla/5.0 (Windows NT 10.0; Win64; x64) AppleWebKit/537.36 (KHTML, like Gecko) Chrome/147.0.0.0 Safari/537.36"
83.147.38.246 - - [01/May/2026:08:32:51 -0400] "GET /wp-includes/js/dist/commands.min.js?ver=cac8f4817ab7cea0ac49 HTTP/1.0" 200 3589 "https://www.jcorrmechanical.com/wp-admin/" "Mozilla/5.0 (Windows NT 10.0; Win64; x64) AppleWebKit/537.36 (KHTML, like Gecko) Chrome/147.0.0.0 Safari/537.36"
83.147.38.246 - - [01/May/2026:08:32:51 -0400] "GET /wp-includes/js/dist/blob.min.js?ver=9113eed771d446f4a556 HTTP/1.0" 200 3585 "https://www.jcorrmechanical.com/wp-admin/" "Mozilla/5.0 (Windows NT 10.0; Win64; x64) AppleWebKit/537.36 (KHTML, like Gecko) Chrome/147.0.0.0 Safari/537.36"
83.147.38.246 - - [01/May/2026:08:32:51 -0400] "GET /wp-includes/js/dist/block-serialization-default-parser.min.js?ver=14d44daebf663d05d330 HTTP/1.0" 200 3615 "https://www.jcorrmechanical.com/wp-admin/" "Mozilla/5.0 (Windows NT 10.0; Win64; x64) AppleWebKit/537.36 (KHTML, like Gecko) Chrome/147.0.0.0 Safari/537.36"
83.147.38.246 - - [01/May/2026:08:32:51 -0400] "GET /wp-includes/js/dist/api-fetch.min.js?ver=3a4d9af2b423048b0dee HTTP/1.0" 200 3590 "https://www.jcorrmechanical.com/wp-admin/" "Mozilla/5.0 (Windows NT 10.0; Win64; x64) AppleWebKit/537.36 (KHTML, like Gecko) Chrome/147.0.0.0 Safari/537.36"
83.147.38.246 - - [01/May/2026:08:32:51 -0400] "GET /wp-includes/js/dist/shortcode.min.js?ver=0b3174183b858f2df320 HTTP/1.0" 200 3590 "https://www.jcorrmechanical.com/wp-admin/" "Mozilla/5.0 (Windows NT 10.0; Win64; x64) AppleWebKit/537.36 (KHTML, like Gecko) Chrome/147.0.0.0 Safari/537.36"
83.147.38.246 - - [01/May/2026:08:32:51 -0400] "GET /wp-includes/js/dist/blocks.min.js?ver=57eca4d23daac7159d88 HTTP/1.0" 200 3587 "https://www.jcorrmechanical.com/wp-admin/" "Mozilla/5.0 (Windows NT 10.0; Win64; x64) AppleWebKit/537.36 (KHTML, like Gecko) Chrome/147.0.0.0 Safari/537.36"
83.147.38.246 - - [01/May/2026:08:32:51 -0400] "GET /wp-includes/js/dist/autop.min.js?ver=9fb50649848277dd318d HTTP/1.0" 200 3586 "https://www.jcorrmechanical.com/wp-admin/" "Mozilla/5.0 (Windows NT 10.0; Win64; x64) AppleWebKit/537.36 (KHTML, like Gecko) Chrome/147.0.0.0 Safari/537.36"
83.147.38.246 - - [01/May/2026:08:32:51 -0400] "GET /wp-includes/js/dist/notices.min.js?ver=f62fbf15dcc23301922f HTTP/1.0" 200 3588 "https://www.jcorrmechanical.com/wp-admin/" "Mozilla/5.0 (Windows NT 10.0; Win64; x64) AppleWebKit/537.36 (KHTML, like Gecko) Chrome/147.0.0.0 Safari/537.36"
83.147.38.246 - - [01/May/2026:08:32:51 -0400] "GET /wp-includes/js/dist/preferences-persistence.min.js?ver=e954d3a4426d311f7d1a HTTP/1.0" 200 3604 "https://www.jcorrmechanical.com/wp-admin/" "Mozilla/5.0 (Windows NT 10.0; Win64; x64) AppleWebKit/537.36 (KHTML, like Gecko) Chrome/147.0.0.0 Safari/537.36"
83.147.38.246 - - [01/May/2026:08:32:51 -0400] "GET /wp-includes/js/dist/token-list.min.js?ver=cfdf635a436c3953a965 HTTP/1.0" 200 3591 "https://www.jcorrmechanical.com/wp-admin/" "Mozilla/5.0 (Windows NT 10.0; Win64; x64) AppleWebKit/537.36 (KHTML, like Gecko) Chrome/147.0.0.0 Safari/537.36"
83.147.38.246 - - [01/May/2026:08:32:51 -0400] "GET /wp-includes/js/dist/core-data.min.js?ver=15baadfe6e1374188072 HTTP/1.0" 200 3590 "https://www.jcorrmechanical.com/wp-admin/" "Mozilla/5.0 (Windows NT 10.0; Win64; x64) AppleWebKit/537.36 (KHTML, like Gecko) Chrome/147.0.0.0 Safari/537.36"
83.147.38.246 - - [01/May/2026:08:32:51 -0400] "GET /wp-includes/js/dist/block-editor.min.js?ver=addf558a422e2ee57920 HTTP/1.0" 200 3593 "https://www.jcorrmechanical.com/wp-admin/" "Mozilla/5.0 (Windows NT 10.0; Win64; x64) AppleWebKit/537.36 (KHTML, like Gecko) Chrome/147.0.0.0 Safari/537.36"
83.147.38.246 - - [01/May/2026:08:32:51 -0400] "GET /wp-includes/js/dist/style-engine.min.js?ver=7c6fcedc37dadafb8a81 HTTP/1.0" 200 3593 "https://www.jcorrmechanical.com/wp-admin/" "Mozilla/5.0 (Windows NT 10.0; Win64; x64) AppleWebKit/537.36 (KHTML, like Gecko) Chrome/147.0.0.0 Safari/537.36"
83.147.38.246 - - [01/May/2026:08:32:51 -0400] "GET /wp-includes/js/dist/preferences.min.js?ver=2ca086aed510c242a1ed HTTP/1.0" 200 3592 "https://www.jcorrmechanical.com/wp-admin/" "Mozilla/5.0 (Windows NT 10.0; Win64; x64) AppleWebKit/537.36 (KHTML, like Gecko) Chrome/147.0.0.0 Safari/537.36"
83.147.38.246 - - [01/May/2026:08:32:51 -0400] "GET /wp-includes/js/dist/router.min.js?ver=2dfc4b954318a03e6a76 HTTP/1.0" 200 3587 "https://www.jcorrmechanical.com/wp-admin/" "Mozilla/5.0 (Windows NT 10.0; Win64; x64) AppleWebKit/537.36 (KHTML, like Gecko) Chrome/147.0.0.0 Safari/537.36"
83.147.38.246 - - [01/May/2026:08:32:52 -0400] "GET /wp-includes/js/wplink.min.js?ver=6.9.4 HTTP/1.0" 200 3582 "https://www.jcorrmechanical.com/wp-admin/" "Mozilla/5.0 (Windows NT 10.0; Win64; x64) AppleWebKit/537.36 (KHTML, like Gecko) Chrome/147.0.0.0 Safari/537.36"
83.147.38.246 - - [01/May/2026:08:32:52 -0400] "GET /wp-includes/js/jquery/ui/autocomplete.min.js?ver=1.13.3 HTTP/1.0" 200 3598 "https://www.jcorrmechanical.com/wp-admin/" "Mozilla/5.0 (Windows NT 10.0; Win64; x64) AppleWebKit/537.36 (KHTML, like Gecko) Chrome/147.0.0.0 Safari/537.36"
83.147.38.246 - - [01/May/2026:08:32:52 -0400] "GET /wp-includes/js/jquery/ui/menu.min.js?ver=1.13.3 HTTP/1.0" 200 3590 "https://www.jcorrmechanical.com/wp-admin/" "Mozilla/5.0 (Windows NT 10.0; Win64; x64) AppleWebKit/537.36 (KHTML, like Gecko) Chrome/147.0.0.0 Safari/537.36"
83.147.38.246 - - [01/May/2026:08:32:52 -0400] "GET /wp-includes/js/dist/core-commands.min.js?ver=effe2d88d7f0c50a8ce9 HTTP/1.0" 200 3594 "https://www.jcorrmechanical.com/wp-admin/" "Mozilla/5.0 (Windows NT 10.0; Win64; x64) AppleWebKit/537.36 (KHTML, like Gecko) Chrome/147.0.0.0 Safari/537.36"
83.147.38.246 - - [01/May/2026:08:32:52 -0400] "GET /wp-content/themes/smart-cleaning/assets/js/theme-importer.js HTTP/1.0" 200 3614 "https://www.jcorrmechanical.com/wp-admin/" "Mozilla/5.0 (Windows NT 10.0; Win64; x64) AppleWebKit/537.36 (KHTML, like Gecko) Chrome/147.0.0.0 Safari/537.36"
83.147.38.246 - - [01/May/2026:08:32:52 -0400] "GET /wp-content/plugins/filester//assets/js/cross.js?ver=1.0 HTTP/1.0" 200 3600 "https://www.jcorrmechanical.com/wp-admin/" "Mozilla/5.0 (Windows NT 10.0; Win64; x64) AppleWebKit/537.36 (KHTML, like Gecko) Chrome/147.0.0.0 Safari/537.36"
83.147.38.246 - - [01/May/2026:08:32:52 -0400] "GET /wp-includes/js/thickbox/loadingAnimation.gif HTTP/1.0" 200 3585 "https://www.jcorrmechanical.com/wp-admin/" "Mozilla/5.0 (Windows NT 10.0; Win64; x64) AppleWebKit/537.36 (KHTML, like Gecko) Chrome/147.0.0.0 Safari/537.36"
83.147.38.246 - - [01/May/2026:08:32:52 -0400] "POST /wp-admin/admin-ajax.php HTTP/1.0" 200 4023 "https://www.jcorrmechanical.com/wp-admin/" "Mozilla/5.0 (Windows NT 10.0; Win64; x64) AppleWebKit/537.36 (KHTML, like Gecko) Chrome/147.0.0.0 Safari/537.36"
83.147.38.246 - - [01/May/2026:08:32:52 -0400] "GET /wp-admin/admin-ajax.php?action=dashboard-widgets&widget=dashboard_primary&pagenow=dashboard HTTP/1.0" 200 4794 "https://www.jcorrmechanical.com/wp-admin/" "Mozilla/5.0 (Windows NT 10.0; Win64; x64) AppleWebKit/537.36 (KHTML, like Gecko) Chrome/147.0.0.0 Safari/537.36"
148.113.128.232 - - [01/May/2026:08:32:57 -0400] "GET /8173890343.htm HTTP/1.0" 301 3699 "-" "Mozilla/5.0 (compatible; AhrefsBot/7.0; +http://ahrefs.com/robot/)"
43.172.194.4 - - [01/May/2026:08:32:58 -0400] "GET /4486279346.htm HTTP/1.0" 301 3699 "-" "Mozilla/5.0 (Windows NT 10.0; Win64; x64) AppleWebKit/537.36 (KHTML, like Gecko) Chrome/120.0.0.0 Safari/537.36"
43.172.194.33 - - [01/May/2026:08:32:58 -0400] "GET /4486279346.htm HTTP/1.0" 404 34055 "-" "Mozilla/5.0 (Windows NT 10.0; Win64; x64) AppleWebKit/537.36 (KHTML, like Gecko) Chrome/120.0.0.0 Safari/537.36"
83.147.38.246 - - [01/May/2026:08:32:59 -0400] "GET /wp-admin/post-new.php HTTP/1.0" 200 410773 "-" "Mozilla/5.0 (Windows NT 10.0; Win64; x64) AppleWebKit/537.36 (KHTML, like Gecko) Chrome/147.0.0.0 Safari/537.36"
83.147.38.246 - - [01/May/2026:08:33:00 -0400] "GET /wp-includes/js/mediaelement/wp-mediaelement.min.css?ver=6.9.4 HTTP/1.0" 200 3591 "https://www.jcorrmechanical.com/wp-admin/post-new.php" "Mozilla/5.0 (Windows NT 10.0; Win64; x64) AppleWebKit/537.36 (KHTML, like Gecko) Chrome/147.0.0.0 Safari/537.36"
83.147.38.246 - - [01/May/2026:08:33:00 -0400] "GET /wp-includes/js/imgareaselect/imgareaselect.css?ver=0.9.8 HTTP/1.0" 200 4404 "https://www.jcorrmechanical.com/wp-admin/post-new.php" "Mozilla/5.0 (Windows NT 10.0; Win64; x64) AppleWebKit/537.36 (KHTML, like Gecko) Chrome/147.0.0.0 Safari/537.36"
83.147.38.246 - - [01/May/2026:08:33:00 -0400] "GET /wp-includes/js/mediaelement/mediaelementplayer-legacy.min.css?ver=4.2.17 HTTP/1.0" 200 3601 "https://www.jcorrmechanical.com/wp-admin/post-new.php" "Mozilla/5.0 (Windows NT 10.0; Win64; x64) AppleWebKit/537.36 (KHTML, like Gecko) Chrome/147.0.0.0 Safari/537.36"
83.147.38.246 - - [01/May/2026:08:33:00 -0400] "GET /wp-includes/js/dist/patterns.min.js?ver=4131f04a041db58120d8 HTTP/1.0" 200 3589 "https://www.jcorrmechanical.com/wp-admin/post-new.php" "Mozilla/5.0 (Windows NT 10.0; Win64; x64) AppleWebKit/537.36 (KHTML, like Gecko) Chrome/147.0.0.0 Safari/537.36"
83.147.38.246 - - [01/May/2026:08:33:00 -0400] "GET /wp-includes/js/dist/latex-to-mathml.min.js?ver=960cef31b586960935b4 HTTP/1.0" 200 3596 "https://www.jcorrmechanical.com/wp-admin/post-new.php" "Mozilla/5.0 (Windows NT 10.0; Win64; x64) AppleWebKit/537.36 (KHTML, like Gecko) Chrome/147.0.0.0 Safari/537.36"
83.147.38.246 - - [01/May/2026:08:33:00 -0400] "GET /wp-admin/load-scripts.php?c=0&load%5Bchunk_0%5D=jquery-core,jquery-migrate,utils,moxiejs,plupload&ver=6.9.4 HTTP/1.0" 200 210407 "https://www.jcorrmechanical.com/wp-admin/post-new.php" "Mozilla/5.0 (Windows NT 10.0; Win64; x64) AppleWebKit/537.36 (KHTML, like Gecko) Chrome/147.0.0.0 Safari/537.36"
83.147.38.246 - - [01/May/2026:08:33:00 -0400] "GET /wp-admin/load-styles.php?c=0&dir=ltr&load%5Bchunk_0%5D=dashicons,admin-bar,buttons,media-views,editor-buttons,wp-components,wp-preferences,wp-block-editor,wp-reusable-blocks,wp-patter&load%5Bchunk_1%5D=ns,wp-editor,common,forms,wp-reset-editor-styles,wp-block-library,wp-block-editor-content,wp-editor-classic-layout-styles,wp-edi&load%5Bchunk_2%5D=t-blocks,wp-commands,wp-edit-post,wp-block-directory,wp-format-library,admin-menu,dashboard,list-tables,edit,revisions,media,the&load%5Bchunk_3%5D=mes,about,nav-menus,wp-pointer,widgets,site-icon,l10n,wp-auth-check,wp-block-library-theme,classic-theme-styles&ver=6.9.4 HTTP/1.0" 200 1033644 "https://www.jcorrmechanical.com/wp-admin/post-new.php" "Mozilla/5.0 (Windows NT 10.0; Win64; x64) AppleWebKit/537.36 (KHTML, like Gecko) Chrome/147.0.0.0 Safari/537.36"
83.147.38.246 - - [01/May/2026:08:33:00 -0400] "GET /wp-includes/js/dist/wordcount.min.js?ver=c5b97f11206928ea9130 HTTP/1.0" 200 3590 "https://www.jcorrmechanical.com/wp-admin/post-new.php" "Mozilla/5.0 (Windows NT 10.0; Win64; x64) AppleWebKit/537.36 (KHTML, like Gecko) Chrome/147.0.0.0 Safari/537.36"
83.147.38.246 - - [01/May/2026:08:33:00 -0400] "GET /wp-includes/js/dist/server-side-render.min.js?ver=7db2472793a2abb97aa5 HTTP/1.0" 200 3599 "https://www.jcorrmechanical.com/wp-admin/post-new.php" "Mozilla/5.0 (Windows NT 10.0; Win64; x64) AppleWebKit/537.36 (KHTML, like Gecko) Chrome/147.0.0.0 Safari/537.36"
83.147.38.246 - - [01/May/2026:08:33:00 -0400] "GET /wp-includes/js/dist/block-library.min.js?ver=3ab2dc0b20b9fb4239f7 HTTP/1.0" 200 3594 "https://www.jcorrmechanical.com/wp-admin/post-new.php" "Mozilla/5.0 (Windows NT 10.0; Win64; x64) AppleWebKit/537.36 (KHTML, like Gecko) Chrome/147.0.0.0 Safari/537.36"
83.147.38.246 - - [01/May/2026:08:33:00 -0400] "GET /wp-admin/js/editor.min.js?ver=6.9.4 HTTP/1.0" 200 3579 "https://www.jcorrmechanical.com/wp-admin/post-new.php" "Mozilla/5.0 (Windows NT 10.0; Win64; x64) AppleWebKit/537.36 (KHTML, like Gecko) Chrome/147.0.0.0 Safari/537.36"
83.147.38.246 - - [01/May/2026:08:33:00 -0400] "GET /wp-includes/js/dist/media-utils.min.js?ver=c66754bed5498afe7050 HTTP/1.0" 200 3592 "https://www.jcorrmechanical.com/wp-admin/post-new.php" "Mozilla/5.0 (Windows NT 10.0; Win64; x64) AppleWebKit/537.36 (KHTML, like Gecko) Chrome/147.0.0.0 Safari/537.36"
83.147.38.246 - - [01/May/2026:08:33:00 -0400] "GET /wp-includes/js/dist/viewport.min.js?ver=f07b4909c08cfe9de4e2 HTTP/1.0" 200 3589 "https://www.jcorrmechanical.com/wp-admin/post-new.php" "Mozilla/5.0 (Windows NT 10.0; Win64; x64) AppleWebKit/537.36 (KHTML, like Gecko) Chrome/147.0.0.0 Safari/537.36"
83.147.38.246 - - [01/May/2026:08:33:00 -0400] "GET /wp-includes/js/mediaelement/mediaelement-and-player.min.js?ver=4.2.17 HTTP/1.0" 200 3612 "https://www.jcorrmechanical.com/wp-admin/post-new.php" "Mozilla/5.0 (Windows NT 10.0; Win64; x64) AppleWebKit/537.36 (KHTML, like Gecko) Chrome/147.0.0.0 Safari/537.36"
83.147.38.246 - - [01/May/2026:08:33:00 -0400] "GET /wp-includes/js/mediaelement/mediaelement-migrate.min.js?ver=6.9.4 HTTP/1.0" 200 3609 "https://www.jcorrmechanical.com/wp-admin/post-new.php" "Mozilla/5.0 (Windows NT 10.0; Win64; x64) AppleWebKit/537.36 (KHTML, like Gecko) Chrome/147.0.0.0 Safari/537.36"
83.147.38.246 - - [01/May/2026:08:33:00 -0400] "GET /wp-includes/js/mediaelement/wp-mediaelement.min.js?ver=6.9.4 HTTP/1.0" 200 3604 "https://www.jcorrmechanical.com/wp-admin/post-new.php" "Mozilla/5.0 (Windows NT 10.0; Win64; x64) AppleWebKit/537.36 (KHTML, like Gecko) Chrome/147.0.0.0 Safari/537.36"
83.147.38.246 - - [01/May/2026:08:33:00 -0400] "GET /wp-includes/js/backbone.min.js?ver=1.6.0 HTTP/1.0" 200 3584 "https://www.jcorrmechanical.com/wp-admin/post-new.php" "Mozilla/5.0 (Windows NT 10.0; Win64; x64) AppleWebKit/537.36 (KHTML, like Gecko) Chrome/147.0.0.0 Safari/537.36"
83.147.38.246 - - [01/May/2026:08:33:00 -0400] "GET /wp-includes/js/dist/editor.min.js?ver=e94186146898a6d39837 HTTP/1.0" 200 3587 "https://www.jcorrmechanical.com/wp-admin/post-new.php" "Mozilla/5.0 (Windows NT 10.0; Win64; x64) AppleWebKit/537.36 (KHTML, like Gecko) Chrome/147.0.0.0 Safari/537.36"
83.147.38.246 - - [01/May/2026:08:33:00 -0400] "GET /wp-includes/js/dist/widgets.min.js?ver=c0e4adfacd4c628b1d02 HTTP/1.0" 200 3588 "https://www.jcorrmechanical.com/wp-admin/post-new.php" "Mozilla/5.0 (Windows NT 10.0; Win64; x64) AppleWebKit/537.36 (KHTML, like Gecko) Chrome/147.0.0.0 Safari/537.36"
83.147.38.246 - - [01/May/2026:08:33:00 -0400] "GET /wp-includes/js/imgareaselect/jquery.imgareaselect.min.js?ver=6.9.4 HTTP/1.0" 200 3610 "https://www.jcorrmechanical.com/wp-admin/post-new.php" "Mozilla/5.0 (Windows NT 10.0; Win64; x64) AppleWebKit/537.36 (KHTML, like Gecko) Chrome/147.0.0.0 Safari/537.36"
83.147.38.246 - - [01/May/2026:08:33:00 -0400] "GET /wp-includes/js/dist/edit-post.min.js?ver=f011f5ec0075a555ea9c HTTP/1.0" 200 3590 "https://www.jcorrmechanical.com/wp-admin/post-new.php" "Mozilla/5.0 (Windows NT 10.0; Win64; x64) AppleWebKit/537.36 (KHTML, like Gecko) Chrome/147.0.0.0 Safari/537.36"
83.147.38.246 - - [01/May/2026:08:33:00 -0400] "GET /wp-includes/js/dist/plugins.min.js?ver=039ed87b5b9f7036ceee HTTP/1.0" 200 3588 "https://www.jcorrmechanical.com/wp-admin/post-new.php" "Mozilla/5.0 (Windows NT 10.0; Win64; x64) AppleWebKit/537.36 (KHTML, like Gecko) Chrome/147.0.0.0 Safari/537.36"
83.147.38.246 - - [01/May/2026:08:33:00 -0400] "GET /wp-includes/js/media-views.min.js?ver=6.9.4 HTTP/1.0" 200 3587 "https://www.jcorrmechanical.com/wp-admin/post-new.php" "Mozilla/5.0 (Windows NT 10.0; Win64; x64) AppleWebKit/537.36 (KHTML, like Gecko) Chrome/147.0.0.0 Safari/537.36"
83.147.38.246 - - [01/May/2026:08:33:00 -0400] "GET /wp-includes/js/media-audiovideo.min.js?ver=6.9.4 HTTP/1.0" 200 3592 "https://www.jcorrmechanical.com/wp-admin/post-new.php" "Mozilla/5.0 (Windows NT 10.0; Win64; x64) AppleWebKit/537.36 (KHTML, like Gecko) Chrome/147.0.0.0 Safari/537.36"
83.147.38.246 - - [01/May/2026:08:33:00 -0400] "GET /wp-includes/js/media-editor.min.js?ver=6.9.4 HTTP/1.0" 200 3588 "https://www.jcorrmechanical.com/wp-admin/post-new.php" "Mozilla/5.0 (Windows NT 10.0; Win64; x64) AppleWebKit/537.36 (KHTML, like Gecko) Chrome/147.0.0.0 Safari/537.36"
83.147.38.246 - - [01/May/2026:08:33:00 -0400] "GET /wp-includes/js/media-models.min.js?ver=6.9.4 HTTP/1.0" 200 3588 "https://www.jcorrmechanical.com/wp-admin/post-new.php" "Mozilla/5.0 (Windows NT 10.0; Win64; x64) AppleWebKit/537.36 (KHTML, like Gecko) Chrome/147.0.0.0 Safari/537.36"
83.147.38.246 - - [01/May/2026:08:33:00 -0400] "GET /wp-includes/js/plupload/wp-plupload.min.js?ver=6.9.4 HTTP/1.0" 200 3596 "https://www.jcorrmechanical.com/wp-admin/post-new.php" "Mozilla/5.0 (Windows NT 10.0; Win64; x64) AppleWebKit/537.36 (KHTML, like Gecko) Chrome/147.0.0.0 Safari/537.36"
83.147.38.246 - - [01/May/2026:08:33:00 -0400] "GET /wp-includes/js/wp-backbone.min.js?ver=6.9.4 HTTP/1.0" 200 3587 "https://www.jcorrmechanical.com/wp-admin/post-new.php" "Mozilla/5.0 (Windows NT 10.0; Win64; x64) AppleWebKit/537.36 (KHTML, like Gecko) Chrome/147.0.0.0 Safari/537.36"
83.147.38.246 - - [01/May/2026:08:33:00 -0400] "GET /wp-includes/js/mce-view.min.js?ver=6.9.4 HTTP/1.0" 200 3584 "https://www.jcorrmechanical.com/wp-admin/post-new.php" "Mozilla/5.0 (Windows NT 10.0; Win64; x64) AppleWebKit/537.36 (KHTML, like Gecko) Chrome/147.0.0.0 Safari/537.36"
83.147.38.246 - - [01/May/2026:08:33:00 -0400] "GET /wp-admin/js/image-edit.min.js?ver=6.9.4 HTTP/1.0" 200 3583 "https://www.jcorrmechanical.com/wp-admin/post-new.php" "Mozilla/5.0 (Windows NT 10.0; Win64; x64) AppleWebKit/537.36 (KHTML, like Gecko) Chrome/147.0.0.0 Safari/537.36"
83.147.38.246 - - [01/May/2026:08:33:00 -0400] "GET /wp-includes/js/dist/block-directory.min.js?ver=55bdef7bd3137eee623d HTTP/1.0" 200 3596 "https://www.jcorrmechanical.com/wp-admin/post-new.php" "Mozilla/5.0 (Windows NT 10.0; Win64; x64) AppleWebKit/537.36 (KHTML, like Gecko) Chrome/147.0.0.0 Safari/537.36"
83.147.38.246 - - [01/May/2026:08:33:00 -0400] "GET /wp-includes/js/dist/format-library.min.js?ver=974ad370862111852f55 HTTP/1.0" 200 3595 "https://www.jcorrmechanical.com/wp-admin/post-new.php" "Mozilla/5.0 (Windows NT 10.0; Win64; x64) AppleWebKit/537.36 (KHTML, like Gecko) Chrome/147.0.0.0 Safari/537.36"
83.147.38.246 - - [01/May/2026:08:33:00 -0400] "GET /wp-includes/js/tinymce/tinymce.min.js?ver=49110-20250317 HTTP/1.0" 200 3591 "https://www.jcorrmechanical.com/wp-admin/post-new.php" "Mozilla/5.0 (Windows NT 10.0; Win64; x64) AppleWebKit/537.36 (KHTML, like Gecko) Chrome/147.0.0.0 Safari/537.36"
83.147.38.246 - - [01/May/2026:08:33:00 -0400] "GET /wp-includes/js/tinymce/plugins/compat3x/plugin.min.js?ver=49110-20250317 HTTP/1.0" 200 3607 "https://www.jcorrmechanical.com/wp-admin/post-new.php" "Mozilla/5.0 (Windows NT 10.0; Win64; x64) AppleWebKit/537.36 (KHTML, like Gecko) Chrome/147.0.0.0 Safari/537.36"
66.249.74.11 - - [01/May/2026:08:33:01 -0400] "GET /?shopbrand119366492?kg=0119225400 HTTP/1.0" 301 3664 "-" "Mozilla/5.0 (Linux; Android 6.0.1; Nexus 5X Build/MMB29P) AppleWebKit/537.36 (KHTML, like Gecko) Chrome/147.0.7727.137 Mobile Safari/537.36 (compatible; Googlebot/2.1; +http://www.google.com/bot.html)"
83.147.38.246 - - [01/May/2026:08:33:02 -0400] "OPTIONS /wp-json/wp/v2/settings?_locale=user HTTP/1.0" 200 9382 "https://www.jcorrmechanical.com/wp-admin/post-new.php" "Mozilla/5.0 (Windows NT 10.0; Win64; x64) AppleWebKit/537.36 (KHTML, like Gecko) Chrome/147.0.0.0 Safari/537.36"
66.249.74.10 - - [01/May/2026:08:33:02 -0400] "GET /?shopbrand119366492%3Fkg=0119225400 HTTP/1.0" 200 44521 "-" "Mozilla/5.0 (Linux; Android 6.0.1; Nexus 5X Build/MMB29P) AppleWebKit/537.36 (KHTML, like Gecko) Chrome/147.0.7727.137 Mobile Safari/537.36 (compatible; Googlebot/2.1; +http://www.google.com/bot.html)"
83.147.38.246 - - [01/May/2026:08:33:02 -0400] "GET /wp-json/wp/v2/taxonomies?context=edit&per_page=100&_locale=user HTTP/1.0" 200 12332 "https://www.jcorrmechanical.com/wp-admin/post-new.php" "Mozilla/5.0 (Windows NT 10.0; Win64; x64) AppleWebKit/537.36 (KHTML, like Gecko) Chrome/147.0.0.0 Safari/537.36"
83.147.38.246 - - [01/May/2026:08:33:02 -0400] "GET /wp-json/wp/v2/blocks?context=edit&per_page=100&page=1&_locale=user HTTP/1.0" 200 4018 "https://www.jcorrmechanical.com/wp-admin/post-new.php" "Mozilla/5.0 (Windows NT 10.0; Win64; x64) AppleWebKit/537.36 (KHTML, like Gecko) Chrome/147.0.0.0 Safari/537.36"
83.147.38.246 - - [01/May/2026:08:33:02 -0400] "GET /wp-json/wp/v2/users/2?context=view&_fields=id%2Cname&_locale=user HTTP/1.0" 200 4033 "https://www.jcorrmechanical.com/wp-admin/post-new.php" "Mozilla/5.0 (Windows NT 10.0; Win64; x64) AppleWebKit/537.36 (KHTML, like Gecko) Chrome/147.0.0.0 Safari/537.36"
83.147.38.246 - - [01/May/2026:08:33:02 -0400] "OPTIONS /wp-json/wp/v2/posts?_locale=user HTTP/1.0" 200 21904 "https://www.jcorrmechanical.com/wp-admin/post-new.php" "Mozilla/5.0 (Windows NT 10.0; Win64; x64) AppleWebKit/537.36 (KHTML, like Gecko) Chrome/147.0.0.0 Safari/537.36"
83.147.38.246 - - [01/May/2026:08:33:02 -0400] "GET /wp-json/wp/v2/wp_pattern_category?context=view&per_page=100&_fields=id%2Cname%2Cdescription%2Cslug&_locale=user HTTP/1.0" 200 4018 "https://www.jcorrmechanical.com/wp-admin/post-new.php" "Mozilla/5.0 (Windows NT 10.0; Win64; x64) AppleWebKit/537.36 (KHTML, like Gecko) Chrome/147.0.0.0 Safari/537.36"
83.147.38.246 - - [01/May/2026:08:33:02 -0400] "GET /wp-json/wp/v2/block-patterns/patterns?_locale=user HTTP/1.0" 200 157641 "https://www.jcorrmechanical.com/wp-admin/post-new.php" "Mozilla/5.0 (Windows NT 10.0; Win64; x64) AppleWebKit/537.36 (KHTML, like Gecko) Chrome/147.0.0.0 Safari/537.36"
43.173.173.210 - - [01/May/2026:08:33:07 -0400] "GET /96848118975.htm HTTP/1.0" 301 3700 "-" "Mozilla/5.0 (Windows NT 10.0; Win64; x64) AppleWebKit/537.36 (KHTML, like Gecko) Chrome/116.0.0.0 Safari/537.36"
43.173.181.220 - - [01/May/2026:08:33:07 -0400] "GET /96848118975.htm HTTP/1.0" 404 34055 "-" "Mozilla/5.0 (Windows NT 10.0; Win64; x64) AppleWebKit/537.36 (KHTML, like Gecko) Chrome/116.0.0.0 Safari/537.36"
185.191.171.11 - - [01/May/2026:08:33:09 -0400] "GET /39056183485.htm HTTP/1.0" 301 3700 "-" "Mozilla/5.0 (compatible; SemrushBot/7~bl; +http://www.semrush.com/bot.html)"
85.208.96.198 - - [01/May/2026:08:33:09 -0400] "GET /39056183485.htm HTTP/1.0" 404 34055 "-" "Mozilla/5.0 (compatible; SemrushBot/7~bl; +http://www.semrush.com/bot.html)"
83.147.38.246 - - [01/May/2026:08:33:11 -0400] "POST /wp-admin/admin-ajax.php HTTP/1.0" 200 4021 "https://www.jcorrmechanical.com/wp-admin/post-new.php" "Mozilla/5.0 (Windows NT 10.0; Win64; x64) AppleWebKit/537.36 (KHTML, like Gecko) Chrome/147.0.0.0 Safari/537.36"
85.208.96.198 - - [01/May/2026:08:33:12 -0400] "GET /90555315917.htm HTTP/1.0" 301 3700 "-" "Mozilla/5.0 (compatible; SemrushBot/7~bl; +http://www.semrush.com/bot.html)"
185.191.171.1 - - [01/May/2026:08:33:12 -0400] "GET /90555315917.htm HTTP/1.0" 404 34055 "-" "Mozilla/5.0 (compatible; SemrushBot/7~bl; +http://www.semrush.com/bot.html)"
54.39.89.204 - - [01/May/2026:08:33:14 -0400] "GET /8173889846.htm HTTP/1.0" 301 3699 "-" "Mozilla/5.0 (compatible; AhrefsBot/7.0; +http://ahrefs.com/robot/)"
185.191.171.4 - - [01/May/2026:08:33:14 -0400] "GET /4022237764.htm HTTP/1.0" 404 34055 "-" "Mozilla/5.0 (compatible; SemrushBot/7~bl; +http://www.semrush.com/bot.html)"
185.191.171.19 - - [01/May/2026:08:33:16 -0400] "GET /40222311338.htm HTTP/1.0" 404 34055 "-" "Mozilla/5.0 (compatible; SemrushBot/7~bl; +http://www.semrush.com/bot.html)"
185.191.171.15 - - [01/May/2026:08:33:16 -0400] "GET /39056144496.htm HTTP/1.0" 301 3700 "-" "Mozilla/5.0 (compatible; SemrushBot/7~bl; +http://www.semrush.com/bot.html)"
85.208.96.193 - - [01/May/2026:08:33:17 -0400] "GET /39056144496.htm HTTP/1.0" 404 34055 "-" "Mozilla/5.0 (compatible; SemrushBot/7~bl; +http://www.semrush.com/bot.html)"
43.172.194.205 - - [01/May/2026:08:33:17 -0400] "GET /56847236614.htm HTTP/1.0" 301 3700 "-" "Mozilla/5.0 (Windows NT 10.0; Win64; x64) AppleWebKit/537.36 (KHTML, like Gecko) Chrome/120.0.0.0 Safari/537.36"
43.173.180.219 - - [01/May/2026:08:33:18 -0400] "GET /56847236614.htm HTTP/1.0" 404 34055 "-" "Mozilla/5.0 (Windows NT 10.0; Win64; x64) AppleWebKit/537.36 (KHTML, like Gecko) Chrome/120.0.0.0 Safari/537.36"
83.147.38.246 - - [01/May/2026:08:33:21 -0400] "POST /wp-admin/admin-ajax.php HTTP/1.0" 200 4021 "https://www.jcorrmechanical.com/wp-admin/post-new.php" "Mozilla/5.0 (Windows NT 10.0; Win64; x64) AppleWebKit/537.36 (KHTML, like Gecko) Chrome/147.0.0.0 Safari/537.36"
114.119.145.193 - - [01/May/2026:08:33:26 -0400] "GET /m184043083 HTTP/1.0" 301 3695 "https://jcorrmechanical.com/sitemap631.xml" "Mozilla/5.0 (Linux; Android 7.0;) AppleWebKit/537.36 (HTML, like Gecko) Mobile Safari/537.36 (compatible; PetalBot;+https://webmaster.petalsearch.com/site/petalbot)"
114.119.145.193 - - [01/May/2026:08:33:27 -0400] "GET /m184043083 HTTP/1.0" 404 34055 "https://jcorrmechanical.com/sitemap631.xml" "Mozilla/5.0 (Linux; Android 7.0;) AppleWebKit/537.36 (HTML, like Gecko) Mobile Safari/537.36 (compatible; PetalBot;+https://webmaster.petalsearch.com/site/petalbot)"
83.147.38.246 - - [01/May/2026:08:33:27 -0400] "POST /wp-json/wp/v2/users/me?_locale=user HTTP/1.0" 200 6752 "https://www.jcorrmechanical.com/wp-admin/post-new.php" "Mozilla/5.0 (Windows NT 10.0; Win64; x64) AppleWebKit/537.36 (KHTML, like Gecko) Chrome/147.0.0.0 Safari/537.36"
142.44.233.192 - - [01/May/2026:08:33:29 -0400] "GET /8173887347.htm HTTP/1.0" 301 3699 "-" "Mozilla/5.0 (compatible; AhrefsBot/7.0; +http://ahrefs.com/robot/)"
83.147.38.246 - - [01/May/2026:08:33:30 -0400] "POST /wp-json/wp/v2/users/me?_locale=user HTTP/1.0" 200 6751 "https://www.jcorrmechanical.com/wp-admin/post-new.php" "Mozilla/5.0 (Windows NT 10.0; Win64; x64) AppleWebKit/537.36 (KHTML, like Gecko) Chrome/147.0.0.0 Safari/537.36"
185.191.171.17 - - [01/May/2026:08:33:31 -0400] "GET /96848114270.htm HTTP/1.0" 301 3700 "-" "Mozilla/5.0 (compatible; SemrushBot/7~bl; +http://www.semrush.com/bot.html)"
185.191.171.14 - - [01/May/2026:08:33:31 -0400] "GET /96848114270.htm HTTP/1.0" 404 34055 "-" "Mozilla/5.0 (compatible; SemrushBot/7~bl; +http://www.semrush.com/bot.html)"
83.147.38.246 - - [01/May/2026:08:33:31 -0400] "POST /wp-admin/admin-ajax.php HTTP/1.0" 200 4021 "https://www.jcorrmechanical.com/wp-admin/post-new.php" "Mozilla/5.0 (Windows NT 10.0; Win64; x64) AppleWebKit/537.36 (KHTML, like Gecko) Chrome/147.0.0.0 Safari/537.36"
83.147.38.246 - - [01/May/2026:08:33:41 -0400] "POST /wp-admin/admin-ajax.php HTTP/1.0" 200 4021 "https://www.jcorrmechanical.com/wp-admin/post-new.php" "Mozilla/5.0 (Windows NT 10.0; Win64; x64) AppleWebKit/537.36 (KHTML, like Gecko) Chrome/147.0.0.0 Safari/537.36"
142.44.233.206 - - [01/May/2026:08:33:46 -0400] "GET /8173884164.htm HTTP/1.0" 301 3699 "-" "Mozilla/5.0 (compatible; AhrefsBot/7.0; +http://ahrefs.com/robot/)"
83.147.38.246 - - [01/May/2026:08:33:51 -0400] "POST /wp-admin/admin-ajax.php HTTP/1.0" 200 4021 "https://www.jcorrmechanical.com/wp-admin/post-new.php" "Mozilla/5.0 (Windows NT 10.0; Win64; x64) AppleWebKit/537.36 (KHTML, like Gecko) Chrome/147.0.0.0 Safari/537.36"
85.208.96.210 - - [01/May/2026:08:33:54 -0400] "GET /96848192728.htm HTTP/1.0" 301 3700 "-" "Mozilla/5.0 (compatible; SemrushBot/7~bl; +http://www.semrush.com/bot.html)"
85.208.96.193 - - [01/May/2026:08:33:55 -0400] "GET /96848192728.htm HTTP/1.0" 404 34055 "-" "Mozilla/5.0 (compatible; SemrushBot/7~bl; +http://www.semrush.com/bot.html)"
185.191.171.5 - - [01/May/2026:08:33:56 -0400] "GET /robots.txt HTTP/1.0" 200 3903 "-" "Mozilla/5.0 (compatible; SemrushBot/7~bl; +http://www.semrush.com/bot.html)"
185.191.171.4 - - [01/May/2026:08:33:56 -0400] "GET /40222237353.htm HTTP/1.0" 404 34055 "-" "Mozilla/5.0 (compatible; SemrushBot/7~bl; +http://www.semrush.com/bot.html)"
85.208.96.208 - - [01/May/2026:08:33:58 -0400] "GET /4022277024.htm HTTP/1.0" 404 34055 "-" "Mozilla/5.0 (compatible; SemrushBot/7~bl; +http://www.semrush.com/bot.html)"
54.39.6.59 - - [01/May/2026:08:34:00 -0400] "GET /8173882303.htm HTTP/1.0" 301 3699 "-" "Mozilla/5.0 (compatible; AhrefsBot/7.0; +http://ahrefs.com/robot/)"
83.147.38.246 - - [01/May/2026:08:34:01 -0400] "POST /wp-admin/admin-ajax.php HTTP/1.0" 200 4021 "https://www.jcorrmechanical.com/wp-admin/post-new.php" "Mozilla/5.0 (Windows NT 10.0; Win64; x64) AppleWebKit/537.36 (KHTML, like Gecko) Chrome/147.0.0.0 Safari/537.36"
102.129.145.10 - - [01/May/2026:08:34:02 -0400] "GET /5684761501.htm HTTP/1.0" 301 3699 "-" "Mozilla/5.0 (Windows NT 10.0; Win64; x64) AppleWebKit/537.36 (KHTML, like Gecko) Chrome/99.0.4844.51 Safari/537.36"
83.147.38.246 - - [01/May/2026:08:34:04 -0400] "POST /wp-json/wp/v2/users/me?_locale=user HTTP/1.0" 200 6753 "https://www.jcorrmechanical.com/wp-admin/post-new.php" "Mozilla/5.0 (Windows NT 10.0; Win64; x64) AppleWebKit/537.36 (KHTML, like Gecko) Chrome/147.0.0.0 Safari/537.36"
83.147.38.246 - - [01/May/2026:08:34:04 -0400] "GET /wp-json/wp/v2/comments?context=edit&post=3479&type=note&status=all&per_page=100&_locale=user HTTP/1.0" 200 4018 "https://www.jcorrmechanical.com/wp-admin/post-new.php" "Mozilla/5.0 (Windows NT 10.0; Win64; x64) AppleWebKit/537.36 (KHTML, like Gecko) Chrome/147.0.0.0 Safari/537.36"
83.147.38.246 - - [01/May/2026:08:34:04 -0400] "GET /wp-includes/css/dist/components/style.min.css?ver=6.9.4 HTTP/1.0" 200 3585 "-" "Mozilla/5.0 (Windows NT 10.0; Win64; x64) AppleWebKit/537.36 (KHTML, like Gecko) Chrome/147.0.0.0 Safari/537.36"
83.147.38.246 - - [01/May/2026:08:34:04 -0400] "GET /wp-admin/css/common.min.css?ver=6.9.4 HTTP/1.0" 200 3567 "-" "Mozilla/5.0 (Windows NT 10.0; Win64; x64) AppleWebKit/537.36 (KHTML, like Gecko) Chrome/147.0.0.0 Safari/537.36"
83.147.38.246 - - [01/May/2026:08:34:04 -0400] "GET /wp-includes/css/dist/block-library/reset.min.css?ver=6.9.4 HTTP/1.0" 200 3588 "-" "Mozilla/5.0 (Windows NT 10.0; Win64; x64) AppleWebKit/537.36 (KHTML, like Gecko) Chrome/147.0.0.0 Safari/537.36"
83.147.38.246 - - [01/May/2026:08:34:04 -0400] "GET /wp-includes/css/dist/edit-post/classic.min.css?ver=6.9.4 HTTP/1.0" 200 3586 "-" "Mozilla/5.0 (Windows NT 10.0; Win64; x64) AppleWebKit/537.36 (KHTML, like Gecko) Chrome/147.0.0.0 Safari/537.36"
83.147.38.246 - - [01/May/2026:08:34:04 -0400] "GET /wp-includes/css/dist/block-library/style.min.css?ver=6.9.4 HTTP/1.0" 200 3588 "-" "Mozilla/5.0 (Windows NT 10.0; Win64; x64) AppleWebKit/537.36 (KHTML, like Gecko) Chrome/147.0.0.0 Safari/537.36"
83.147.38.246 - - [01/May/2026:08:34:04 -0400] "GET /wp-includes/css/dist/block-library/theme.min.css?ver=6.9.4 HTTP/1.0" 200 3588 "-" "Mozilla/5.0 (Windows NT 10.0; Win64; x64) AppleWebKit/537.36 (KHTML, like Gecko) Chrome/147.0.0.0 Safari/537.36"
83.147.38.246 - - [01/May/2026:08:34:04 -0400] "GET /wp-admin/css/forms.min.css?ver=6.9.4 HTTP/1.0" 200 3566 "-" "Mozilla/5.0 (Windows NT 10.0; Win64; x64) AppleWebKit/537.36 (KHTML, like Gecko) Chrome/147.0.0.0 Safari/537.36"
83.147.38.246 - - [01/May/2026:08:34:04 -0400] "GET /wp-includes/css/dist/block-editor/content.min.css?ver=6.9.4 HTTP/1.0" 200 3589 "-" "Mozilla/5.0 (Windows NT 10.0; Win64; x64) AppleWebKit/537.36 (KHTML, like Gecko) Chrome/147.0.0.0 Safari/537.36"
83.147.38.246 - - [01/May/2026:08:34:04 -0400] "GET /wp-includes/css/classic-themes.min.css?ver=6.9.4 HTTP/1.0" 200 3905 "-" "Mozilla/5.0 (Windows NT 10.0; Win64; x64) AppleWebKit/537.36 (KHTML, like Gecko) Chrome/147.0.0.0 Safari/537.36"
83.147.38.246 - - [01/May/2026:08:34:04 -0400] "GET /wp-admin/load-scripts.php?c=0&load%5Bchunk_0%5D=wp-polyfill&ver=6.9.4 HTTP/1.0" 200 37349 "-" "Mozilla/5.0 (Windows NT 10.0; Win64; x64) AppleWebKit/537.36 (KHTML, like Gecko) Chrome/147.0.0.0 Safari/537.36"
83.147.38.246 - - [01/May/2026:08:34:04 -0400] "GET /wp-includes/css/dist/block-library/editor.min.css?ver=6.9.4 HTTP/1.0" 200 3589 "-" "Mozilla/5.0 (Windows NT 10.0; Win64; x64) AppleWebKit/537.36 (KHTML, like Gecko) Chrome/147.0.0.0 Safari/537.36"
68.48.160.176 - - [01/May/2026:08:34:05 -0400] "GET /96848275873.htm HTTP/1.0" 301 3700 "-" "Mozilla/5.0 (Macintosh; Intel Mac OS X 10_15_7) AppleWebKit/537.36 (KHTML, like Gecko) Chrome/136.0.0.0 Safari/537.36"
97.233.61.28 - - [01/May/2026:08:34:06 -0400] "GET /96848275873.htm HTTP/1.0" 404 34055 "-" "Mozilla/5.0 (Macintosh; Intel Mac OS X 10_15_7) AppleWebKit/537.36 (KHTML, like Gecko) Chrome/136.0.0.0 Safari/537.36"
174.65.102.119 - - [01/May/2026:08:34:08 -0400] "GET /56847169896.htm HTTP/1.0" 301 3700 "-" "Mozilla/5.0 (Windows NT 10.0; Win64; x64) AppleWebKit/537.36 (KHTML, like Gecko) Chrome/100.0.4896.75 Safari/537.36"
85.208.96.208 - - [01/May/2026:08:34:09 -0400] "GET /39056111027.htm HTTP/1.0" 301 3700 "-" "Mozilla/5.0 (compatible; SemrushBot/7~bl; +http://www.semrush.com/bot.html)"
85.208.96.199 - - [01/May/2026:08:34:09 -0400] "GET /39056111027.htm HTTP/1.0" 404 34055 "-" "Mozilla/5.0 (compatible; SemrushBot/7~bl; +http://www.semrush.com/bot.html)"
46.114.213.201 - - [01/May/2026:08:34:10 -0400] "GET /5684761501.htm HTTP/1.0" 404 34055 "-" "Mozilla/5.0 (Windows NT 10.0; Win64; x64) AppleWebKit/537.36 (KHTML, like Gecko) Chrome/99.0.4844.51 Safari/537.36"
76.33.44.121 - - [01/May/2026:08:34:10 -0400] "GET /56847169896.htm HTTP/1.0" 404 34055 "-" "Mozilla/5.0 (Windows NT 10.0; Win64; x64) AppleWebKit/537.36 (KHTML, like Gecko) Chrome/100.0.4896.75 Safari/537.36"
85.208.96.198 - - [01/May/2026:08:34:11 -0400] "GET /4022247304.htm HTTP/1.0" 404 34055 "-" "Mozilla/5.0 (compatible; SemrushBot/7~bl; +http://www.semrush.com/bot.html)"
83.147.38.246 - - [01/May/2026:08:34:11 -0400] "POST /wp-admin/admin-ajax.php HTTP/1.0" 200 4021 "https://www.jcorrmechanical.com/wp-admin/post-new.php" "Mozilla/5.0 (Windows NT 10.0; Win64; x64) AppleWebKit/537.36 (KHTML, like Gecko) Chrome/147.0.0.0 Safari/537.36"
85.208.96.206 - - [01/May/2026:08:34:14 -0400] "GET /40222227041.htm HTTP/1.0" 404 34055 "-" "Mozilla/5.0 (compatible; SemrushBot/7~bl; +http://www.semrush.com/bot.html)"
85.208.96.193 - - [01/May/2026:08:34:16 -0400] "GET /4022287997.htm HTTP/1.0" 404 34055 "-" "Mozilla/5.0 (compatible; SemrushBot/7~bl; +http://www.semrush.com/bot.html)"
54.39.136.184 - - [01/May/2026:08:34:17 -0400] "GET /8173880035.htm HTTP/1.0" 301 3699 "-" "Mozilla/5.0 (compatible; AhrefsBot/7.0; +http://ahrefs.com/robot/)"
85.208.96.208 - - [01/May/2026:08:34:18 -0400] "GET /4022297992.htm HTTP/1.0" 404 34055 "-" "Mozilla/5.0 (compatible; SemrushBot/7~bl; +http://www.semrush.com/bot.html)"
83.147.38.246 - - [01/May/2026:08:34:18 -0400] "OPTIONS /wp-json/wp/v2/posts/?context=edit&_locale=user HTTP/1.0" 200 21904 "https://www.jcorrmechanical.com/wp-admin/post-new.php" "Mozilla/5.0 (Windows NT 10.0; Win64; x64) AppleWebKit/537.36 (KHTML, like Gecko) Chrome/147.0.0.0 Safari/537.36"
85.208.96.208 - - [01/May/2026:08:34:20 -0400] "GET /90555301539.htm HTTP/1.0" 301 3700 "-" "Mozilla/5.0 (compatible; SemrushBot/7~bl; +http://www.semrush.com/bot.html)"
185.191.171.18 - - [01/May/2026:08:34:21 -0400] "GET /90555301539.htm HTTP/1.0" 404 34055 "-" "Mozilla/5.0 (compatible; SemrushBot/7~bl; +http://www.semrush.com/bot.html)"
83.147.38.246 - - [01/May/2026:08:34:21 -0400] "POST /wp-admin/admin-ajax.php HTTP/1.0" 200 4021 "https://www.jcorrmechanical.com/wp-admin/post-new.php" "Mozilla/5.0 (Windows NT 10.0; Win64; x64) AppleWebKit/537.36 (KHTML, like Gecko) Chrome/147.0.0.0 Safari/537.36"
85.208.96.199 - - [01/May/2026:08:34:29 -0400] "GET /39056120405.htm HTTP/1.0" 301 3700 "-" "Mozilla/5.0 (compatible; SemrushBot/7~bl; +http://www.semrush.com/bot.html)"
85.208.96.193 - - [01/May/2026:08:34:29 -0400] "GET /39056120405.htm HTTP/1.0" 404 34055 "-" "Mozilla/5.0 (compatible; SemrushBot/7~bl; +http://www.semrush.com/bot.html)"
85.208.96.198 - - [01/May/2026:08:34:30 -0400] "GET /81738190470.htm HTTP/1.0" 404 34055 "-" "Mozilla/5.0 (compatible; SemrushBot/7~bl; +http://www.semrush.com/bot.html)"
83.147.38.246 - - [01/May/2026:08:34:31 -0400] "POST /wp-json/wp/v2/users/me?_locale=user HTTP/1.0" 200 6751 "https://www.jcorrmechanical.com/wp-admin/post-new.php" "Mozilla/5.0 (Windows NT 10.0; Win64; x64) AppleWebKit/537.36 (KHTML, like Gecko) Chrome/147.0.0.0 Safari/537.36"
83.147.38.246 - - [01/May/2026:08:34:31 -0400] "POST /wp-admin/admin-ajax.php HTTP/1.0" 200 4021 "https://www.jcorrmechanical.com/wp-admin/post-new.php" "Mozilla/5.0 (Windows NT 10.0; Win64; x64) AppleWebKit/537.36 (KHTML, like Gecko) Chrome/147.0.0.0 Safari/537.36"
54.39.6.224 - - [01/May/2026:08:34:32 -0400] "GET /8173879674.htm HTTP/1.0" 301 3699 "-" "Mozilla/5.0 (compatible; AhrefsBot/7.0; +http://ahrefs.com/robot/)"
