85.208.98.23 - - [30/Apr/2026:21:50:53 -0400] "GET /robots.txt HTTP/1.1" 301 162 "-" "Mozilla/5.0 (compatible; SemrushBot-BA; +http://www.semrush.com/bot.html)"
216.244.66.234 - - [30/Apr/2026:21:52:09 -0400] "GET /robots.txt HTTP/1.1" 301 162 "-" "Mozilla/5.0 (compatible; DotBot/1.2; +https://opensiteexplorer.org/dotbot; help@moz.com)"
85.208.98.23 - - [30/Apr/2026:21:56:55 -0400] "GET /robots.txt HTTP/1.1" 301 162 "-" "Mozilla/5.0 (compatible; SemrushBot-BA; +http://www.semrush.com/bot.html)"
85.208.98.23 - - [30/Apr/2026:21:57:31 -0400] "GET /robots.txt HTTP/1.1" 301 162 "-" "Mozilla/5.0 (compatible; SemrushBot-BA; +http://www.semrush.com/bot.html)"
85.208.98.23 - - [30/Apr/2026:21:57:31 -0400] "GET /robots.txt HTTP/1.1" 301 162 "-" "Mozilla/5.0 (compatible; SemrushBot-BA; +http://www.semrush.com/bot.html)"
85.208.98.23 - - [30/Apr/2026:21:58:26 -0400] "GET /robots.txt HTTP/1.1" 301 162 "-" "Mozilla/5.0 (compatible; SemrushBot-BA; +http://www.semrush.com/bot.html)"
85.208.98.23 - - [30/Apr/2026:22:10:51 -0400] "GET /robots.txt HTTP/1.1" 301 162 "-" "Mozilla/5.0 (compatible; SemrushBot-BA; +http://www.semrush.com/bot.html)"
85.208.98.23 - - [30/Apr/2026:22:13:06 -0400] "GET /robots.txt HTTP/1.1" 301 162 "-" "Mozilla/5.0 (compatible; SemrushBot-BA; +http://www.semrush.com/bot.html)"
85.208.98.23 - - [30/Apr/2026:22:13:06 -0400] "GET /robots.txt HTTP/1.1" 301 162 "-" "Mozilla/5.0 (compatible; SemrushBot-BA; +http://www.semrush.com/bot.html)"
43.166.255.102 - - [30/Apr/2026:22:18:40 -0400] "GET / HTTP/1.1" 301 162 "-" "Mozilla/5.0 (iPhone; CPU iPhone OS 13_2_3 like Mac OS X) AppleWebKit/605.1.15 (KHTML, like Gecko) Version/13.0.3 Mobile/15E148 Safari/604.1"
144.31.69.38 - - [30/Apr/2026:22:31:10 -0400] "GET /wp-json/wp/v2/posts HTTP/1.1" 301 162 "-" "Mozilla/5.0 (Windows NT 10.0; Win64; x64) AppleWebKit/537.36 (KHTML, like Gecko) Chrome/120.0.0.0 Safari/537.36"
66.249.74.3 - - [30/Apr/2026:22:35:43 -0400] "GET /robots.txt HTTP/1.1" 301 162 "-" "Mozilla/5.0 (compatible; Googlebot/2.1; +http://www.google.com/bot.html)"
216.244.66.234 - - [30/Apr/2026:22:39:14 -0400] "GET /robots.txt HTTP/1.1" 301 162 "-" "Mozilla/5.0 (compatible; DotBot/1.2; +https://opensiteexplorer.org/dotbot; help@moz.com)"
35.93.42.64 - - [30/Apr/2026:22:39:50 -0400] "GET / HTTP/1.1" 301 162 "-" "Mozilla/5.0 (Windows NT 10.0; Win64; x64) AppleWebKit/537.36 (KHTML, like Gecko) Chrome/113.0.0.0 Safari/537.36"
89.47.234.150 - - [30/Apr/2026:22:45:34 -0400] "GET /401.html HTTP/1.1" 301 162 "-" "Mozilla/5.0 (Macintosh; Intel Mac OS X 11.6; rv:130.0) Gecko/20100101 Firefox/130.0"
85.208.98.23 - - [30/Apr/2026:22:49:39 -0400] "GET /robots.txt HTTP/1.1" 301 162 "-" "Mozilla/5.0 (compatible; SemrushBot-BA; +http://www.semrush.com/bot.html)"
85.208.98.23 - - [30/Apr/2026:22:49:45 -0400] "GET /robots.txt HTTP/1.1" 301 162 "-" "Mozilla/5.0 (compatible; SemrushBot-BA; +http://www.semrush.com/bot.html)"
85.208.98.23 - - [30/Apr/2026:22:59:24 -0400] "GET /robots.txt HTTP/1.1" 301 162 "-" "Mozilla/5.0 (compatible; SemrushBot-BA; +http://www.semrush.com/bot.html)"
85.208.98.23 - - [30/Apr/2026:22:59:25 -0400] "GET /robots.txt HTTP/1.1" 301 162 "-" "Mozilla/5.0 (compatible; SemrushBot-BA; +http://www.semrush.com/bot.html)"
85.208.98.23 - - [30/Apr/2026:23:05:41 -0400] "GET /robots.txt HTTP/1.1" 301 162 "-" "Mozilla/5.0 (compatible; SemrushBot-BA; +http://www.semrush.com/bot.html)"
216.244.66.234 - - [30/Apr/2026:23:26:08 -0400] "GET /robots.txt HTTP/1.1" 301 162 "-" "Mozilla/5.0 (compatible; DotBot/1.2; +https://opensiteexplorer.org/dotbot; help@moz.com)"
216.244.66.234 - - [30/Apr/2026:23:26:08 -0400] "GET /robots.txt HTTP/1.1" 301 162 "-" "Mozilla/5.0 (compatible; DotBot/1.2; +https://opensiteexplorer.org/dotbot; help@moz.com)"
85.208.98.23 - - [30/Apr/2026:23:35:31 -0400] "GET /robots.txt HTTP/1.1" 301 162 "-" "Mozilla/5.0 (compatible; SemrushBot-BA; +http://www.semrush.com/bot.html)"
85.208.98.23 - - [30/Apr/2026:23:35:31 -0400] "GET /robots.txt HTTP/1.1" 301 162 "-" "Mozilla/5.0 (compatible; SemrushBot-BA; +http://www.semrush.com/bot.html)"
85.208.98.23 - - [30/Apr/2026:23:39:01 -0400] "GET /robots.txt HTTP/1.1" 301 162 "-" "Mozilla/5.0 (compatible; SemrushBot-BA; +http://www.semrush.com/bot.html)"
85.208.98.23 - - [30/Apr/2026:23:39:02 -0400] "GET /robots.txt HTTP/1.1" 301 162 "-" "Mozilla/5.0 (compatible; SemrushBot-BA; +http://www.semrush.com/bot.html)"
85.208.98.23 - - [30/Apr/2026:23:42:20 -0400] "GET /robots.txt HTTP/1.1" 301 162 "-" "Mozilla/5.0 (compatible; SemrushBot-BA; +http://www.semrush.com/bot.html)"
85.208.98.23 - - [30/Apr/2026:23:42:21 -0400] "GET /robots.txt HTTP/1.1" 301 162 "-" "Mozilla/5.0 (compatible; SemrushBot-BA; +http://www.semrush.com/bot.html)"
85.208.98.23 - - [01/May/2026:00:05:36 -0400] "GET /robots.txt HTTP/1.1" 301 162 "-" "Mozilla/5.0 (compatible; SemrushBot-BA; +http://www.semrush.com/bot.html)"
85.208.98.23 - - [01/May/2026:00:05:38 -0400] "GET /robots.txt HTTP/1.1" 301 162 "-" "Mozilla/5.0 (compatible; SemrushBot-BA; +http://www.semrush.com/bot.html)"
216.244.66.234 - - [01/May/2026:00:12:03 -0400] "GET /robots.txt HTTP/1.1" 301 162 "-" "Mozilla/5.0 (compatible; DotBot/1.2; +https://opensiteexplorer.org/dotbot; help@moz.com)"
85.208.98.23 - - [01/May/2026:00:17:46 -0400] "GET /robots.txt HTTP/1.1" 301 162 "-" "Mozilla/5.0 (compatible; SemrushBot-BA; +http://www.semrush.com/bot.html)"
85.208.98.23 - - [01/May/2026:00:17:54 -0400] "GET /robots.txt HTTP/1.1" 301 162 "-" "Mozilla/5.0 (compatible; SemrushBot-BA; +http://www.semrush.com/bot.html)"
85.208.98.23 - - [01/May/2026:00:18:18 -0400] "GET /robots.txt HTTP/1.1" 301 162 "-" "Mozilla/5.0 (compatible; SemrushBot-BA; +http://www.semrush.com/bot.html)"
172.212.217.10 - - [01/May/2026:00:18:58 -0400] "GET /wp-content/plugins/hellopress/wp_filemanager.php HTTP/1.1" 301 162 "-" "-"
172.212.217.10 - - [01/May/2026:00:18:59 -0400] "GET /7.php HTTP/1.1" 301 162 "-" "-"
172.212.217.10 - - [01/May/2026:00:18:59 -0400] "GET /creds.php HTTP/1.1" 301 162 "-" "-"
172.212.217.10 - - [01/May/2026:00:18:59 -0400] "GET /phpstatus.php HTTP/1.1" 301 162 "-" "-"
172.212.217.10 - - [01/May/2026:00:19:00 -0400] "GET /system_check.php HTTP/1.1" 301 162 "-" "-"
172.212.217.10 - - [01/May/2026:00:19:00 -0400] "GET /00.php HTTP/1.1" 301 162 "-" "-"
172.212.217.10 - - [01/May/2026:00:19:00 -0400] "GET /search.php HTTP/1.1" 301 162 "-" "-"
172.212.217.10 - - [01/May/2026:00:19:00 -0400] "GET /setup-verify.php HTTP/1.1" 301 162 "-" "-"
172.212.217.10 - - [01/May/2026:00:19:00 -0400] "GET /xinfo.php HTTP/1.1" 301 162 "-" "-"
172.212.217.10 - - [01/May/2026:00:19:01 -0400] "GET /php-ver.php HTTP/1.1" 301 162 "-" "-"
172.212.217.10 - - [01/May/2026:00:19:01 -0400] "GET /eval-stdin.php HTTP/1.1" 301 162 "-" "-"
172.212.217.10 - - [01/May/2026:00:19:01 -0400] "GET /you.php HTTP/1.1" 301 162 "-" "-"
172.212.217.10 - - [01/May/2026:00:19:01 -0400] "GET /app.php HTTP/1.1" 301 162 "-" "-"
172.212.217.10 - - [01/May/2026:00:19:01 -0400] "GET /module-info.php HTTP/1.1" 301 162 "-" "-"
172.212.217.10 - - [01/May/2026:00:19:01 -0400] "GET /teste.php HTTP/1.1" 301 162 "-" "-"
172.212.217.10 - - [01/May/2026:00:19:02 -0400] "GET /pdf.php HTTP/1.1" 301 162 "-" "-"
172.212.217.10 - - [01/May/2026:00:19:02 -0400] "GET /album.php HTTP/1.1" 301 162 "-" "-"
172.212.217.10 - - [01/May/2026:00:19:02 -0400] "GET /phpprobe.php HTTP/1.1" 301 162 "-" "-"
172.212.217.10 - - [01/May/2026:00:19:02 -0400] "GET /timeclock.php HTTP/1.1" 301 162 "-" "-"
172.212.217.10 - - [01/May/2026:00:19:02 -0400] "GET /php_release.php HTTP/1.1" 301 162 "-" "-"
172.212.217.10 - - [01/May/2026:00:19:03 -0400] "GET /profiler.php HTTP/1.1" 301 162 "-" "-"
172.212.217.10 - - [01/May/2026:00:19:03 -0400] "GET /styles.php HTTP/1.1" 301 162 "-" "-"
172.212.217.10 - - [01/May/2026:00:19:03 -0400] "GET /php_info.php HTTP/1.1" 301 162 "-" "-"
172.212.217.10 - - [01/May/2026:00:19:03 -0400] "GET /lmfi2.php HTTP/1.1" 301 162 "-" "-"
172.212.217.10 - - [01/May/2026:00:19:03 -0400] "GET /1_1_PhpInfo.php HTTP/1.1" 301 162 "-" "-"
172.212.217.10 - - [01/May/2026:00:19:04 -0400] "GET /wp-tinymce.php HTTP/1.1" 301 162 "-" "-"
172.212.217.10 - - [01/May/2026:00:19:04 -0400] "GET /info_page.php HTTP/1.1" 301 162 "-" "-"
172.212.217.10 - - [01/May/2026:00:19:04 -0400] "GET /aw.php HTTP/1.1" 301 162 "-" "-"
172.212.217.10 - - [01/May/2026:00:19:04 -0400] "GET /mimes.php HTTP/1.1" 301 162 "-" "-"
172.212.217.10 - - [01/May/2026:00:19:05 -0400] "GET /000.php HTTP/1.1" 301 162 "-" "-"
172.212.217.10 - - [01/May/2026:00:19:05 -0400] "GET /u.php HTTP/1.1" 301 162 "-" "-"
172.212.217.10 - - [01/May/2026:00:19:05 -0400] "GET /oauth.php HTTP/1.1" 301 162 "-" "-"
172.212.217.10 - - [01/May/2026:00:19:06 -0400] "GET /.env.test.php HTTP/1.1" 301 162 "-" "-"
172.212.217.10 - - [01/May/2026:00:19:06 -0400] "GET /php-fpm.php HTTP/1.1" 301 162 "-" "-"
172.212.217.10 - - [01/May/2026:00:19:06 -0400] "GET /conf.php HTTP/1.1" 301 162 "-" "-"
172.212.217.10 - - [01/May/2026:00:19:06 -0400] "GET /debug-php.php HTTP/1.1" 301 162 "-" "-"
172.212.217.10 - - [01/May/2026:00:19:06 -0400] "GET /yindu.php HTTP/1.1" 301 162 "-" "-"
85.208.98.23 - - [01/May/2026:00:26:40 -0400] "GET /robots.txt HTTP/1.1" 301 162 "-" "Mozilla/5.0 (compatible; SemrushBot-BA; +http://www.semrush.com/bot.html)"
85.208.98.23 - - [01/May/2026:00:28:30 -0400] "GET /robots.txt HTTP/1.1" 301 162 "-" "Mozilla/5.0 (compatible; SemrushBot-BA; +http://www.semrush.com/bot.html)"
85.208.98.23 - - [01/May/2026:00:43:42 -0400] "GET /robots.txt HTTP/1.1" 301 162 "-" "Mozilla/5.0 (compatible; SemrushBot-BA; +http://www.semrush.com/bot.html)"
85.208.98.23 - - [01/May/2026:00:44:06 -0400] "GET /robots.txt HTTP/1.1" 301 162 "-" "Mozilla/5.0 (compatible; SemrushBot-BA; +http://www.semrush.com/bot.html)"
85.208.98.23 - - [01/May/2026:01:02:55 -0400] "GET /robots.txt HTTP/1.1" 301 162 "-" "Mozilla/5.0 (compatible; SemrushBot-BA; +http://www.semrush.com/bot.html)"
85.208.98.23 - - [01/May/2026:01:03:05 -0400] "GET /robots.txt HTTP/1.1" 301 162 "-" "Mozilla/5.0 (compatible; SemrushBot-BA; +http://www.semrush.com/bot.html)"
85.208.98.23 - - [01/May/2026:01:03:08 -0400] "GET /robots.txt HTTP/1.1" 301 162 "-" "Mozilla/5.0 (compatible; SemrushBot-BA; +http://www.semrush.com/bot.html)"
85.208.98.23 - - [01/May/2026:01:03:16 -0400] "GET /robots.txt HTTP/1.1" 301 162 "-" "Mozilla/5.0 (compatible; SemrushBot-BA; +http://www.semrush.com/bot.html)"
85.208.98.23 - - [01/May/2026:01:03:19 -0400] "GET /robots.txt HTTP/1.1" 301 162 "-" "Mozilla/5.0 (compatible; SemrushBot-BA; +http://www.semrush.com/bot.html)"
85.208.98.23 - - [01/May/2026:01:15:22 -0400] "GET /robots.txt HTTP/1.1" 301 162 "-" "Mozilla/5.0 (compatible; SemrushBot-BA; +http://www.semrush.com/bot.html)"
85.208.98.23 - - [01/May/2026:01:15:22 -0400] "GET /robots.txt HTTP/1.1" 301 162 "-" "Mozilla/5.0 (compatible; SemrushBot-BA; +http://www.semrush.com/bot.html)"
85.208.98.23 - - [01/May/2026:01:22:20 -0400] "GET /robots.txt HTTP/1.1" 301 162 "-" "Mozilla/5.0 (compatible; SemrushBot-BA; +http://www.semrush.com/bot.html)"
85.208.98.23 - - [01/May/2026:01:36:22 -0400] "GET /robots.txt HTTP/1.1" 301 162 "-" "Mozilla/5.0 (compatible; SemrushBot-BA; +http://www.semrush.com/bot.html)"
216.244.66.234 - - [01/May/2026:01:46:15 -0400] "GET /robots.txt HTTP/1.1" 301 162 "-" "Mozilla/5.0 (compatible; DotBot/1.2; +https://opensiteexplorer.org/dotbot; help@moz.com)"
216.244.66.234 - - [01/May/2026:01:46:15 -0400] "GET /robots.txt HTTP/1.1" 301 162 "-" "Mozilla/5.0 (compatible; DotBot/1.2; +https://opensiteexplorer.org/dotbot; help@moz.com)"
185.242.3.26 - - [01/May/2026:01:58:07 -0400] "GET / HTTP/1.1" 301 162 "-" "-"
64.23.145.165 - - [01/May/2026:01:59:01 -0400] "GET http://www.jcorrmechanical.com/photo3.jpg HTTP/1.1" 301 162 "http://www.jcorrmechanical.com" "Mozilla/5.0 (Windows NT 10.0; Win64; x64) AppleWebKit/537.36 (KHTML, like Gecko) Chrome/146.0.0.0 Safari/537.36"
130.12.180.144 - - [01/May/2026:02:00:49 -0400] "GET /.env HTTP/1.1" 301 162 "-" "Mozilla/5.0 (Windows NT 10.0; Win64; x64) AppleWebKit/537.36"
85.208.98.23 - - [01/May/2026:02:02:28 -0400] "GET /robots.txt HTTP/1.1" 301 162 "-" "Mozilla/5.0 (compatible; SemrushBot-BA; +http://www.semrush.com/bot.html)"
85.208.98.23 - - [01/May/2026:02:02:29 -0400] "GET /robots.txt HTTP/1.1" 301 162 "-" "Mozilla/5.0 (compatible; SemrushBot-BA; +http://www.semrush.com/bot.html)"
85.208.98.23 - - [01/May/2026:02:04:41 -0400] "GET /robots.txt HTTP/1.1" 301 162 "-" "Mozilla/5.0 (compatible; SemrushBot-BA; +http://www.semrush.com/bot.html)"
85.208.98.23 - - [01/May/2026:02:10:56 -0400] "GET /robots.txt HTTP/1.1" 301 162 "-" "Mozilla/5.0 (compatible; SemrushBot-BA; +http://www.semrush.com/bot.html)"
85.208.98.23 - - [01/May/2026:02:11:00 -0400] "GET /robots.txt HTTP/1.1" 301 162 "-" "Mozilla/5.0 (compatible; SemrushBot-BA; +http://www.semrush.com/bot.html)"
85.208.98.23 - - [01/May/2026:02:12:14 -0400] "GET /robots.txt HTTP/1.1" 301 162 "-" "Mozilla/5.0 (compatible; SemrushBot-BA; +http://www.semrush.com/bot.html)"
85.208.98.23 - - [01/May/2026:02:12:21 -0400] "GET /robots.txt HTTP/1.1" 301 162 "-" "Mozilla/5.0 (compatible; SemrushBot-BA; +http://www.semrush.com/bot.html)"
85.208.98.23 - - [01/May/2026:02:12:22 -0400] "GET /robots.txt HTTP/1.1" 301 162 "-" "Mozilla/5.0 (compatible; SemrushBot-BA; +http://www.semrush.com/bot.html)"
85.208.98.23 - - [01/May/2026:02:12:22 -0400] "GET /robots.txt HTTP/1.1" 301 162 "-" "Mozilla/5.0 (compatible; SemrushBot-BA; +http://www.semrush.com/bot.html)"
43.167.236.228 - - [01/May/2026:02:12:47 -0400] "GET / HTTP/1.1" 301 162 "-" "Mozilla/5.0 (iPhone; CPU iPhone OS 13_2_3 like Mac OS X) AppleWebKit/605.1.15 (KHTML, like Gecko) Version/13.0.3 Mobile/15E148 Safari/604.1"
66.249.74.3 - - [01/May/2026:02:13:10 -0400] "GET / HTTP/1.1" 301 162 "-" "Mozilla/5.0 (Linux; Android 6.0.1; Nexus 5X Build/MMB29P) AppleWebKit/537.36 (KHTML, like Gecko) Chrome/147.0.7727.137 Mobile Safari/537.36 (compatible; Googlebot/2.1; +http://www.google.com/bot.html)"
66.249.74.4 - - [01/May/2026:02:13:41 -0400] "GET / HTTP/1.1" 301 162 "-" "Mozilla/5.0 (Linux; Android 6.0.1; Nexus 5X Build/MMB29P) AppleWebKit/537.36 (KHTML, like Gecko) Chrome/99.0.4844.84 Mobile Safari/537.36 (compatible; Googlebot/2.1; +http://www.google.com/bot.html)"
66.249.74.3 - - [01/May/2026:02:13:42 -0400] "GET / HTTP/1.1" 301 162 "-" "Mozilla/5.0 (compatible; Googlebot/2.1; +http://www.google.com/bot.html)"
121.229.156.33 - - [01/May/2026:02:29:33 -0400] "GET / HTTP/1.1" 301 162 "-" "Sogou web spider/4.0(+http://www.sogou.com/docs/help/webmasters.htm#07)"
85.208.98.23 - - [01/May/2026:02:32:01 -0400] "GET /robots.txt HTTP/1.1" 301 162 "-" "Mozilla/5.0 (compatible; SemrushBot-BA; +http://www.semrush.com/bot.html)"
216.244.66.234 - - [01/May/2026:02:33:23 -0400] "GET /robots.txt HTTP/1.1" 301 162 "-" "Mozilla/5.0 (compatible; DotBot/1.2; +https://opensiteexplorer.org/dotbot; help@moz.com)"
216.244.66.234 - - [01/May/2026:02:33:23 -0400] "GET /robots.txt HTTP/1.1" 301 162 "-" "Mozilla/5.0 (compatible; DotBot/1.2; +https://opensiteexplorer.org/dotbot; help@moz.com)"
93.1.119.61 - - [01/May/2026:02:52:21 -0400] "GET /473.html HTTP/1.1" 301 162 "-" "Mozilla/5.0 (Macintosh; Intel Mac OS X 10_15_7) AppleWebKit/537.36 (KHTML, like Gecko) Chrome/131.0.6778.204 Safari/537.36"
103.112.4.146 - - [01/May/2026:02:53:17 -0400] "GET / HTTP/1.1" 301 162 "-" "AOL Explorer"
103.112.4.146 - - [01/May/2026:02:53:21 -0400] "GET /webmail/ HTTP/1.1" 301 162 "-" "-"
85.208.98.23 - - [01/May/2026:02:54:52 -0400] "GET /robots.txt HTTP/1.1" 301 162 "-" "Mozilla/5.0 (compatible; SemrushBot-BA; +http://www.semrush.com/bot.html)"
85.208.98.23 - - [01/May/2026:02:54:52 -0400] "GET /robots.txt HTTP/1.1" 301 162 "-" "Mozilla/5.0 (compatible; SemrushBot-BA; +http://www.semrush.com/bot.html)"
45.88.186.162 - - [01/May/2026:02:56:57 -0400] "GET / HTTP/1.1" 301 162 "-" "-"
85.208.98.23 - - [01/May/2026:03:05:09 -0400] "GET /robots.txt HTTP/1.1" 301 162 "-" "Mozilla/5.0 (compatible; SemrushBot-BA; +http://www.semrush.com/bot.html)"
85.208.98.23 - - [01/May/2026:03:05:24 -0400] "GET /robots.txt HTTP/1.1" 301 162 "-" "Mozilla/5.0 (compatible; SemrushBot-BA; +http://www.semrush.com/bot.html)"
85.208.98.23 - - [01/May/2026:03:09:19 -0400] "GET /robots.txt HTTP/1.1" 301 162 "-" "Mozilla/5.0 (compatible; SemrushBot-BA; +http://www.semrush.com/bot.html)"
85.208.98.23 - - [01/May/2026:03:09:19 -0400] "GET /robots.txt HTTP/1.1" 301 162 "-" "Mozilla/5.0 (compatible; SemrushBot-BA; +http://www.semrush.com/bot.html)"