HEX
Server: Apache
System: Linux server1.adamthecomputerguy.com 3.10.0-1160.92.1.el7.x86_64 #1 SMP Tue Jun 20 11:48:01 UTC 2023 x86_64
User: jcorr (10056)
PHP: 8.2.30
Disabled: opcache_get_status
Upload Files
File: /var/www/vhosts/jcorrmechanical.com/logs/access_log.webstat
85.208.98.23 - - [30/Apr/2026:03:49:20 -0400] "GET /robots.txt HTTP/1.1" 301 162 "-" "Mozilla/5.0 (compatible; SemrushBot-BA; +http://www.semrush.com/bot.html)"
114.119.132.207 - - [30/Apr/2026:03:49:58 -0400] "GET /robots.txt HTTP/1.1" 301 162 "-" "Mozilla/5.0 (compatible;PetalBot;+https://webmaster.petalsearch.com/site/petalbot)"
85.208.98.23 - - [30/Apr/2026:03:57:34 -0400] "GET /robots.txt HTTP/1.1" 301 162 "-" "Mozilla/5.0 (compatible; SemrushBot-BA; +http://www.semrush.com/bot.html)"
85.208.98.23 - - [30/Apr/2026:03:57:35 -0400] "GET /robots.txt HTTP/1.1" 301 162 "-" "Mozilla/5.0 (compatible; SemrushBot-BA; +http://www.semrush.com/bot.html)"
88.151.32.22 - - [30/Apr/2026:03:59:15 -0400] "GET / HTTP/1.1" 301 162 "-" "Mozilla/5.0 (Linux; Android 5.0) AppleWebKit/537.36 (KHTML, like Gecko) Mobile Safari/537.36 (compatible; Bytespider; https://zhanzhang.toutiao.com/)"
85.208.98.23 - - [30/Apr/2026:04:05:47 -0400] "GET /robots.txt HTTP/1.1" 301 162 "-" "Mozilla/5.0 (compatible; SemrushBot-BA; +http://www.semrush.com/bot.html)"
81.222.98.27 - - [30/Apr/2026:04:15:43 -0400] "GET / HTTP/1.1" 301 162 "-" "Mozilla/5.0 (Macintosh; Intel Mac OS X 10.10; rv:49.0) Gecko/20100101 Firefox/49.0"
216.244.66.234 - - [30/Apr/2026:04:16:37 -0400] "GET /robots.txt HTTP/1.1" 301 162 "-" "Mozilla/5.0 (compatible; DotBot/1.2; +https://opensiteexplorer.org/dotbot; help@moz.com)"
216.244.66.234 - - [30/Apr/2026:04:16:41 -0400] "GET /robots.txt HTTP/1.1" 301 162 "-" "Mozilla/5.0 (compatible; DotBot/1.2; +https://opensiteexplorer.org/dotbot; help@moz.com)"
85.208.98.23 - - [30/Apr/2026:04:17:20 -0400] "GET /robots.txt HTTP/1.1" 301 162 "-" "Mozilla/5.0 (compatible; SemrushBot-BA; +http://www.semrush.com/bot.html)"
175.178.110.121 - - [30/Apr/2026:04:17:46 -0400] "GET / HTTP/1.1" 301 162 "-" "Mozilla/5.0 (iPhone; CPU iPhone OS 13_2_3 like Mac OS X) AppleWebKit/605.1.15 (KHTML, like Gecko) Version/13.0.3 Mobile/15E148 Safari/604.1"
184.32.226.203 - - [30/Apr/2026:04:19:43 -0400] "GET / HTTP/1.1" 301 162 "-" "Mozilla/5.0 (Windows NT 10.0; Win64; x64) AppleWebKit/537.36 (KHTML, like Gecko) Chrome/113.0.0.0 Safari/537.36"
182.52.17.93 - - [30/Apr/2026:04:43:42 -0400] "GET /wp-json/wp/v2/posts HTTP/1.1" 301 162 "-" "Mozilla/5.0 (Windows NT 10.0; Win64; x64) AppleWebKit/537.36 (KHTML, like Gecko) Chrome/120.0.0.0 Safari/537.36"
43.167.245.18 - - [30/Apr/2026:04:47:54 -0400] "GET / HTTP/1.1" 301 162 "-" "Mozilla/5.0 (iPhone; CPU iPhone OS 13_2_3 like Mac OS X) AppleWebKit/605.1.15 (KHTML, like Gecko) Version/13.0.3 Mobile/15E148 Safari/604.1"
216.244.66.234 - - [30/Apr/2026:05:04:39 -0400] "GET /robots.txt HTTP/1.1" 301 162 "-" "Mozilla/5.0 (compatible; DotBot/1.2; +https://opensiteexplorer.org/dotbot; help@moz.com)"
111.225.149.37 - - [30/Apr/2026:05:10:52 -0400] "GET /robots.txt HTTP/1.1" 301 162 "-" "Mozilla/5.0 (Linux; Android 5.0) AppleWebKit/537.36 (KHTML, like Gecko) Mobile Safari/537.36 (compatible; Bytespider; https://zhanzhang.toutiao.com/)"
66.249.65.73 - - [30/Apr/2026:05:30:17 -0400] "GET / HTTP/1.1" 301 162 "-" "Mozilla/5.0 (Linux; Android 6.0.1; Nexus 5X Build/MMB29P) AppleWebKit/537.36 (KHTML, like Gecko) Chrome/147.0.7727.116 Mobile Safari/537.36 (compatible; Googlebot/2.1; +http://www.google.com/bot.html)"
172.212.217.10 - - [30/Apr/2026:05:32:41 -0400] "GET /wp-content/plugins/hellopress/wp_filemanager.php HTTP/1.1" 301 162 "-" "-"
172.212.217.10 - - [30/Apr/2026:05:32:42 -0400] "GET /admin404.php HTTP/1.1" 301 162 "-" "-"
172.212.217.10 - - [30/Apr/2026:05:32:42 -0400] "GET /7.php HTTP/1.1" 301 162 "-" "-"
172.212.217.10 - - [30/Apr/2026:05:32:43 -0400] "GET /creds.php HTTP/1.1" 301 162 "-" "-"
172.212.217.10 - - [30/Apr/2026:05:32:43 -0400] "GET /phpstatus.php HTTP/1.1" 301 162 "-" "-"
172.212.217.10 - - [30/Apr/2026:05:32:44 -0400] "GET /system_check.php HTTP/1.1" 301 162 "-" "-"
172.212.217.10 - - [30/Apr/2026:05:32:44 -0400] "GET /00.php HTTP/1.1" 301 162 "-" "-"
172.212.217.10 - - [30/Apr/2026:05:32:45 -0400] "GET /search.php HTTP/1.1" 301 162 "-" "-"
172.212.217.10 - - [30/Apr/2026:05:32:45 -0400] "GET /setup-verify.php HTTP/1.1" 301 162 "-" "-"
172.212.217.10 - - [30/Apr/2026:05:32:45 -0400] "GET /xinfo.php HTTP/1.1" 301 162 "-" "-"
172.212.217.10 - - [30/Apr/2026:05:32:46 -0400] "GET /php-ver.php HTTP/1.1" 301 162 "-" "-"
172.212.217.10 - - [30/Apr/2026:05:32:46 -0400] "GET /eval-stdin.php HTTP/1.1" 301 162 "-" "-"
172.212.217.10 - - [30/Apr/2026:05:32:46 -0400] "GET /you.php HTTP/1.1" 301 162 "-" "-"
172.212.217.10 - - [30/Apr/2026:05:32:47 -0400] "GET /app.php HTTP/1.1" 301 162 "-" "-"
172.212.217.10 - - [30/Apr/2026:05:32:47 -0400] "GET /module-info.php HTTP/1.1" 301 162 "-" "-"
172.212.217.10 - - [30/Apr/2026:05:32:47 -0400] "GET /teste.php HTTP/1.1" 301 162 "-" "-"
172.212.217.10 - - [30/Apr/2026:05:32:47 -0400] "GET /pdf.php HTTP/1.1" 301 162 "-" "-"
172.212.217.10 - - [30/Apr/2026:05:32:47 -0400] "GET /album.php HTTP/1.1" 301 162 "-" "-"
172.212.217.10 - - [30/Apr/2026:05:32:48 -0400] "GET /phpprobe.php HTTP/1.1" 301 162 "-" "-"
172.212.217.10 - - [30/Apr/2026:05:32:48 -0400] "GET /timeclock.php HTTP/1.1" 301 162 "-" "-"
172.212.217.10 - - [30/Apr/2026:05:32:49 -0400] "GET /php_release.php HTTP/1.1" 301 162 "-" "-"
172.212.217.10 - - [30/Apr/2026:05:32:50 -0400] "GET /profiler.php HTTP/1.1" 301 162 "-" "-"
172.212.217.10 - - [30/Apr/2026:05:32:50 -0400] "GET /styles.php HTTP/1.1" 301 162 "-" "-"
172.212.217.10 - - [30/Apr/2026:05:32:50 -0400] "GET /php_info.php HTTP/1.1" 301 162 "-" "-"
172.212.217.10 - - [30/Apr/2026:05:32:50 -0400] "GET /lmfi2.php HTTP/1.1" 301 162 "-" "-"
172.212.217.10 - - [30/Apr/2026:05:32:51 -0400] "GET /1_1_PhpInfo.php HTTP/1.1" 301 162 "-" "-"
172.212.217.10 - - [30/Apr/2026:05:32:51 -0400] "GET /wp-tinymce.php HTTP/1.1" 301 162 "-" "-"
172.212.217.10 - - [30/Apr/2026:05:32:51 -0400] "GET /info_page.php HTTP/1.1" 301 162 "-" "-"
172.212.217.10 - - [30/Apr/2026:05:32:51 -0400] "GET /aw.php HTTP/1.1" 301 162 "-" "-"
172.212.217.10 - - [30/Apr/2026:05:32:51 -0400] "GET /mimes.php HTTP/1.1" 301 162 "-" "-"
172.212.217.10 - - [30/Apr/2026:05:32:52 -0400] "GET /000.php HTTP/1.1" 301 162 "-" "-"
172.212.217.10 - - [30/Apr/2026:05:32:52 -0400] "GET /u.php HTTP/1.1" 301 162 "-" "-"
172.212.217.10 - - [30/Apr/2026:05:32:52 -0400] "GET /oauth.php HTTP/1.1" 301 162 "-" "-"
172.212.217.10 - - [30/Apr/2026:05:32:53 -0400] "GET /.env.test.php HTTP/1.1" 301 162 "-" "-"
172.212.217.10 - - [30/Apr/2026:05:32:53 -0400] "GET /php-fpm.php HTTP/1.1" 301 162 "-" "-"
172.212.217.10 - - [30/Apr/2026:05:32:53 -0400] "GET /conf.php HTTP/1.1" 301 162 "-" "-"
172.212.217.10 - - [30/Apr/2026:05:32:53 -0400] "GET /debug-php.php HTTP/1.1" 301 162 "-" "-"
172.212.217.10 - - [30/Apr/2026:05:32:54 -0400] "GET /yindu.php HTTP/1.1" 301 162 "-" "-"
85.208.98.23 - - [30/Apr/2026:05:36:12 -0400] "GET /robots.txt HTTP/1.1" 301 162 "-" "Mozilla/5.0 (compatible; SemrushBot-BA; +http://www.semrush.com/bot.html)"
85.208.98.23 - - [30/Apr/2026:05:38:11 -0400] "GET /robots.txt HTTP/1.1" 301 162 "-" "Mozilla/5.0 (compatible; SemrushBot-BA; +http://www.semrush.com/bot.html)"
85.208.98.23 - - [30/Apr/2026:05:38:23 -0400] "GET /robots.txt HTTP/1.1" 301 162 "-" "Mozilla/5.0 (compatible; SemrushBot-BA; +http://www.semrush.com/bot.html)"
35.86.134.101 - - [30/Apr/2026:05:39:48 -0400] "GET / HTTP/1.1" 301 162 "-" "Mozilla/5.0 (Windows NT 10.0; Win64; x64) AppleWebKit/537.36 (KHTML, like Gecko) Chrome/113.0.0.0 Safari/537.36"
85.208.98.23 - - [30/Apr/2026:05:41:26 -0400] "GET /robots.txt HTTP/1.1" 301 162 "-" "Mozilla/5.0 (compatible; SemrushBot-BA; +http://www.semrush.com/bot.html)"
195.26.224.135 - - [30/Apr/2026:05:49:45 -0400] "GET /wp-json/wp/v2/posts HTTP/1.0" 301 162 "-" "Mozilla/5.0 (Windows NT 10.0; Win64; x64) AppleWebKit/537.36 (KHTML, like Gecko) Chrome/120.0.0.0 Safari/537.36"
85.208.98.23 - - [30/Apr/2026:05:53:29 -0400] "GET /robots.txt HTTP/1.1" 301 162 "-" "Mozilla/5.0 (compatible; SemrushBot-BA; +http://www.semrush.com/bot.html)"
85.208.98.23 - - [30/Apr/2026:05:53:30 -0400] "GET /robots.txt HTTP/1.1" 301 162 "-" "Mozilla/5.0 (compatible; SemrushBot-BA; +http://www.semrush.com/bot.html)"
216.244.66.234 - - [30/Apr/2026:05:53:59 -0400] "GET /robots.txt HTTP/1.1" 301 162 "-" "Mozilla/5.0 (compatible; DotBot/1.2; +https://opensiteexplorer.org/dotbot; help@moz.com)"
85.208.98.23 - - [30/Apr/2026:05:59:40 -0400] "GET /robots.txt HTTP/1.1" 301 162 "-" "Mozilla/5.0 (compatible; SemrushBot-BA; +http://www.semrush.com/bot.html)"
85.208.98.23 - - [30/Apr/2026:06:00:44 -0400] "GET /robots.txt HTTP/1.1" 301 162 "-" "Mozilla/5.0 (compatible; SemrushBot-BA; +http://www.semrush.com/bot.html)"
85.208.98.23 - - [30/Apr/2026:06:00:47 -0400] "GET /robots.txt HTTP/1.1" 301 162 "-" "Mozilla/5.0 (compatible; SemrushBot-BA; +http://www.semrush.com/bot.html)"
43.153.27.244 - - [30/Apr/2026:06:05:25 -0400] "GET / HTTP/1.1" 301 162 "-" "Mozilla/5.0 (iPhone; CPU iPhone OS 13_2_3 like Mac OS X) AppleWebKit/605.1.15 (KHTML, like Gecko) Version/13.0.3 Mobile/15E148 Safari/604.1"
85.208.98.23 - - [30/Apr/2026:06:11:16 -0400] "GET /robots.txt HTTP/1.1" 301 162 "-" "Mozilla/5.0 (compatible; SemrushBot-BA; +http://www.semrush.com/bot.html)"
85.208.98.23 - - [30/Apr/2026:06:11:16 -0400] "GET /robots.txt HTTP/1.1" 301 162 "-" "Mozilla/5.0 (compatible; SemrushBot-BA; +http://www.semrush.com/bot.html)"
147.45.41.112 - - [30/Apr/2026:06:17:01 -0400] "GET /wp-json/wp/v2/posts HTTP/1.1" 301 162 "-" "Mozilla/5.0 (Windows NT 10.0; Win64; x64) AppleWebKit/537.36 (KHTML, like Gecko) Chrome/120.0.0.0 Safari/537.36"
91.224.92.35 - - [30/Apr/2026:06:18:36 -0400] "GET / HTTP/1.1" 301 162 "-" "Mozilla/5.0 (Windows NT 10.0; Win64; x64) AppleWebKit/537.36 (KHTML, like Gecko) Chrome/95.0.4638.69 Safari/537.36"
80.94.95.234 - - [30/Apr/2026:06:41:07 -0400] "GET /RDWeb/Pages/en-US/ HTTP/1.1" 301 162 "-" "python-requests/2.32.3"
216.244.66.234 - - [30/Apr/2026:06:41:58 -0400] "GET /robots.txt HTTP/1.1" 301 162 "-" "Mozilla/5.0 (compatible; DotBot/1.2; +https://opensiteexplorer.org/dotbot; help@moz.com)"
89.125.60.226 - - [30/Apr/2026:06:44:57 -0400] "GET / HTTP/1.0" 301 162 "-" "Mozilla/5.0 (Windows NT 6.3; WOW64) AppleWebKit/537.36 (KHTML, like Gecko) Chrome/50.0.2661.102 Safari/537.36"
89.125.60.226 - - [30/Apr/2026:06:44:57 -0400] "GET / HTTP/1.0" 301 162 "-" "Mozilla/5.0 (Windows NT 6.3; WOW64) AppleWebKit/537.36 (KHTML, like Gecko) Chrome/50.0.2661.102 Safari/537.36"
85.208.98.23 - - [30/Apr/2026:06:48:56 -0400] "GET /robots.txt HTTP/1.1" 301 162 "-" "Mozilla/5.0 (compatible; SemrushBot-BA; +http://www.semrush.com/bot.html)"
85.208.98.23 - - [30/Apr/2026:07:00:26 -0400] "GET /robots.txt HTTP/1.1" 301 162 "-" "Mozilla/5.0 (compatible; SemrushBot-BA; +http://www.semrush.com/bot.html)"
85.208.98.23 - - [30/Apr/2026:07:00:37 -0400] "GET /robots.txt HTTP/1.1" 301 162 "-" "Mozilla/5.0 (compatible; SemrushBot-BA; +http://www.semrush.com/bot.html)"
85.208.98.23 - - [30/Apr/2026:07:07:56 -0400] "GET /robots.txt HTTP/1.1" 301 162 "-" "Mozilla/5.0 (compatible; SemrushBot-BA; +http://www.semrush.com/bot.html)"
85.208.98.23 - - [30/Apr/2026:07:07:57 -0400] "GET /robots.txt HTTP/1.1" 301 162 "-" "Mozilla/5.0 (compatible; SemrushBot-BA; +http://www.semrush.com/bot.html)"
85.208.98.23 - - [30/Apr/2026:07:15:52 -0400] "GET /robots.txt HTTP/1.1" 301 162 "-" "Mozilla/5.0 (compatible; SemrushBot-BA; +http://www.semrush.com/bot.html)"
85.208.98.23 - - [30/Apr/2026:07:21:30 -0400] "GET /robots.txt HTTP/1.1" 301 162 "-" "Mozilla/5.0 (compatible; SemrushBot-BA; +http://www.semrush.com/bot.html)"
216.244.66.234 - - [30/Apr/2026:07:30:00 -0400] "GET /robots.txt HTTP/1.1" 301 162 "-" "Mozilla/5.0 (compatible; DotBot/1.2; +https://opensiteexplorer.org/dotbot; help@moz.com)"
114.119.145.193 - - [30/Apr/2026:07:30:35 -0400] "GET /employment. HTTP/1.1" 301 162 "https://www.glonstruct.com/US/Columbus/101807934733108/JCORR-Mechanical" "Mozilla/5.0 (Linux; Android 7.0;) AppleWebKit/537.36 (HTML, like Gecko) Mobile Safari/537.36 (compatible; PetalBot;+https://webmaster.petalsearch.com/site/petalbot)"
204.12.208.18 - - [30/Apr/2026:07:35:49 -0400] "GET /wp-includes/wp8067f7/wp-configs.php HTTP/1.1" 301 162 "http://jcorrmechanical.com/wp-includes/wp8067f7/wp-configs.php" "Mozilla/4.0 (compatible; MSIE 7.0; Windows NT 5.1)"
85.208.98.23 - - [30/Apr/2026:07:39:42 -0400] "GET /robots.txt HTTP/1.1" 301 162 "-" "Mozilla/5.0 (compatible; SemrushBot-BA; +http://www.semrush.com/bot.html)"
85.208.98.23 - - [30/Apr/2026:07:39:50 -0400] "GET /robots.txt HTTP/1.1" 301 162 "-" "Mozilla/5.0 (compatible; SemrushBot-BA; +http://www.semrush.com/bot.html)"
111.225.148.14 - - [30/Apr/2026:07:44:06 -0400] "GET /robots.txt HTTP/1.1" 301 162 "-" "Mozilla/5.0 (Linux; Android 5.0) AppleWebKit/537.36 (KHTML, like Gecko) Mobile Safari/537.36 (compatible; Bytespider; https://zhanzhang.toutiao.com/)"
49.204.13.59 - - [30/Apr/2026:07:46:47 -0400] "GET / HTTP/1.1" 301 162 "-" "Mozilla/5.0 (Windows NT 10.0; Win64; x64) AppleWebKit/537.36 Chrome/117.0.0.0 Safari/537.36"
49.204.13.59 - - [30/Apr/2026:07:46:47 -0400] "GET / HTTP/1.1" 301 162 "-" "Mozilla/5.0 (Windows NT 10.0; Win64; x64; rv:120.0) Gecko/20100101 Firefox/120.0"
85.208.98.23 - - [30/Apr/2026:07:57:29 -0400] "GET /robots.txt HTTP/1.1" 301 162 "-" "Mozilla/5.0 (compatible; SemrushBot-BA; +http://www.semrush.com/bot.html)"
85.208.98.23 - - [30/Apr/2026:07:57:44 -0400] "GET /robots.txt HTTP/1.1" 301 162 "-" "Mozilla/5.0 (compatible; SemrushBot-BA; +http://www.semrush.com/bot.html)"
85.208.98.23 - - [30/Apr/2026:08:08:58 -0400] "GET /robots.txt HTTP/1.1" 301 162 "-" "Mozilla/5.0 (compatible; SemrushBot-BA; +http://www.semrush.com/bot.html)"
85.208.98.23 - - [30/Apr/2026:08:09:12 -0400] "GET /robots.txt HTTP/1.1" 301 162 "-" "Mozilla/5.0 (compatible; SemrushBot-BA; +http://www.semrush.com/bot.html)"
85.208.98.23 - - [30/Apr/2026:08:09:20 -0400] "GET /robots.txt HTTP/1.1" 301 162 "-" "Mozilla/5.0 (compatible; SemrushBot-BA; +http://www.semrush.com/bot.html)"
85.208.98.23 - - [30/Apr/2026:08:09:22 -0400] "GET /robots.txt HTTP/1.1" 301 162 "-" "Mozilla/5.0 (compatible; SemrushBot-BA; +http://www.semrush.com/bot.html)"
85.208.98.23 - - [30/Apr/2026:08:09:35 -0400] "GET /robots.txt HTTP/1.1" 301 162 "-" "Mozilla/5.0 (compatible; SemrushBot-BA; +http://www.semrush.com/bot.html)"
85.208.98.23 - - [30/Apr/2026:08:09:36 -0400] "GET /robots.txt HTTP/1.1" 301 162 "-" "Mozilla/5.0 (compatible; SemrushBot-BA; +http://www.semrush.com/bot.html)"
85.208.98.23 - - [30/Apr/2026:08:11:39 -0400] "GET /robots.txt HTTP/1.1" 301 162 "-" "Mozilla/5.0 (compatible; SemrushBot-BA; +http://www.semrush.com/bot.html)"
85.208.98.23 - - [30/Apr/2026:08:11:40 -0400] "GET /robots.txt HTTP/1.1" 301 162 "-" "Mozilla/5.0 (compatible; SemrushBot-BA; +http://www.semrush.com/bot.html)"
204.12.208.18 - - [30/Apr/2026:08:13:32 -0400] "GET /wp-includes/wp8067f7/wp-configs.php HTTP/1.1" 301 162 "http://jcorrmechanical.com/wp-includes/wp8067f7/wp-configs.php" "Mozilla/5.0 (compatible; MSIE 10.0; Windows NT 6.2; Win64; x64; Trident/6.0)"
216.244.66.234 - - [30/Apr/2026:08:19:07 -0400] "GET /robots.txt HTTP/1.1" 301 162 "-" "Mozilla/5.0 (compatible; DotBot/1.2; +https://opensiteexplorer.org/dotbot; help@moz.com)"
85.208.98.23 - - [30/Apr/2026:08:20:24 -0400] "GET /robots.txt HTTP/1.1" 301 162 "-" "Mozilla/5.0 (compatible; SemrushBot-BA; +http://www.semrush.com/bot.html)"
85.208.98.23 - - [30/Apr/2026:08:25:52 -0400] "GET /robots.txt HTTP/1.1" 301 162 "-" "Mozilla/5.0 (compatible; SemrushBot-BA; +http://www.semrush.com/bot.html)"
85.208.98.23 - - [30/Apr/2026:08:25:53 -0400] "GET /robots.txt HTTP/1.1" 301 162 "-" "Mozilla/5.0 (compatible; SemrushBot-BA; +http://www.semrush.com/bot.html)"
167.94.146.60 - - [30/Apr/2026:08:37:12 -0400] "GET / HTTP/1.1" 301 162 "-" "Mozilla/5.0 (compatible; CensysInspect/1.1; +https://about.censys.io/)"
213.136.67.3 - - [30/Apr/2026:08:37:28 -0400] "GET /wp-admin/css/ HTTP/1.1" 301 162 "binance.com" "Mozilla/5.0 (Windows NT 10.0; Win64; x64) AppleWebKit/537.36 (KHTML, like Gecko) Chrome/90.0.4430.85 Safari/537.36"
85.208.98.23 - - [30/Apr/2026:08:41:16 -0400] "GET /robots.txt HTTP/1.1" 301 162 "-" "Mozilla/5.0 (compatible; SemrushBot-BA; +http://www.semrush.com/bot.html)"
91.237.124.234 - - [30/Apr/2026:08:42:26 -0400] "GET / HTTP/1.1" 301 162 "-" "Mozilla/5.0 (X11; Linux x86_64) AppleWebKit/537.36 (KHTML, like Gecko) Chrome/143.0.0.0 Safari/537.36"
85.208.98.23 - - [30/Apr/2026:08:51:22 -0400] "GET /robots.txt HTTP/1.1" 301 162 "-" "Mozilla/5.0 (compatible; SemrushBot-BA; +http://www.semrush.com/bot.html)"
85.208.98.23 - - [30/Apr/2026:08:51:58 -0400] "GET /robots.txt HTTP/1.1" 301 162 "-" "Mozilla/5.0 (compatible; SemrushBot-BA; +http://www.semrush.com/bot.html)"
85.208.98.23 - - [30/Apr/2026:09:07:42 -0400] "GET /robots.txt HTTP/1.1" 301 162 "-" "Mozilla/5.0 (compatible; SemrushBot-BA; +http://www.semrush.com/bot.html)"
85.208.98.23 - - [30/Apr/2026:09:07:45 -0400] "GET /robots.txt HTTP/1.1" 301 162 "-" "Mozilla/5.0 (compatible; SemrushBot-BA; +http://www.semrush.com/bot.html)"
216.244.66.234 - - [30/Apr/2026:09:08:28 -0400] "GET /robots.txt HTTP/1.1" 301 162 "-" "Mozilla/5.0 (compatible; DotBot/1.2; +https://opensiteexplorer.org/dotbot; help@moz.com)"
109.252.157.13 - - [30/Apr/2026:09:11:08 -0400] "GET / HTTP/1.1" 301 162 "-" "Mozilla/5.0 (Macintosh; Intel Mac OS X 10_8_2) AppleWebKit/537.36 (KHTML, like Gecko) Chrome/56.0.2940.56 Safari/537.36"
85.208.98.23 - - [30/Apr/2026:09:22:16 -0400] "GET /robots.txt HTTP/1.1" 301 162 "-" "Mozilla/5.0 (compatible; SemrushBot-BA; +http://www.semrush.com/bot.html)"
85.208.98.23 - - [30/Apr/2026:09:22:31 -0400] "GET /robots.txt HTTP/1.1" 301 162 "-" "Mozilla/5.0 (compatible; SemrushBot-BA; +http://www.semrush.com/bot.html)"
8.219.64.236 - - [30/Apr/2026:09:29:51 -0400] "GET /wp-json/wp/v2/posts HTTP/1.0" 301 162 "-" "Mozilla/5.0 (Windows NT 10.0; Win64; x64) AppleWebKit/537.36 (KHTML, like Gecko) Chrome/120.0.0.0 Safari/537.36"
170.106.35.137 - - [30/Apr/2026:09:38:09 -0400] "GET / HTTP/1.1" 301 162 "-" "Mozilla/5.0 (iPhone; CPU iPhone OS 13_2_3 like Mac OS X) AppleWebKit/605.1.15 (KHTML, like Gecko) Version/13.0.3 Mobile/15E148 Safari/604.1"
85.208.98.23 - - [30/Apr/2026:09:43:18 -0400] "GET /robots.txt HTTP/1.1" 301 162 "-" "Mozilla/5.0 (compatible; SemrushBot-BA; +http://www.semrush.com/bot.html)"
85.208.98.23 - - [30/Apr/2026:09:43:21 -0400] "GET /robots.txt HTTP/1.1" 301 162 "-" "Mozilla/5.0 (compatible; SemrushBot-BA; +http://www.semrush.com/bot.html)"
216.244.66.234 - - [30/Apr/2026:09:56:29 -0400] "GET /robots.txt HTTP/1.1" 301 162 "-" "Mozilla/5.0 (compatible; DotBot/1.2; +https://opensiteexplorer.org/dotbot; help@moz.com)"
216.244.66.234 - - [30/Apr/2026:09:56:29 -0400] "GET /robots.txt HTTP/1.1" 301 162 "-" "Mozilla/5.0 (compatible; DotBot/1.2; +https://opensiteexplorer.org/dotbot; help@moz.com)"
85.208.98.23 - - [30/Apr/2026:10:00:57 -0400] "GET /robots.txt HTTP/1.1" 301 162 "-" "Mozilla/5.0 (compatible; SemrushBot-BA; +http://www.semrush.com/bot.html)"
85.208.98.23 - - [30/Apr/2026:10:01:06 -0400] "GET /robots.txt HTTP/1.1" 301 162 "-" "Mozilla/5.0 (compatible; SemrushBot-BA; +http://www.semrush.com/bot.html)"
34.38.19.162 - - [30/Apr/2026:10:01:15 -0400] "GET / HTTP/1.1" 301 162 "-" "Mozilla/5.0 (compatible; VelenPublicWebCrawler/1.0; +https://velen.io)"
85.208.98.23 - - [30/Apr/2026:10:03:00 -0400] "GET /robots.txt HTTP/1.1" 301 162 "-" "Mozilla/5.0 (compatible; SemrushBot-BA; +http://www.semrush.com/bot.html)"
85.208.98.23 - - [30/Apr/2026:10:03:02 -0400] "GET /robots.txt HTTP/1.1" 301 162 "-" "Mozilla/5.0 (compatible; SemrushBot-BA; +http://www.semrush.com/bot.html)"
115.45.41.95 - - [30/Apr/2026:10:06:47 -0400] "GET /robots.txt HTTP/1.1" 301 162 "-" "Mozilla/5.0 (Windows NT 10.0; Win64; x64) AppleWebKit/537.36 (KHTML, like Gecko) Chrome/86.0.2669.140 Safari/537.36 Edge/18.18362"
69.63.184.25 - - [30/Apr/2026:10:14:46 -0400] "GET /robots.txt HTTP/1.1" 301 162 "-" "facebookexternalhit/1.1 (+http://www.facebook.com/externalhit_uatext.php)"
85.208.98.23 - - [30/Apr/2026:10:30:56 -0400] "GET /robots.txt HTTP/1.1" 301 162 "-" "Mozilla/5.0 (compatible; SemrushBot-BA; +http://www.semrush.com/bot.html)"
216.244.66.234 - - [30/Apr/2026:10:45:38 -0400] "GET /robots.txt HTTP/1.1" 301 162 "-" "Mozilla/5.0 (compatible; DotBot/1.2; +https://opensiteexplorer.org/dotbot; help@moz.com)"
216.244.66.234 - - [30/Apr/2026:10:45:38 -0400] "GET /robots.txt HTTP/1.1" 301 162 "-" "Mozilla/5.0 (compatible; DotBot/1.2; +https://opensiteexplorer.org/dotbot; help@moz.com)"
145.239.10.137 - - [30/Apr/2026:11:03:59 -0400] "GET /trx.php HTTP/1.1" 301 162 "http://jcorrmechanical.com/trx.php" "Mozilla/5.0 (iPhone; CPU iPhone OS 17_5_1 like Mac OS X) AppleWebKit/605.1.15 (KHTML, like Gecko) Version/17.5 Mobile/15E148 Safari/604.1"
85.208.98.23 - - [30/Apr/2026:11:04:00 -0400] "GET /robots.txt HTTP/1.1" 301 162 "-" "Mozilla/5.0 (compatible; SemrushBot-BA; +http://www.semrush.com/bot.html)"
85.208.98.23 - - [30/Apr/2026:11:04:00 -0400] "GET /robots.txt HTTP/1.1" 301 162 "-" "Mozilla/5.0 (compatible; SemrushBot-BA; +http://www.semrush.com/bot.html)"
85.208.98.23 - - [30/Apr/2026:11:04:09 -0400] "GET /robots.txt HTTP/1.1" 301 162 "-" "Mozilla/5.0 (compatible; SemrushBot-BA; +http://www.semrush.com/bot.html)"
85.208.98.23 - - [30/Apr/2026:11:04:09 -0400] "GET /robots.txt HTTP/1.1" 301 162 "-" "Mozilla/5.0 (compatible; SemrushBot-BA; +http://www.semrush.com/bot.html)"
150.109.46.88 - - [30/Apr/2026:11:06:04 -0400] "GET / HTTP/1.1" 301 162 "-" "Mozilla/5.0 (iPhone; CPU iPhone OS 13_2_3 like Mac OS X) AppleWebKit/605.1.15 (KHTML, like Gecko) Version/13.0.3 Mobile/15E148 Safari/604.1"
85.208.98.23 - - [30/Apr/2026:11:07:54 -0400] "GET /robots.txt HTTP/1.1" 301 162 "-" "Mozilla/5.0 (compatible; SemrushBot-BA; +http://www.semrush.com/bot.html)"
85.208.98.23 - - [30/Apr/2026:11:07:56 -0400] "GET /robots.txt HTTP/1.1" 301 162 "-" "Mozilla/5.0 (compatible; SemrushBot-BA; +http://www.semrush.com/bot.html)"
85.208.98.23 - - [30/Apr/2026:11:14:16 -0400] "GET /robots.txt HTTP/1.1" 301 162 "-" "Mozilla/5.0 (compatible; SemrushBot-BA; +http://www.semrush.com/bot.html)"
44.222.23.145 - - [30/Apr/2026:11:15:58 -0400] "HEAD / HTTP/1.1" 301 0 "-" "Mozilla/5.0 (Macintosh; Intel Mac OS X 10_15_7) AppleWebKit/537.36 (KHTML, like Gecko) Chrome/105.0.0.0 Safari/537.36"
45.89.60.157 - - [30/Apr/2026:11:18:31 -0400] "GET /txets.php HTTP/1.1" 301 162 "-" "Mozilla/5.0 (X11; Linux x86_64) AppleWebKit/537.36 (KHTML, like Gecko) Chrome/131.0.0.0 Safari/537.36"
45.89.60.157 - - [30/Apr/2026:11:18:35 -0400] "GET /wp-content/txets.php HTTP/1.1" 301 162 "-" "Mozilla/5.0 (X11; Linux x86_64) AppleWebKit/537.36 (KHTML, like Gecko) Chrome/131.0.0.0 Safari/537.36"
85.208.98.23 - - [30/Apr/2026:11:27:34 -0400] "GET /robots.txt HTTP/1.1" 301 162 "-" "Mozilla/5.0 (compatible; SemrushBot-BA; +http://www.semrush.com/bot.html)"
85.208.98.23 - - [30/Apr/2026:11:27:57 -0400] "GET /robots.txt HTTP/1.1" 301 162 "-" "Mozilla/5.0 (compatible; SemrushBot-BA; +http://www.semrush.com/bot.html)"
216.244.66.234 - - [30/Apr/2026:11:34:07 -0400] "GET /robots.txt HTTP/1.1" 301 162 "-" "Mozilla/5.0 (compatible; DotBot/1.2; +https://opensiteexplorer.org/dotbot; help@moz.com)"
216.244.66.234 - - [30/Apr/2026:11:34:07 -0400] "GET /robots.txt HTTP/1.1" 301 162 "-" "Mozilla/5.0 (compatible; DotBot/1.2; +https://opensiteexplorer.org/dotbot; help@moz.com)"
163.61.55.243 - - [30/Apr/2026:11:35:33 -0400] "GET /wp-json/wp/v2/posts HTTP/1.1" 301 162 "-" "Mozilla/5.0 (Windows NT 10.0; Win64; x64) AppleWebKit/537.36 (KHTML, like Gecko) Chrome/120.0.0.0 Safari/537.36"
85.208.98.23 - - [30/Apr/2026:11:52:27 -0400] "GET /robots.txt HTTP/1.1" 301 162 "-" "Mozilla/5.0 (compatible; SemrushBot-BA; +http://www.semrush.com/bot.html)"
52.35.117.102 - - [30/Apr/2026:11:54:20 -0400] "HEAD / HTTP/1.1" 301 0 "-" "python-requests/2.32.5"
85.208.98.23 - - [30/Apr/2026:11:54:53 -0400] "GET /robots.txt HTTP/1.1" 301 162 "-" "Mozilla/5.0 (compatible; SemrushBot-BA; +http://www.semrush.com/bot.html)"
85.208.98.23 - - [30/Apr/2026:12:01:40 -0400] "GET /robots.txt HTTP/1.1" 301 162 "-" "Mozilla/5.0 (compatible; SemrushBot-BA; +http://www.semrush.com/bot.html)"
85.208.98.23 - - [30/Apr/2026:12:10:04 -0400] "GET /robots.txt HTTP/1.1" 301 162 "-" "Mozilla/5.0 (compatible; SemrushBot-BA; +http://www.semrush.com/bot.html)"
35.173.226.65 - - [30/Apr/2026:12:20:19 -0400] "GET / HTTP/1.1" 301 162 "-" "Mozilla/5.0 (Linux; Android 8.0.0; SM-G935F) AppleWebKit/537.36 (KHTML, like Gecko) Chrome/101.0.4951.41 Mobile Safari/537.36"
141.98.253.179 - - [30/Apr/2026:12:21:48 -0400] "GET / HTTP/1.1" 301 162 "-" "Mozilla/5.0 (Linux; U; Android 4.0.4; en-us; KFJWI Build/IMM76D) AppleWebKit/537.36 (KHTML, like Gecko) Silk/3.68 like Chrome/39.0.2171.93 Safari/537.36"
216.244.66.234 - - [30/Apr/2026:12:22:41 -0400] "GET /robots.txt HTTP/1.1" 301 162 "-" "Mozilla/5.0 (compatible; DotBot/1.2; +https://opensiteexplorer.org/dotbot; help@moz.com)"
216.244.66.234 - - [30/Apr/2026:12:22:41 -0400] "GET /robots.txt HTTP/1.1" 301 162 "-" "Mozilla/5.0 (compatible; DotBot/1.2; +https://opensiteexplorer.org/dotbot; help@moz.com)"
31.56.204.161 - - [30/Apr/2026:12:46:09 -0400] "GET /wp-json/wp/v2/posts HTTP/1.1" 301 162 "-" "Mozilla/5.0 (Windows NT 10.0; Win64; x64) AppleWebKit/537.36 (KHTML, like Gecko) Chrome/120.0.0.0 Safari/537.36"
85.208.98.23 - - [30/Apr/2026:13:08:14 -0400] "GET /robots.txt HTTP/1.1" 301 162 "-" "Mozilla/5.0 (compatible; SemrushBot-BA; +http://www.semrush.com/bot.html)"
216.244.66.234 - - [30/Apr/2026:13:11:43 -0400] "GET /robots.txt HTTP/1.1" 301 162 "-" "Mozilla/5.0 (compatible; DotBot/1.2; +https://opensiteexplorer.org/dotbot; help@moz.com)"
85.208.98.23 - - [30/Apr/2026:13:11:54 -0400] "GET /robots.txt HTTP/1.1" 301 162 "-" "Mozilla/5.0 (compatible; SemrushBot-BA; +http://www.semrush.com/bot.html)"
85.208.98.23 - - [30/Apr/2026:13:11:54 -0400] "GET /robots.txt HTTP/1.1" 301 162 "-" "Mozilla/5.0 (compatible; SemrushBot-BA; +http://www.semrush.com/bot.html)"
88.151.32.168 - - [30/Apr/2026:13:12:24 -0400] "GET / HTTP/1.1" 301 162 "-" "Mozilla/5.0 (Macintosh; Intel Mac OS X 10_15_7) AppleWebKit/537.36 (KHTML, like Gecko) Chrome/136.0.0.0 Safari/537.36 Edg/136.0.0.0"
85.208.98.23 - - [30/Apr/2026:13:25:34 -0400] "GET /robots.txt HTTP/1.1" 301 162 "-" "Mozilla/5.0 (compatible; SemrushBot-BA; +http://www.semrush.com/bot.html)"
85.208.98.23 - - [30/Apr/2026:13:33:50 -0400] "GET /robots.txt HTTP/1.1" 301 162 "-" "Mozilla/5.0 (compatible; SemrushBot-BA; +http://www.semrush.com/bot.html)"
85.208.98.23 - - [30/Apr/2026:13:33:59 -0400] "GET /robots.txt HTTP/1.1" 301 162 "-" "Mozilla/5.0 (compatible; SemrushBot-BA; +http://www.semrush.com/bot.html)"
85.208.98.23 - - [30/Apr/2026:13:41:27 -0400] "GET /robots.txt HTTP/1.1" 301 162 "-" "Mozilla/5.0 (compatible; SemrushBot-BA; +http://www.semrush.com/bot.html)"
85.208.98.23 - - [30/Apr/2026:13:42:53 -0400] "GET /robots.txt HTTP/1.1" 301 162 "-" "Mozilla/5.0 (compatible; SemrushBot-BA; +http://www.semrush.com/bot.html)"
85.208.98.23 - - [30/Apr/2026:13:42:53 -0400] "GET /robots.txt HTTP/1.1" 301 162 "-" "Mozilla/5.0 (compatible; SemrushBot-BA; +http://www.semrush.com/bot.html)"
51.75.119.165 - - [30/Apr/2026:13:50:30 -0400] "GET /robots.txt HTTP/1.1" 301 162 "-" "Mozilla/5.0 (compatible; MJ12bot/v1.4.8; http://mj12bot.com/)"
51.75.119.165 - - [30/Apr/2026:13:50:33 -0400] "GET /56847195450.htm HTTP/1.1" 301 162 "-" "Mozilla/5.0 (compatible; MJ12bot/v1.4.8; http://mj12bot.com/)"
85.208.98.18 - - [30/Apr/2026:13:51:39 -0400] "GET /robots.txt HTTP/1.1" 301 162 "-" "Mozilla/5.0 (compatible; SemrushBot; +http://www.semrush.com/bot.html)"
85.208.98.23 - - [30/Apr/2026:13:57:58 -0400] "GET /robots.txt HTTP/1.1" 301 162 "-" "Mozilla/5.0 (compatible; SemrushBot-BA; +http://www.semrush.com/bot.html)"
85.208.98.23 - - [30/Apr/2026:13:58:01 -0400] "GET /robots.txt HTTP/1.1" 301 162 "-" "Mozilla/5.0 (compatible; SemrushBot-BA; +http://www.semrush.com/bot.html)"
216.244.66.234 - - [30/Apr/2026:13:59:56 -0400] "GET /robots.txt HTTP/1.1" 301 162 "-" "Mozilla/5.0 (compatible; DotBot/1.2; +https://opensiteexplorer.org/dotbot; help@moz.com)"
85.208.98.23 - - [30/Apr/2026:14:02:05 -0400] "GET /robots.txt HTTP/1.1" 301 162 "-" "Mozilla/5.0 (compatible; SemrushBot-BA; +http://www.semrush.com/bot.html)"
85.208.98.23 - - [30/Apr/2026:14:02:06 -0400] "GET /robots.txt HTTP/1.1" 301 162 "-" "Mozilla/5.0 (compatible; SemrushBot-BA; +http://www.semrush.com/bot.html)"
85.208.98.23 - - [30/Apr/2026:14:05:49 -0400] "GET /robots.txt HTTP/1.1" 301 162 "-" "Mozilla/5.0 (compatible; SemrushBot-BA; +http://www.semrush.com/bot.html)"
85.208.98.23 - - [30/Apr/2026:14:06:04 -0400] "GET /robots.txt HTTP/1.1" 301 162 "-" "Mozilla/5.0 (compatible; SemrushBot-BA; +http://www.semrush.com/bot.html)"
85.208.98.23 - - [30/Apr/2026:14:06:15 -0400] "GET /robots.txt HTTP/1.1" 301 162 "-" "Mozilla/5.0 (compatible; SemrushBot-BA; +http://www.semrush.com/bot.html)"
85.208.98.23 - - [30/Apr/2026:14:13:01 -0400] "GET /robots.txt HTTP/1.1" 301 162 "-" "Mozilla/5.0 (compatible; SemrushBot-BA; +http://www.semrush.com/bot.html)"
85.208.98.23 - - [30/Apr/2026:14:13:01 -0400] "GET /robots.txt HTTP/1.1" 301 162 "-" "Mozilla/5.0 (compatible; SemrushBot-BA; +http://www.semrush.com/bot.html)"
85.208.98.23 - - [30/Apr/2026:14:20:31 -0400] "GET /robots.txt HTTP/1.1" 301 162 "-" "Mozilla/5.0 (compatible; SemrushBot-BA; +http://www.semrush.com/bot.html)"
85.208.98.23 - - [30/Apr/2026:14:20:44 -0400] "GET /robots.txt HTTP/1.1" 301 162 "-" "Mozilla/5.0 (compatible; SemrushBot-BA; +http://www.semrush.com/bot.html)"
85.208.98.23 - - [30/Apr/2026:14:27:42 -0400] "GET /robots.txt HTTP/1.1" 301 162 "-" "Mozilla/5.0 (compatible; SemrushBot-BA; +http://www.semrush.com/bot.html)"
85.208.98.23 - - [30/Apr/2026:14:27:44 -0400] "GET /robots.txt HTTP/1.1" 301 162 "-" "Mozilla/5.0 (compatible; SemrushBot-BA; +http://www.semrush.com/bot.html)"
85.208.98.23 - - [30/Apr/2026:14:34:42 -0400] "GET /robots.txt HTTP/1.1" 301 162 "-" "Mozilla/5.0 (compatible; SemrushBot-BA; +http://www.semrush.com/bot.html)"
85.208.98.23 - - [30/Apr/2026:14:34:54 -0400] "GET /robots.txt HTTP/1.1" 301 162 "-" "Mozilla/5.0 (compatible; SemrushBot-BA; +http://www.semrush.com/bot.html)"
85.208.98.23 - - [30/Apr/2026:14:45:01 -0400] "GET /robots.txt HTTP/1.1" 301 162 "-" "Mozilla/5.0 (compatible; SemrushBot-BA; +http://www.semrush.com/bot.html)"
85.208.98.23 - - [30/Apr/2026:14:45:04 -0400] "GET /robots.txt HTTP/1.1" 301 162 "-" "Mozilla/5.0 (compatible; SemrushBot-BA; +http://www.semrush.com/bot.html)"
216.244.66.234 - - [30/Apr/2026:14:48:03 -0400] "GET /robots.txt HTTP/1.1" 301 162 "-" "Mozilla/5.0 (compatible; DotBot/1.2; +https://opensiteexplorer.org/dotbot; help@moz.com)"
85.208.98.23 - - [30/Apr/2026:14:48:39 -0400] "GET /robots.txt HTTP/1.1" 301 162 "-" "Mozilla/5.0 (compatible; SemrushBot-BA; +http://www.semrush.com/bot.html)"
85.208.98.23 - - [30/Apr/2026:14:48:41 -0400] "GET /robots.txt HTTP/1.1" 301 162 "-" "Mozilla/5.0 (compatible; SemrushBot-BA; +http://www.semrush.com/bot.html)"
85.208.98.23 - - [30/Apr/2026:14:49:04 -0400] "GET /robots.txt HTTP/1.1" 301 162 "-" "Mozilla/5.0 (compatible; SemrushBot-BA; +http://www.semrush.com/bot.html)"
85.208.98.23 - - [30/Apr/2026:14:49:04 -0400] "GET /robots.txt HTTP/1.1" 301 162 "-" "Mozilla/5.0 (compatible; SemrushBot-BA; +http://www.semrush.com/bot.html)"
85.208.98.23 - - [30/Apr/2026:14:54:04 -0400] "GET /robots.txt HTTP/1.1" 301 162 "-" "Mozilla/5.0 (compatible; SemrushBot-BA; +http://www.semrush.com/bot.html)"
85.208.98.23 - - [30/Apr/2026:14:54:15 -0400] "GET /robots.txt HTTP/1.1" 301 162 "-" "Mozilla/5.0 (compatible; SemrushBot-BA; +http://www.semrush.com/bot.html)"
93.114.128.23 - - [30/Apr/2026:14:58:39 -0400] "GET /.env HTTP/1.1" 301 162 "-" "Mozilla/5.0 (Linux; U; Android 4.4.2; en-US; HM NOTE 1W Build/KOT49H) AppleWebKit/534.30 (KHTML, like Gecko) Version/4.0 UCBrowser/11.0.5.850 U3/0.8.0 Mobile Safari/534.30"
93.114.128.23 - - [30/Apr/2026:14:58:40 -0400] "POST / HTTP/1.1" 301 162 "-" "Mozilla/5.0 (Linux; U; Android 4.4.2; en-US; HM NOTE 1W Build/KOT49H) AppleWebKit/534.30 (KHTML, like Gecko) Version/4.0 UCBrowser/11.0.5.850 U3/0.8.0 Mobile Safari/534.30"
85.208.98.23 - - [30/Apr/2026:14:58:56 -0400] "GET /robots.txt HTTP/1.1" 301 162 "-" "Mozilla/5.0 (compatible; SemrushBot-BA; +http://www.semrush.com/bot.html)"
85.208.98.23 - - [30/Apr/2026:14:58:58 -0400] "GET /robots.txt HTTP/1.1" 301 162 "-" "Mozilla/5.0 (compatible; SemrushBot-BA; +http://www.semrush.com/bot.html)"
93.114.128.23 - - [30/Apr/2026:14:59:04 -0400] "GET /vendor/phpunit/phpunit/src/Util/PHP/eval-stdin.php HTTP/1.1" 301 162 "-" "python-requests/2.33.1"
101.32.208.70 - - [30/Apr/2026:15:00:46 -0400] "GET / HTTP/1.1" 301 162 "-" "Mozilla/5.0 (iPhone; CPU iPhone OS 13_2_3 like Mac OS X) AppleWebKit/605.1.15 (KHTML, like Gecko) Version/13.0.3 Mobile/15E148 Safari/604.1"
84.233.212.23 - - [30/Apr/2026:15:06:00 -0400] "GET / HTTP/1.1" 301 162 "-" "Mozilla/5.0 (Windows NT 10.0; Win64; x64) AppleWebKit/537.36 (KHTML, like Gecko) Chrome/58.0.3029.110 Safari/537.3"
84.233.212.23 - - [30/Apr/2026:15:06:02 -0400] "GET /phpinfo.php HTTP/1.1" 301 162 "-" "Mozilla/5.0 (Windows NT 10.0; Win64; x64) AppleWebKit/537.36 (KHTML, like Gecko) Chrome/58.0.3029.110 Safari/537.3"
84.233.212.23 - - [30/Apr/2026:15:06:04 -0400] "GET /test.php HTTP/1.1" 301 162 "-" "Mozilla/5.0 (Windows NT 10.0; Win64; x64) AppleWebKit/537.36 (KHTML, like Gecko) Chrome/58.0.3029.110 Safari/537.3"
84.233.212.23 - - [30/Apr/2026:15:06:05 -0400] "GET /_profiler/phpinfo HTTP/1.1" 301 162 "-" "Mozilla/5.0 (Windows NT 10.0; Win64; x64) AppleWebKit/537.36 (KHTML, like Gecko) Chrome/58.0.3029.110 Safari/537.3"
84.233.212.23 - - [30/Apr/2026:15:06:07 -0400] "GET /.env HTTP/1.1" 301 162 "-" "Mozilla/5.0 (Windows NT 10.0; Win64; x64) AppleWebKit/537.36 (KHTML, like Gecko) Chrome/58.0.3029.110 Safari/537.3"
84.233.212.23 - - [30/Apr/2026:15:06:08 -0400] "GET /db.sql HTTP/1.1" 301 162 "-" "Mozilla/5.0 (Windows NT 10.0; Win64; x64) AppleWebKit/537.36 (KHTML, like Gecko) Chrome/58.0.3029.110 Safari/537.3"
84.233.212.23 - - [30/Apr/2026:15:06:10 -0400] "GET /dump.sql HTTP/1.1" 301 162 "-" "Mozilla/5.0 (Windows NT 10.0; Win64; x64) AppleWebKit/537.36 (KHTML, like Gecko) Chrome/58.0.3029.110 Safari/537.3"
84.233.212.23 - - [30/Apr/2026:15:06:11 -0400] "GET /database.sql HTTP/1.1" 301 162 "-" "Mozilla/5.0 (Windows NT 10.0; Win64; x64) AppleWebKit/537.36 (KHTML, like Gecko) Chrome/58.0.3029.110 Safari/537.3"
84.233.212.23 - - [30/Apr/2026:15:06:12 -0400] "GET /backup.sql HTTP/1.1" 301 162 "-" "Mozilla/5.0 (Windows NT 10.0; Win64; x64) AppleWebKit/537.36 (KHTML, like Gecko) Chrome/58.0.3029.110 Safari/537.3"
84.233.212.23 - - [30/Apr/2026:15:06:14 -0400] "GET /config/db.sql HTTP/1.1" 301 162 "-" "Mozilla/5.0 (Windows NT 10.0; Win64; x64) AppleWebKit/537.36 (KHTML, like Gecko) Chrome/58.0.3029.110 Safari/537.3"
84.233.212.23 - - [30/Apr/2026:15:06:15 -0400] "GET /sql/db.sql HTTP/1.1" 301 162 "-" "Mozilla/5.0 (Windows NT 10.0; Win64; x64) AppleWebKit/537.36 (KHTML, like Gecko) Chrome/58.0.3029.110 Safari/537.3"
84.233.212.23 - - [30/Apr/2026:15:06:17 -0400] "GET /data/dump.sql HTTP/1.1" 301 162 "-" "Mozilla/5.0 (Windows NT 10.0; Win64; x64) AppleWebKit/537.36 (KHTML, like Gecko) Chrome/58.0.3029.110 Safari/537.3"
84.233.212.23 - - [30/Apr/2026:15:06:18 -0400] "GET /backups/database.sql HTTP/1.1" 301 162 "-" "Mozilla/5.0 (Windows NT 10.0; Win64; x64) AppleWebKit/537.36 (KHTML, like Gecko) Chrome/58.0.3029.110 Safari/537.3"
84.233.212.23 - - [30/Apr/2026:15:06:19 -0400] "GET /mysql.sql HTTP/1.1" 301 162 "-" "Mozilla/5.0 (Windows NT 10.0; Win64; x64) AppleWebKit/537.36 (KHTML, like Gecko) Chrome/58.0.3029.110 Safari/537.3"
84.233.212.23 - - [30/Apr/2026:15:06:21 -0400] "GET /db_backup.sql HTTP/1.1" 301 162 "-" "Mozilla/5.0 (Windows NT 10.0; Win64; x64) AppleWebKit/537.36 (KHTML, like Gecko) Chrome/58.0.3029.110 Safari/537.3"
85.208.98.23 - - [30/Apr/2026:15:20:52 -0400] "GET /robots.txt HTTP/1.1" 301 162 "-" "Mozilla/5.0 (compatible; SemrushBot-BA; +http://www.semrush.com/bot.html)"
85.208.98.23 - - [30/Apr/2026:15:20:52 -0400] "GET /robots.txt HTTP/1.1" 301 162 "-" "Mozilla/5.0 (compatible; SemrushBot-BA; +http://www.semrush.com/bot.html)"
85.208.98.23 - - [30/Apr/2026:15:23:44 -0400] "GET /robots.txt HTTP/1.1" 301 162 "-" "Mozilla/5.0 (compatible; SemrushBot-BA; +http://www.semrush.com/bot.html)"
85.208.98.23 - - [30/Apr/2026:15:23:44 -0400] "GET /robots.txt HTTP/1.1" 301 162 "-" "Mozilla/5.0 (compatible; SemrushBot-BA; +http://www.semrush.com/bot.html)"
85.208.98.23 - - [30/Apr/2026:15:26:25 -0400] "GET /robots.txt HTTP/1.1" 301 162 "-" "Mozilla/5.0 (compatible; SemrushBot-BA; +http://www.semrush.com/bot.html)"
85.208.98.23 - - [30/Apr/2026:15:26:27 -0400] "GET /robots.txt HTTP/1.1" 301 162 "-" "Mozilla/5.0 (compatible; SemrushBot-BA; +http://www.semrush.com/bot.html)"
216.244.66.234 - - [30/Apr/2026:15:35:14 -0400] "GET /robots.txt HTTP/1.1" 301 162 "-" "Mozilla/5.0 (compatible; DotBot/1.2; +https://opensiteexplorer.org/dotbot; help@moz.com)"
185.201.136.72 - - [30/Apr/2026:15:40:03 -0400] "GET /wp-login.php HTTP/1.1" 301 162 "-" "Mozilla/5.0 (Windows; U; Windows NT 6.1; en-US) AppleWebKit/534.10 (KHTML, like Gecko) Chrome/8.0.552.224 Safari/534.10"
185.201.136.72 - - [30/Apr/2026:15:40:05 -0400] "GET /wp-login.php HTTP/1.1" 301 162 "-" "Mozilla/5.0 (Windows; U; Windows NT 6.1; en-US) AppleWebKit/534.10 (KHTML, like Gecko) Chrome/8.0.552.224 Safari/534.10"
185.201.136.72 - - [30/Apr/2026:15:40:07 -0400] "GET /wp-login.php HTTP/1.1" 301 162 "-" "Mozilla/5.0 (Windows; U; Windows NT 6.1; en-US) AppleWebKit/534.10 (KHTML, like Gecko) Chrome/8.0.552.224 Safari/534.10"
114.119.145.78 - - [30/Apr/2026:15:42:56 -0400] "GET /robots.txt HTTP/1.1" 301 162 "-" "Mozilla/5.0 (compatible;PetalBot;+https://webmaster.petalsearch.com/site/petalbot)"
85.208.98.23 - - [30/Apr/2026:15:49:33 -0400] "GET /robots.txt HTTP/1.1" 301 162 "-" "Mozilla/5.0 (compatible; SemrushBot-BA; +http://www.semrush.com/bot.html)"
145.239.10.137 - - [30/Apr/2026:15:53:56 -0400] "GET /qwer.php HTTP/1.1" 301 162 "http://jcorrmechanical.com/qwer.php" "Mozilla/5.0 (iPhone; CPU iPhone OS 17_5_1 like Mac OS X) AppleWebKit/605.1.15 (KHTML, like Gecko) Version/17.5 Mobile/15E148 Safari/604.1"
85.208.98.23 - - [30/Apr/2026:16:07:26 -0400] "GET /robots.txt HTTP/1.1" 301 162 "-" "Mozilla/5.0 (compatible; SemrushBot-BA; +http://www.semrush.com/bot.html)"
178.249.211.82 - - [30/Apr/2026:16:19:37 -0400] "GET / HTTP/1.1" 301 162 "-" "Mozilla/5.0 (Windows NT 6.1; WOW64) AppleWebKit/537.36 (KHTML, like Gecko) Chrome/41.0.2272.104 AOL/9.8 AOLBuild/4346.13.US Safari/537.36"
216.244.66.234 - - [30/Apr/2026:16:21:19 -0400] "GET /robots.txt HTTP/1.1" 301 162 "-" "Mozilla/5.0 (compatible; DotBot/1.2; +https://opensiteexplorer.org/dotbot; help@moz.com)"
85.208.98.23 - - [30/Apr/2026:16:29:21 -0400] "GET /robots.txt HTTP/1.1" 301 162 "-" "Mozilla/5.0 (compatible; SemrushBot-BA; +http://www.semrush.com/bot.html)"
43.140.247.223 - - [30/Apr/2026:16:30:42 -0400] "GET / HTTP/1.1" 301 162 "-" "Mozilla/5.0 (iPhone; CPU iPhone OS 13_2_3 like Mac OS X) AppleWebKit/605.1.15 (KHTML, like Gecko) Version/13.0.3 Mobile/15E148 Safari/604.1"
41.158.125.160 - - [30/Apr/2026:16:38:59 -0400] "GET / HTTP/1.1" 301 162 "-" "Mozilla/5.0 (Windows NT 10.0; Win64; x64) AppleWebKit/537.36 (KHTML, like Gecko) Chrome/53.0.2785.143 Safari/537.36"
162.62.231.139 - - [30/Apr/2026:16:48:20 -0400] "GET / HTTP/1.1" 301 162 "-" "Mozilla/5.0 (iPhone; CPU iPhone OS 13_2_3 like Mac OS X) AppleWebKit/605.1.15 (KHTML, like Gecko) Version/13.0.3 Mobile/15E148 Safari/604.1"
85.208.98.23 - - [30/Apr/2026:16:59:41 -0400] "GET /robots.txt HTTP/1.1" 301 162 "-" "Mozilla/5.0 (compatible; SemrushBot-BA; +http://www.semrush.com/bot.html)"
85.208.98.23 - - [30/Apr/2026:17:08:17 -0400] "GET /robots.txt HTTP/1.1" 301 162 "-" "Mozilla/5.0 (compatible; SemrushBot-BA; +http://www.semrush.com/bot.html)"
85.208.98.23 - - [30/Apr/2026:17:17:50 -0400] "GET /robots.txt HTTP/1.1" 301 162 "-" "Mozilla/5.0 (compatible; SemrushBot-BA; +http://www.semrush.com/bot.html)"
85.208.98.23 - - [30/Apr/2026:17:18:11 -0400] "GET /robots.txt HTTP/1.1" 301 162 "-" "Mozilla/5.0 (compatible; SemrushBot-BA; +http://www.semrush.com/bot.html)"
85.208.98.23 - - [30/Apr/2026:17:18:21 -0400] "GET /robots.txt HTTP/1.1" 301 162 "-" "Mozilla/5.0 (compatible; SemrushBot-BA; +http://www.semrush.com/bot.html)"
85.208.98.23 - - [30/Apr/2026:17:18:44 -0400] "GET /robots.txt HTTP/1.1" 301 162 "-" "Mozilla/5.0 (compatible; SemrushBot-BA; +http://www.semrush.com/bot.html)"
85.208.98.23 - - [30/Apr/2026:17:30:34 -0400] "GET /robots.txt HTTP/1.1" 301 162 "-" "Mozilla/5.0 (compatible; SemrushBot-BA; +http://www.semrush.com/bot.html)"
85.208.98.23 - - [30/Apr/2026:17:30:43 -0400] "GET /robots.txt HTTP/1.1" 301 162 "-" "Mozilla/5.0 (compatible; SemrushBot-BA; +http://www.semrush.com/bot.html)"
66.249.65.73 - - [30/Apr/2026:17:41:07 -0400] "GET /ads.txt HTTP/1.1" 301 162 "-" "Mozilla/5.0 (compatible; Googlebot/2.1; +http://www.google.com/bot.html)"
85.208.98.23 - - [30/Apr/2026:17:52:14 -0400] "GET /robots.txt HTTP/1.1" 301 162 "-" "Mozilla/5.0 (compatible; SemrushBot-BA; +http://www.semrush.com/bot.html)"
85.208.98.23 - - [30/Apr/2026:17:52:15 -0400] "GET /robots.txt HTTP/1.1" 301 162 "-" "Mozilla/5.0 (compatible; SemrushBot-BA; +http://www.semrush.com/bot.html)"
85.208.98.23 - - [30/Apr/2026:17:53:04 -0400] "GET /robots.txt HTTP/1.1" 301 162 "-" "Mozilla/5.0 (compatible; SemrushBot-BA; +http://www.semrush.com/bot.html)"
85.208.98.23 - - [30/Apr/2026:17:53:04 -0400] "GET /robots.txt HTTP/1.1" 301 162 "-" "Mozilla/5.0 (compatible; SemrushBot-BA; +http://www.semrush.com/bot.html)"
216.244.66.234 - - [30/Apr/2026:17:55:36 -0400] "GET /robots.txt HTTP/1.1" 301 162 "-" "Mozilla/5.0 (compatible; DotBot/1.2; +https://opensiteexplorer.org/dotbot; help@moz.com)"
216.244.66.234 - - [30/Apr/2026:17:55:36 -0400] "GET /robots.txt HTTP/1.1" 301 162 "-" "Mozilla/5.0 (compatible; DotBot/1.2; +https://opensiteexplorer.org/dotbot; help@moz.com)"
109.252.157.13 - - [30/Apr/2026:18:08:21 -0400] "GET / HTTP/1.1" 301 162 "-" "Mozilla/5.0 (compatible; MSIE 9.0; Windows NT 6.3; WOW64; Trident/5.0)"
109.252.157.13 - - [30/Apr/2026:18:09:05 -0400] "GET / HTTP/1.1" 301 162 "-" "Mozilla/5.0 (Windows NT 6.3; Win64; x64; rv:47.0) Gecko/20100101 Firefox/47.0"
85.208.98.23 - - [30/Apr/2026:18:23:04 -0400] "GET /robots.txt HTTP/1.1" 301 162 "-" "Mozilla/5.0 (compatible; SemrushBot-BA; +http://www.semrush.com/bot.html)"
85.208.98.23 - - [30/Apr/2026:18:23:53 -0400] "GET /robots.txt HTTP/1.1" 301 162 "-" "Mozilla/5.0 (compatible; SemrushBot-BA; +http://www.semrush.com/bot.html)"
85.208.98.23 - - [30/Apr/2026:18:23:53 -0400] "GET /robots.txt HTTP/1.1" 301 162 "-" "Mozilla/5.0 (compatible; SemrushBot-BA; +http://www.semrush.com/bot.html)"
85.208.98.23 - - [30/Apr/2026:18:24:08 -0400] "GET /robots.txt HTTP/1.1" 301 162 "-" "Mozilla/5.0 (compatible; SemrushBot-BA; +http://www.semrush.com/bot.html)"
85.208.98.23 - - [30/Apr/2026:18:24:09 -0400] "GET /robots.txt HTTP/1.1" 301 162 "-" "Mozilla/5.0 (compatible; SemrushBot-BA; +http://www.semrush.com/bot.html)"
85.208.98.23 - - [30/Apr/2026:18:25:21 -0400] "GET /robots.txt HTTP/1.1" 301 162 "-" "Mozilla/5.0 (compatible; SemrushBot-BA; +http://www.semrush.com/bot.html)"
85.208.98.23 - - [30/Apr/2026:18:25:22 -0400] "GET /robots.txt HTTP/1.1" 301 162 "-" "Mozilla/5.0 (compatible; SemrushBot-BA; +http://www.semrush.com/bot.html)"
85.208.98.23 - - [30/Apr/2026:18:49:07 -0400] "GET /robots.txt HTTP/1.1" 301 162 "-" "Mozilla/5.0 (compatible; SemrushBot-BA; +http://www.semrush.com/bot.html)"
17.233.21.248 - - [30/Apr/2026:19:16:18 -0400] "GET / HTTP/1.1" 301 162 "-" "AppleMapsBot/1.0 (POI enrichment)"
85.208.98.23 - - [30/Apr/2026:19:19:51 -0400] "GET /robots.txt HTTP/1.1" 301 162 "-" "Mozilla/5.0 (compatible; SemrushBot-BA; +http://www.semrush.com/bot.html)"
216.244.66.234 - - [30/Apr/2026:19:28:36 -0400] "GET /robots.txt HTTP/1.1" 301 162 "-" "Mozilla/5.0 (compatible; DotBot/1.2; +https://opensiteexplorer.org/dotbot; help@moz.com)"
216.244.66.234 - - [30/Apr/2026:19:28:36 -0400] "GET /robots.txt HTTP/1.1" 301 162 "-" "Mozilla/5.0 (compatible; DotBot/1.2; +https://opensiteexplorer.org/dotbot; help@moz.com)"
85.208.98.23 - - [30/Apr/2026:19:29:21 -0400] "GET /robots.txt HTTP/1.1" 301 162 "-" "Mozilla/5.0 (compatible; SemrushBot-BA; +http://www.semrush.com/bot.html)"
85.208.98.23 - - [30/Apr/2026:19:29:21 -0400] "GET /robots.txt HTTP/1.1" 301 162 "-" "Mozilla/5.0 (compatible; SemrushBot-BA; +http://www.semrush.com/bot.html)"
85.208.98.23 - - [30/Apr/2026:19:32:38 -0400] "GET /robots.txt HTTP/1.1" 301 162 "-" "Mozilla/5.0 (compatible; SemrushBot-BA; +http://www.semrush.com/bot.html)"
85.208.98.23 - - [30/Apr/2026:19:32:38 -0400] "GET /robots.txt HTTP/1.1" 301 162 "-" "Mozilla/5.0 (compatible; SemrushBot-BA; +http://www.semrush.com/bot.html)"
85.208.98.23 - - [30/Apr/2026:20:00:38 -0400] "GET /robots.txt HTTP/1.1" 301 162 "-" "Mozilla/5.0 (compatible; SemrushBot-BA; +http://www.semrush.com/bot.html)"
85.208.98.23 - - [30/Apr/2026:20:00:40 -0400] "GET /robots.txt HTTP/1.1" 301 162 "-" "Mozilla/5.0 (compatible; SemrushBot-BA; +http://www.semrush.com/bot.html)"
85.208.98.23 - - [30/Apr/2026:20:07:22 -0400] "GET /robots.txt HTTP/1.1" 301 162 "-" "Mozilla/5.0 (compatible; SemrushBot-BA; +http://www.semrush.com/bot.html)"
85.208.98.23 - - [30/Apr/2026:20:07:32 -0400] "GET /robots.txt HTTP/1.1" 301 162 "-" "Mozilla/5.0 (compatible; SemrushBot-BA; +http://www.semrush.com/bot.html)"
216.244.66.234 - - [30/Apr/2026:20:17:25 -0400] "GET /robots.txt HTTP/1.1" 301 162 "-" "Mozilla/5.0 (compatible; DotBot/1.2; +https://opensiteexplorer.org/dotbot; help@moz.com)"
113.163.78.33 - - [30/Apr/2026:20:18:05 -0400] "GET / HTTP/1.1" 301 162 "-" "Mozilla/5.0 (Macintosh; Intel Mac OS X 12_7_2) AppleWebKit/537.36 (KHTML, like Gecko) Chrome/126.0.6478.182 Safari/537.36"
85.208.98.23 - - [30/Apr/2026:20:21:14 -0400] "GET /robots.txt HTTP/1.1" 301 162 "-" "Mozilla/5.0 (compatible; SemrushBot-BA; +http://www.semrush.com/bot.html)"
85.208.98.23 - - [30/Apr/2026:20:21:24 -0400] "GET /robots.txt HTTP/1.1" 301 162 "-" "Mozilla/5.0 (compatible; SemrushBot-BA; +http://www.semrush.com/bot.html)"
85.208.98.23 - - [30/Apr/2026:20:44:17 -0400] "GET /robots.txt HTTP/1.1" 301 162 "-" "Mozilla/5.0 (compatible; SemrushBot-BA; +http://www.semrush.com/bot.html)"
43.130.131.18 - - [30/Apr/2026:20:45:45 -0400] "GET / HTTP/1.1" 301 162 "-" "Mozilla/5.0 (iPhone; CPU iPhone OS 13_2_3 like Mac OS X) AppleWebKit/605.1.15 (KHTML, like Gecko) Version/13.0.3 Mobile/15E148 Safari/604.1"
85.208.98.23 - - [30/Apr/2026:20:50:09 -0400] "GET /robots.txt HTTP/1.1" 301 162 "-" "Mozilla/5.0 (compatible; SemrushBot-BA; +http://www.semrush.com/bot.html)"
85.208.98.23 - - [30/Apr/2026:20:50:16 -0400] "GET /robots.txt HTTP/1.1" 301 162 "-" "Mozilla/5.0 (compatible; SemrushBot-BA; +http://www.semrush.com/bot.html)"
216.244.66.234 - - [30/Apr/2026:21:04:56 -0400] "GET /robots.txt HTTP/1.1" 301 162 "-" "Mozilla/5.0 (compatible; DotBot/1.2; +https://opensiteexplorer.org/dotbot; help@moz.com)"
34.219.37.153 - - [30/Apr/2026:21:07:14 -0400] "GET / HTTP/1.1" 301 162 "-" "Mozilla/5.0 (Windows NT 10.0; Win64; x64) AppleWebKit/537.36 (KHTML, like Gecko) Chrome/113.0.0.0 Safari/537.36"
129.146.16.50 - - [30/Apr/2026:21:10:17 -0400] "GET / HTTP/1.1" 301 162 "-" "Mozilla/5.0 (compatible; WP-Safe-Scanner/1.0)"
129.146.16.50 - - [30/Apr/2026:21:10:17 -0400] "GET /wp-content/uploads/ HTTP/1.1" 301 162 "-" "Mozilla/5.0 (compatible; WP-Safe-Scanner/1.0)"
129.146.16.50 - - [30/Apr/2026:21:10:17 -0400] "GET /wp-content/plugins/ HTTP/1.1" 301 162 "-" "Mozilla/5.0 (compatible; WP-Safe-Scanner/1.0)"
129.146.16.50 - - [30/Apr/2026:21:10:18 -0400] "GET /wp-content/themes/ HTTP/1.1" 301 162 "-" "Mozilla/5.0 (compatible; WP-Safe-Scanner/1.0)"
129.146.16.50 - - [30/Apr/2026:21:10:18 -0400] "GET /wp-includes/ HTTP/1.1" 301 162 "-" "Mozilla/5.0 (compatible; WP-Safe-Scanner/1.0)"
129.146.16.50 - - [30/Apr/2026:21:10:18 -0400] "GET /wp-admin/ HTTP/1.1" 301 162 "-" "Mozilla/5.0 (compatible; WP-Safe-Scanner/1.0)"
85.208.98.23 - - [30/Apr/2026:21:12:39 -0400] "GET /robots.txt HTTP/1.1" 301 162 "-" "Mozilla/5.0 (compatible; SemrushBot-BA; +http://www.semrush.com/bot.html)"
85.208.98.23 - - [30/Apr/2026:21:12:50 -0400] "GET /robots.txt HTTP/1.1" 301 162 "-" "Mozilla/5.0 (compatible; SemrushBot-BA; +http://www.semrush.com/bot.html)"
85.208.98.23 - - [30/Apr/2026:21:16:27 -0400] "GET /robots.txt HTTP/1.1" 301 162 "-" "Mozilla/5.0 (compatible; SemrushBot-BA; +http://www.semrush.com/bot.html)"
85.208.98.23 - - [30/Apr/2026:21:16:31 -0400] "GET /robots.txt HTTP/1.1" 301 162 "-" "Mozilla/5.0 (compatible; SemrushBot-BA; +http://www.semrush.com/bot.html)"
85.208.98.23 - - [30/Apr/2026:21:29:54 -0400] "GET /robots.txt HTTP/1.1" 301 162 "-" "Mozilla/5.0 (compatible; SemrushBot-BA; +http://www.semrush.com/bot.html)"
85.208.98.23 - - [30/Apr/2026:21:29:59 -0400] "GET /robots.txt HTTP/1.1" 301 162 "-" "Mozilla/5.0 (compatible; SemrushBot-BA; +http://www.semrush.com/bot.html)"
35.86.3.111 - - [30/Apr/2026:21:30:55 -0400] "GET / HTTP/1.1" 301 162 "-" "Mozilla/5.0 (Windows NT 10.0; Win64; x64) AppleWebKit/537.36 (KHTML, like Gecko) Chrome/134.0.0.0 Safari/537.36 Trailer/93.3.8652.5"
52.5.64.200 - - [30/Apr/2026:21:40:39 -0400] "GET /robots.txt HTTP/1.1" 301 162 "-" "Mozilla/5.0 (Macintosh; Intel Mac OS X 10_10_1) AppleWebKit/600.2.5 (KHTML, like Gecko) Version/8.0.2 Safari/600.2.5 (Gort)"
